51.75.116.205 - - [19/Feb/2026:15:44:34 -0500] "GET /?path=/home/shrsglobal/public_html/wp-admin HTTP/1.1" 200 6667 "-" "Mozilla/5.0 (compatible; MJ12bot/v1.4.8; http://mj12bot.com/)"
51.75.116.205 - - [19/Feb/2026:15:44:36 -0500] "GET /?path=/home/shrsglobal/public_html/wp-content HTTP/1.1" 200 3163 "-" "Mozilla/5.0 (compatible; MJ12bot/v1.4.8; http://mj12bot.com/)"
74.7.243.199 - - [19/Feb/2026:15:44:38 -0500] "GET /?fileloc=//proc/self/root/proc/self/root/bin/aspell&path=//proc/self/root/proc/self/root/bin HTTP/1.1" 200 2498 "https://www.shrsglobaltravels.com/?path=//proc/self/root/proc/self/root/bin" "Mozilla/5.0 AppleWebKit/537.36 (KHTML, like Gecko; compatible; GPTBot/1.3; +https://openai.com/gptbot)"
51.75.116.205 - - [19/Feb/2026:15:44:38 -0500] "GET /?path=/home/shrsglobal/public_html/wp-includes HTTP/1.1" 200 13240 "-" "Mozilla/5.0 (compatible; MJ12bot/v1.4.8; http://mj12bot.com/)"
45.227.253.15 - - [19/Feb/2026:15:51:05 -0500] "GET /?of=1 HTTP/1.1" 200 7735 "-" "Mozilla/5.0 (Macintosh; Intel Mac OS X 10_15_7) AppleWebKit/537.36 (KHTML, like Gecko) Chrome/86.0.4240.111 Safari/537.36 Edg/86.0.622.51"
146.174.190.147 - - [19/Feb/2026:15:55:38 -0500] "GET /shop/odorata/targumim01637996066 HTTP/1.1" 200 4017 "-" "Mozilla/5.0 (Macintosh; Intel Mac OS X 10_5_8) AppleWebKit/535.19 (KHTML, like Gecko) Chrome/18.0.1025.151 Safari/535.19"
123.17.232.226 - - [19/Feb/2026:16:05:55 -0500] "GET /shop/fluxing/punter012898688562 HTTP/1.1" 200 4017 "-" "Mozilla/5.0 (Windows; U; Windows NT 6.1; en-US) AppleWebKit/534.10 (KHTML, like Gecko) Chrome/7.0.540.0 Safari/534.10"
138.0.174.214 - - [19/Feb/2026:16:35:56 -0500] "GET /shop/hydrophilus/bridgeing002827245670 HTTP/1.1" 508 288 "-" "Mozilla/5.0 (Macintosh; Intel Mac OS X 10_7_0) AppleWebKit/535.1 (KHTML, like Gecko) Chrome/14.0.803.0 Safari/535.1"
40.77.167.40 - - [19/Feb/2026:16:41:26 -0500] "GET /16066143243.htm HTTP/1.1" 200 29593 "-" "Mozilla/5.0 AppleWebKit/537.36 (KHTML, like Gecko; compatible; bingbot/2.0; +http://www.bing.com/bingbot.htm) Chrome/116.0.1938.76 Safari/537.36"
207.46.13.153 - - [19/Feb/2026:16:45:07 -0500] "GET /8942344058.htm HTTP/1.1" 200 29637 "-" "Mozilla/5.0 AppleWebKit/537.36 (KHTML, like Gecko; compatible; bingbot/2.0; +http://www.bing.com/bingbot.htm) Chrome/116.0.1938.76 Safari/537.36"
43.173.176.243 - - [19/Feb/2026:16:51:01 -0500] "GET /?path=//opt/cpanel/ea-php72/root/usr/include HTTP/1.1" 200 2812 "-" "Mozilla/5.0 (Windows NT 10.0; Win64; x64) AppleWebKit/537.36 (KHTML, like Gecko) Chrome/103.0.0.0 Safari/537.36"
40.77.167.38 - - [19/Feb/2026:16:51:01 -0500] "GET /16066300027.htm HTTP/1.1" 200 29750 "-" "Mozilla/5.0 AppleWebKit/537.36 (KHTML, like Gecko; compatible; bingbot/2.0; +http://www.bing.com/bingbot.htm) Chrome/116.0.1938.76 Safari/537.36"
207.204.64.215 - - [19/Feb/2026:17:12:21 -0500] "GET /shop/seymeria/selfcreated011106490821 HTTP/1.1" 200 4017 "-" "Mozilla/5.0 (Windows; U; Windows NT 5.1; de-DE) Chrome/4.0.223.3 Safari/532.2"
157.55.39.15 - - [19/Feb/2026:17:18:23 -0500] "GET /16066102388.htm HTTP/1.1" 200 29284 "-" "Mozilla/5.0 AppleWebKit/537.36 (KHTML, like Gecko; compatible; bingbot/2.0; +http://www.bing.com/bingbot.htm) Chrome/116.0.1938.76 Safari/537.36"
193.70.34.35 - - [19/Feb/2026:17:37:26 -0500] "GET /robots.txt HTTP/1.1" 200 417 "-" "Mozilla/5.0 (compatible; MJ12bot/v1.4.8; http://mj12bot.com/)"
193.70.34.35 - - [19/Feb/2026:17:37:28 -0500] "GET /?fileloc=/home/shrsglobal/.WordPress.php&path=/home/shrsglobal HTTP/1.1" 200 12502 "-" "Mozilla/5.0 (compatible; MJ12bot/v1.4.8; http://mj12bot.com/)"
192.178.6.96 - - [19/Feb/2026:17:37:31 -0500] "GET /shop/batton/beetle03914579366 HTTP/1.1" 200 31708 "-" "Mozilla/5.0 (Linux; Android 6.0.1; Nexus 5X Build/MMB29P) AppleWebKit/537.36 (KHTML, like Gecko) Chrome/144.0.7559.132 Mobile Safari/537.36 (compatible; Googlebot/2.1; +http://www.google.com/bot.html)"
193.70.34.35 - - [19/Feb/2026:17:37:31 -0500] "GET /?fileloc=/home/shrsglobal/public_html/wp-includes/class-wp-plugin-dependencies.php&path=/home/shrsglobal/public_html/wp-includes HTTP/1.1" 200 7612 "-" "Mozilla/5.0 (compatible; MJ12bot/v1.4.8; http://mj12bot.com/)"
193.70.34.35 - - [19/Feb/2026:17:37:33 -0500] "GET /?fileloc=/home/shrsglobal/public_html/wp-includes/class-wp-post.php&path=/home/shrsglobal/public_html/wp-includes HTTP/1.1" 200 4194 "-" "Mozilla/5.0 (compatible; MJ12bot/v1.4.8; http://mj12bot.com/)"
193.70.34.35 - - [19/Feb/2026:17:37:35 -0500] "GET /?fileloc=/home/shrsglobal/public_html/wp-includes/class-wp-query.php&path=/home/shrsglobal/public_html/wp-includes HTTP/1.1" 200 34947 "-" "Mozilla/5.0 (compatible; MJ12bot/v1.4.8; http://mj12bot.com/)"
193.70.34.35 - - [19/Feb/2026:17:37:37 -0500] "GET /?fileloc=/home/shrsglobal/public_html/wp-includes/class-wp-recovery-mode-cookie-service.php&path=/home/shrsglobal/public_html/wp-includes HTTP/1.1" 200 4597 "-" "Mozilla/5.0 (compatible; MJ12bot/v1.4.8; http://mj12bot.com/)"
216.73.216.13 - - [19/Feb/2026:17:37:40 -0500] "GET /url%20=%3Cwidth%3Ex%3Cheight%3E%20%22optional%20title%22?path=%2Fhome%2Fshrsglobal%2Fpublic_html%2Fwp-content%2Fplugins%2Fw3-total-cache%2Fvendor%2Faws%2Faws-crt-php%2Fsrc%2FAWS%2FCRT HTTP/1.1" 200 3239 "-" "Mozilla/5.0 AppleWebKit/537.36 (KHTML, like Gecko; compatible; ClaudeBot/1.0; +claudebot@anthropic.com)"
193.70.34.35 - - [19/Feb/2026:17:37:40 -0500] "GET /?fileloc=/home/shrsglobal/public_html/wp-includes/class-wp-recovery-mode-email-service.php&path=/home/shrsglobal/public_html/wp-includes HTTP/1.1" 200 5985 "-" "Mozilla/5.0 (compatible; MJ12bot/v1.4.8; http://mj12bot.com/)"
193.70.34.35 - - [19/Feb/2026:17:37:42 -0500] "GET /?fileloc=/home/shrsglobal/public_html/wp-includes/class-wp-recovery-mode-key-service.php&path=/home/shrsglobal/public_html/wp-includes HTTP/1.1" 200 3865 "-" "Mozilla/5.0 (compatible; MJ12bot/v1.4.8; http://mj12bot.com/)"
193.70.34.35 - - [19/Feb/2026:17:37:44 -0500] "GET /?fileloc=/home/shrsglobal/public_html/wp-includes/class-wp-recovery-mode-link-service.php&path=/home/shrsglobal/public_html/wp-includes HTTP/1.1" 200 3622 "-" "Mozilla/5.0 (compatible; MJ12bot/v1.4.8; http://mj12bot.com/)"
193.70.34.35 - - [19/Feb/2026:17:37:46 -0500] "GET /?fileloc=/home/shrsglobal/public_html/wp-includes/class-wp-recovery-mode.php&path=/home/shrsglobal/public_html/wp-includes HTTP/1.1" 200 5644 "-" "Mozilla/5.0 (compatible; MJ12bot/v1.4.8; http://mj12bot.com/)"
193.70.34.35 - - [19/Feb/2026:17:37:48 -0500] "GET /?fileloc=/home/shrsglobal/public_html/wp-includes/class-wp-rewrite.php&path=/home/shrsglobal/public_html/wp-includes HTTP/1.1" 200 17528 "-" "Mozilla/5.0 (compatible; MJ12bot/v1.4.8; http://mj12bot.com/)"
193.70.34.35 - - [19/Feb/2026:17:37:51 -0500] "GET /?fileloc=/home/shrsglobal/public_html/wp-includes/class-wp-role.php&path=/home/shrsglobal/public_html/wp-includes HTTP/1.1" 200 3240 "-" "Mozilla/5.0 (compatible; MJ12bot/v1.4.8; http://mj12bot.com/)"
193.70.34.35 - - [19/Feb/2026:17:37:53 -0500] "GET /?fileloc=/home/shrsglobal/public_html/wp-includes/class-wp-roles.php&path=/home/shrsglobal/public_html/wp-includes HTTP/1.1" 200 5037 "-" "Mozilla/5.0 (compatible; MJ12bot/v1.4.8; http://mj12bot.com/)"
193.70.34.35 - - [19/Feb/2026:17:37:55 -0500] "GET /?fileloc=/home/shrsglobal/public_html/wp-includes/class-wp-script-modules.php&path=/home/shrsglobal/public_html/wp-includes HTTP/1.1" 200 10222 "-" "Mozilla/5.0 (compatible; MJ12bot/v1.4.8; http://mj12bot.com/)"
193.70.34.35 - - [19/Feb/2026:17:37:57 -0500] "GET /?fileloc=/home/shrsglobal/public_html/wp-includes/class-wp-scripts.php&path=/home/shrsglobal/public_html/wp-includes HTTP/1.1" 200 10530 "-" "Mozilla/5.0 (compatible; MJ12bot/v1.4.8; http://mj12bot.com/)"
193.70.34.35 - - [19/Feb/2026:17:37:59 -0500] "GET /?fileloc=/home/shrsglobal/public_html/wp-includes/class-wp-session-tokens.php&path=/home/shrsglobal/public_html/wp-includes HTTP/1.1" 200 4347 "-" "Mozilla/5.0 (compatible; MJ12bot/v1.4.8; http://mj12bot.com/)"
193.70.34.35 - - [19/Feb/2026:17:38:01 -0500] "GET /?fileloc=/home/shrsglobal/public_html/wp-includes/class-wp-simplepie-file.php&path=/home/shrsglobal/public_html/wp-includes HTTP/1.1" 200 3910 "-" "Mozilla/5.0 (compatible; MJ12bot/v1.4.8; http://mj12bot.com/)"
192.178.6.98 - - [19/Feb/2026:17:38:01 -0500] "GET /shop/lappic/natter042344197835 HTTP/1.1" 200 31172 "-" "Mozilla/5.0 (Linux; Android 6.0.1; Nexus 5X Build/MMB29P) AppleWebKit/537.36 (KHTML, like Gecko) Chrome/144.0.7559.132 Mobile Safari/537.36 (compatible; Googlebot/2.1; +http://www.google.com/bot.html)"
193.70.34.35 - - [19/Feb/2026:17:38:03 -0500] "GET /?fileloc=/home/shrsglobal/public_html/wp-includes/class-wp-simplepie-sanitize-kses.php&path=/home/shrsglobal/public_html/wp-includes HTTP/1.1" 200 3401 "-" "Mozilla/5.0 (compatible; MJ12bot/v1.4.8; http://mj12bot.com/)"
193.70.34.35 - - [19/Feb/2026:17:38:05 -0500] "GET /?fileloc=/home/shrsglobal/public_html/wp-includes/class-wp-site-query.php&path=/home/shrsglobal/public_html/wp-includes HTTP/1.1" 200 9249 "-" "Mozilla/5.0 (compatible; MJ12bot/v1.4.8; http://mj12bot.com/)"
193.70.34.35 - - [19/Feb/2026:17:38:07 -0500] "GET /?fileloc=/home/shrsglobal/public_html/wp-includes/class-wp-site.php&path=/home/shrsglobal/public_html/wp-includes HTTP/1.1" 200 4578 "-" "Mozilla/5.0 (compatible; MJ12bot/v1.4.8; http://mj12bot.com/)"
193.70.34.35 - - [19/Feb/2026:17:38:09 -0500] "GET /?fileloc=/home/shrsglobal/public_html/wp-includes/class-wp-speculation-rules.php&path=/home/shrsglobal/public_html/wp-includes HTTP/1.1" 200 4230 "-" "Mozilla/5.0 (compatible; MJ12bot/v1.4.8; http://mj12bot.com/)"
216.73.216.13 - - [19/Feb/2026:17:38:21 -0500] "GET /url%20=%3Cwidth%3Ex%3Cheight%3E%20%22optional%20title%22?fileloc=%2F%2Fhome%2Fshrsglobal%2Fwww%2Fwp-content%2Fplugins%2Fwp-letsencrypt-ssl%2Fadmin%2Findex.php&path=%2F%2Fhome%2Fshrsglobal%2Fwww%2Fwp-content%2Fplugins%2Fwp-letsencrypt-ssl%2Fadmin HTTP/1.1" 200 2558 "-" "Mozilla/5.0 AppleWebKit/537.36 (KHTML, like Gecko; compatible; ClaudeBot/1.0; +claudebot@anthropic.com)"
193.70.34.35 - - [19/Feb/2026:17:38:23 -0500] "GET /?fileloc=/home/shrsglobal/public_html/wp-includes/class-wp-term.php&path=/home/shrsglobal/public_html/wp-includes HTTP/1.1" 200 4293 "-" "Mozilla/5.0 (compatible; MJ12bot/v1.4.8; http://mj12bot.com/)"
193.70.34.35 - - [19/Feb/2026:17:38:25 -0500] "GET /?fileloc=/home/shrsglobal/public_html/wp-includes/class-wp-text-diff-renderer-inline.php&path=/home/shrsglobal/public_html/wp-includes HTTP/1.1" 200 2983 "-" "Mozilla/5.0 (compatible; MJ12bot/v1.4.8; http://mj12bot.com/)"
193.70.34.35 - - [19/Feb/2026:17:38:27 -0500] "GET /?fileloc=/home/shrsglobal/public_html/wp-includes/class-wp-text-diff-renderer-table.php&path=/home/shrsglobal/public_html/wp-includes HTTP/1.1" 200 7287 "-" "Mozilla/5.0 (compatible; MJ12bot/v1.4.8; http://mj12bot.com/)"
193.70.34.35 - - [19/Feb/2026:17:38:28 -0500] "GET /?fileloc=/home/shrsglobal/public_html/wp-includes/class-wp-textdomain-registry.php&path=/home/shrsglobal/public_html/wp-includes HTTP/1.1" 200 5435 "-" "Mozilla/5.0 (compatible; MJ12bot/v1.4.8; http://mj12bot.com/)"
193.70.34.35 - - [19/Feb/2026:17:38:30 -0500] "GET /?fileloc=/home/shrsglobal/public_html/wp-includes/class-wp-theme-json-data.php&path=/home/shrsglobal/public_html/wp-includes HTTP/1.1" 200 3152 "-" "Mozilla/5.0 (compatible; MJ12bot/v1.4.8; http://mj12bot.com/)"
193.70.34.35 - - [19/Feb/2026:17:38:32 -0500] "GET /?fileloc=/home/shrsglobal/public_html/wp-includes/class-wp-theme-json-resolver.php&path=/home/shrsglobal/public_html/wp-includes HTTP/1.1" 200 11064 "-" "Mozilla/5.0 (compatible; MJ12bot/v1.4.8; http://mj12bot.com/)"
193.70.34.35 - - [19/Feb/2026:17:38:34 -0500] "GET /?fileloc=/home/shrsglobal/public_html/wp-includes/class-wp-theme-json-schema.php&path=/home/shrsglobal/public_html/wp-includes HTTP/1.1" 200 4834 "-" "Mozilla/5.0 (compatible; MJ12bot/v1.4.8; http://mj12bot.com/)"
193.70.34.35 - - [19/Feb/2026:17:38:36 -0500] "GET /?fileloc=/home/shrsglobal/public_html/wp-includes/class-wp-theme-json.php&path=/home/shrsglobal/public_html/wp-includes HTTP/1.1" 200 39317 "-" "Mozilla/5.0 (compatible; MJ12bot/v1.4.8; http://mj12bot.com/)"
192.178.6.97 - - [19/Feb/2026:17:38:36 -0500] "GET /shop/distributional/polystyle03162239652 HTTP/1.1" 200 29993 "-" "Mozilla/5.0 (Linux; Android 6.0.1; Nexus 5X Build/MMB29P) AppleWebKit/537.36 (KHTML, like Gecko) Chrome/144.0.7559.132 Mobile Safari/537.36 (compatible; GoogleOther)"
193.70.34.35 - - [19/Feb/2026:17:38:38 -0500] "GET /?fileloc=/home/shrsglobal/public_html/wp-includes/class-wp-theme.php&path=/home/shrsglobal/public_html/wp-includes HTTP/1.1" 200 16991 "-" "Mozilla/5.0 (compatible; MJ12bot/v1.4.8; http://mj12bot.com/)"
193.70.34.35 - - [19/Feb/2026:17:38:40 -0500] "GET /?fileloc=/home/shrsglobal/public_html/wp-includes/class-wp-token-map.php&path=/home/shrsglobal/public_html/wp-includes HTTP/1.1" 200 10541 "-" "Mozilla/5.0 (compatible; MJ12bot/v1.4.8; http://mj12bot.com/)"
190.203.114.129 - - [19/Feb/2026:17:38:42 -0500] "GET /products/1143740639463 HTTP/1.1" 200 4017 "-" "Mozilla/5.0 (Macintosh; Intel Mac OS X 10_6_8) AppleWebKit/535.19 (KHTML, like Gecko) Chrome/18.0.1025.166 Safari/535.19"
192.178.6.97 - - [19/Feb/2026:17:38:42 -0500] "GET /?n=e5vsswj48gjt8t0 HTTP/1.1" 200 29380 "-" "Mozilla/5.0 (Linux; Android 6.0.1; Nexus 5X Build/MMB29P) AppleWebKit/537.36 (KHTML, like Gecko) Chrome/144.0.7559.132 Mobile Safari/537.36 (compatible; Googlebot/2.1; +http://www.google.com/bot.html)"
193.70.34.35 - - [19/Feb/2026:17:38:42 -0500] "GET /?fileloc=/home/shrsglobal/public_html/wp-includes/class-wp-url-pattern-prefixer.php&path=/home/shrsglobal/public_html/wp-includes HTTP/1.1" 200 4102 "-" "Mozilla/5.0 (compatible; MJ12bot/v1.4.8; http://mj12bot.com/)"
193.70.34.35 - - [19/Feb/2026:17:38:47 -0500] "GET /?fileloc=/home/shrsglobal/public_html/wp-includes/class-wp-user-request.php&path=/home/shrsglobal/public_html/wp-includes HTTP/1.1" 200 3128 "-" "Mozilla/5.0 (compatible; MJ12bot/v1.4.8; http://mj12bot.com/)"
193.70.34.35 - - [19/Feb/2026:17:38:49 -0500] "GET /?fileloc=/home/shrsglobal/public_html/wp-includes/class-wp-user.php&path=/home/shrsglobal/public_html/wp-includes HTTP/1.1" 200 8282 "-" "Mozilla/5.0 (compatible; MJ12bot/v1.4.8; http://mj12bot.com/)"
193.70.34.35 - - [19/Feb/2026:17:38:59 -0500] "GET /?fileloc=/home/shrsglobal/public_html/wp-includes/class-wp.php&path=/home/shrsglobal/public_html/wp-includes HTTP/1.1" 200 9899 "-" "Mozilla/5.0 (compatible; MJ12bot/v1.4.8; http://mj12bot.com/)"
216.73.216.13 - - [19/Feb/2026:17:39:00 -0500] "GET /url%20=%3Cwidth%3Ex%3Cheight%3E%20%22optional%20title%22?path=%2F%2Fhome%2Fshrsglobal%2Fwww%2Fwp-content%2Fplugins%2Fwpforms-lite%2Ftemplates%2Fbuilder%2Frevisions HTTP/1.1" 200 2981 "-" "Mozilla/5.0 AppleWebKit/537.36 (KHTML, like Gecko; compatible; ClaudeBot/1.0; +claudebot@anthropic.com)"
216.73.216.13 - - [19/Feb/2026:17:39:03 -0500] "GET /%22,t+=%22%3C%22+e.getAttribute(%22src%22?path=%2Fhome%2Fshrsglobal%2Fpublic_html%2Fwp-content%2Fplugins%2Faufvqff HTTP/1.1" 200 2849 "-" "Mozilla/5.0 AppleWebKit/537.36 (KHTML, like Gecko; compatible; ClaudeBot/1.0; +claudebot@anthropic.com)"
216.73.216.13 - - [19/Feb/2026:17:39:03 -0500] "GET /%22,t+=%22%3C%22+e.getAttribute(%22src%22?path=%2Fhome%2Fshrsglobal%2Fpublic_html%2Fwp-content%2Fplugins%2Felementor%2Fapp HTTP/1.1" 200 3019 "-" "Mozilla/5.0 AppleWebKit/537.36 (KHTML, like Gecko; compatible; ClaudeBot/1.0; +claudebot@anthropic.com)"
193.70.34.35 - - [19/Feb/2026:17:39:03 -0500] "GET /?fileloc=/home/shrsglobal/public_html/wp-includes/class.wp-dependencies.php&path=/home/shrsglobal/public_html/wp-includes HTTP/1.1" 200 2684 "-" "Mozilla/5.0 (compatible; MJ12bot/v1.4.8; http://mj12bot.com/)"
216.73.216.13 - - [19/Feb/2026:17:39:09 -0500] "GET /%22,t+=%22%3C%22+e.getAttribute(%22src%22?path=%2Fhome%2Fshrsglobal%2Fpublic_html%2Fwp-content%2Fplugins%2Fwoocommerce%2Flib HTTP/1.1" 200 3027 "-" "Mozilla/5.0 AppleWebKit/537.36 (KHTML, like Gecko; compatible; ClaudeBot/1.0; +claudebot@anthropic.com)"
193.70.34.35 - - [19/Feb/2026:17:39:09 -0500] "GET /?fileloc=/home/shrsglobal/public_html/wp-includes/comment-template.php&path=/home/shrsglobal/public_html/wp-includes HTTP/1.1" 200 23053 "-" "Mozilla/5.0 (compatible; MJ12bot/v1.4.8; http://mj12bot.com/)"
193.70.34.35 - - [19/Feb/2026:17:39:13 -0500] "GET /?fileloc=/home/shrsglobal/public_html/wp-includes/compat-utf8.php&path=/home/shrsglobal/public_html/wp-includes HTTP/1.1" 200 7950 "-" "Mozilla/5.0 (compatible; MJ12bot/v1.4.8; http://mj12bot.com/)"
216.73.216.13 - - [19/Feb/2026:17:39:14 -0500] "GET /url%20=%3Cwidth%3Ex%3Cheight%3E%20%22optional%20title%22?path=%2F%2Fhome%2Fshrsglobal%2Fwww%2Fwp-content%2Fplugins%2Fw3-total-cache%2Fvendor%2Fmtdowling%2Fjmespath.php HTTP/1.1" 200 3157 "-" "Mozilla/5.0 AppleWebKit/537.36 (KHTML, like Gecko; compatible; ClaudeBot/1.0; +claudebot@anthropic.com)"
193.70.34.35 - - [19/Feb/2026:17:39:15 -0500] "GET /?fileloc=/home/shrsglobal/public_html/wp-includes/compat.php&path=/home/shrsglobal/public_html/wp-includes HTTP/1.1" 200 6666 "-" "Mozilla/5.0 (compatible; MJ12bot/v1.4.8; http://mj12bot.com/)"
193.70.34.35 - - [19/Feb/2026:17:39:16 -0500] "GET /?fileloc=/home/shrsglobal/public_html/wp-includes/cron.php&path=/home/shrsglobal/public_html/wp-includes HTTP/1.1" 200 10810 "-" "Mozilla/5.0 (compatible; MJ12bot/v1.4.8; http://mj12bot.com/)"
193.70.34.35 - - [19/Feb/2026:17:39:18 -0500] "GET /?fileloc=/home/shrsglobal/public_html/wp-includes/date.php&path=/home/shrsglobal/public_html/wp-includes HTTP/1.1" 200 2722 "-" "Mozilla/5.0 (compatible; MJ12bot/v1.4.8; http://mj12bot.com/)"
193.70.34.35 - - [19/Feb/2026:17:39:20 -0500] "GET /?fileloc=/home/shrsglobal/public_html/wp-includes/default-constants.php&path=/home/shrsglobal/public_html/wp-includes HTTP/1.1" 200 5473 "-" "Mozilla/5.0 (compatible; MJ12bot/v1.4.8; http://mj12bot.com/)"
192.178.6.96 - - [19/Feb/2026:17:39:22 -0500] "GET /?n=egb0k0zz0kzllxg HTTP/1.1" 200 4017 "-" "Mozilla/5.0 (Linux; Android 6.0.1; Nexus 5X Build/MMB29P) AppleWebKit/537.36 (KHTML, like Gecko) Chrome/144.0.7559.132 Mobile Safari/537.36 (compatible; Googlebot/2.1; +http://www.google.com/bot.html)"
193.70.34.35 - - [19/Feb/2026:17:39:22 -0500] "GET /?fileloc=/home/shrsglobal/public_html/wp-includes/default-filters.php&path=/home/shrsglobal/public_html/wp-includes HTTP/1.1" 200 11081 "-" "Mozilla/5.0 (compatible; MJ12bot/v1.4.8; http://mj12bot.com/)"
193.70.34.35 - - [19/Feb/2026:17:39:24 -0500] "GET /?fileloc=/home/shrsglobal/public_html/wp-includes/default-widgets.php&path=/home/shrsglobal/public_html/wp-includes HTTP/1.1" 200 2935 "-" "Mozilla/5.0 (compatible; MJ12bot/v1.4.8; http://mj12bot.com/)"
193.70.34.35 - - [19/Feb/2026:17:39:26 -0500] "GET /?fileloc=/home/shrsglobal/public_html/wp-includes/deprecated.php&path=/home/shrsglobal/public_html/wp-includes HTTP/1.1" 200 45427 "-" "Mozilla/5.0 (compatible; MJ12bot/v1.4.8; http://mj12bot.com/)"
193.70.34.35 - - [19/Feb/2026:17:39:28 -0500] "GET /?fileloc=/home/shrsglobal/public_html/wp-includes/embed-template.php&path=/home/shrsglobal/public_html/wp-includes HTTP/1.1" 200 2681 "-" "Mozilla/5.0 (compatible; MJ12bot/v1.4.8; http://mj12bot.com/)"
193.70.34.35 - - [19/Feb/2026:17:39:30 -0500] "GET /?fileloc=/home/shrsglobal/public_html/wp-includes/embed.php&path=/home/shrsglobal/public_html/wp-includes HTTP/1.1" 200 12913 "-" "Mozilla/5.0 (compatible; MJ12bot/v1.4.8; http://mj12bot.com/)"
193.70.34.35 - - [19/Feb/2026:17:39:33 -0500] "GET /?fileloc=/home/shrsglobal/public_html/wp-includes/error_log&path=/home/shrsglobal/public_html/wp-includes HTTP/1.1" 200 8071 "-" "Mozilla/5.0 (compatible; MJ12bot/v1.4.8; http://mj12bot.com/)"
193.70.34.35 - - [19/Feb/2026:17:39:35 -0500] "GET /?fileloc=/home/shrsglobal/public_html/wp-includes/feed-atom-comments.php&path=/home/shrsglobal/public_html/wp-includes HTTP/1.1" 200 4273 "-" "Mozilla/5.0 (compatible; MJ12bot/v1.4.8; http://mj12bot.com/)"
193.70.34.35 - - [19/Feb/2026:17:39:37 -0500] "GET /?fileloc=/home/shrsglobal/public_html/wp-includes/feed-atom.php&path=/home/shrsglobal/public_html/wp-includes HTTP/1.1" 200 3676 "-" "Mozilla/5.0 (compatible; MJ12bot/v1.4.8; http://mj12bot.com/)"
193.70.34.35 - - [19/Feb/2026:17:39:39 -0500] "GET /?fileloc=/home/shrsglobal/public_html/wp-includes/feed-rdf.php&path=/home/shrsglobal/public_html/wp-includes HTTP/1.1" 200 3510 "-" "Mozilla/5.0 (compatible; MJ12bot/v1.4.8; http://mj12bot.com/)"
193.70.34.35 - - [19/Feb/2026:17:39:40 -0500] "GET /?fileloc=/home/shrsglobal/public_html/wp-includes/feed-rss.php&path=/home/shrsglobal/public_html/wp-includes HTTP/1.1" 200 3070 "-" "Mozilla/5.0 (compatible; MJ12bot/v1.4.8; http://mj12bot.com/)"
193.70.34.35 - - [19/Feb/2026:17:39:42 -0500] "GET /?fileloc=/home/shrsglobal/public_html/wp-includes/feed-rss2-comments.php&path=/home/shrsglobal/public_html/wp-includes HTTP/1.1" 200 3960 "-" "Mozilla/5.0 (compatible; MJ12bot/v1.4.8; http://mj12bot.com/)"
193.70.34.35 - - [19/Feb/2026:17:39:44 -0500] "GET /?fileloc=/home/shrsglobal/public_html/wp-includes/feed-rss2.php&path=/home/shrsglobal/public_html/wp-includes HTTP/1.1" 200 3918 "-" "Mozilla/5.0 (compatible; MJ12bot/v1.4.8; http://mj12bot.com/)"
193.70.34.35 - - [19/Feb/2026:17:39:46 -0500] "GET /?fileloc=/home/shrsglobal/public_html/wp-includes/feed.php&path=/home/shrsglobal/public_html/wp-includes HTTP/1.1" 200 9085 "-" "Mozilla/5.0 (compatible; MJ12bot/v1.4.8; http://mj12bot.com/)"
193.70.34.35 - - [19/Feb/2026:17:39:48 -0500] "GET /?fileloc=/home/shrsglobal/public_html/wp-includes/fonts.php&path=/home/shrsglobal/public_html/wp-includes HTTP/1.1" 200 5156 "-" "Mozilla/5.0 (compatible; MJ12bot/v1.4.8; http://mj12bot.com/)"
193.70.34.35 - - [19/Feb/2026:17:39:50 -0500] "GET /?fileloc=/home/shrsglobal/public_html/wp-includes/formatting.php&path=/home/shrsglobal/public_html/wp-includes HTTP/1.1" 200 72462 "-" "Mozilla/5.0 (compatible; MJ12bot/v1.4.8; http://mj12bot.com/)"
193.70.34.35 - - [19/Feb/2026:17:39:52 -0500] "GET /?fileloc=/home/shrsglobal/public_html/wp-includes/functions.php&path=/home/shrsglobal/public_html/wp-includes HTTP/1.1" 200 76848 "-" "Mozilla/5.0 (compatible; MJ12bot/v1.4.8; http://mj12bot.com/)"
193.70.34.35 - - [19/Feb/2026:17:39:54 -0500] "GET /?fileloc=/home/shrsglobal/public_html/wp-includes/functions.wp-scripts.php&path=/home/shrsglobal/public_html/wp-includes HTTP/1.1" 200 6527 "-" "Mozilla/5.0 (compatible; MJ12bot/v1.4.8; http://mj12bot.com/)"
193.70.34.35 - - [19/Feb/2026:17:39:56 -0500] "GET /?fileloc=/home/shrsglobal/public_html/wp-includes/functions.wp-styles.php&path=/home/shrsglobal/public_html/wp-includes HTTP/1.1" 200 4805 "-" "Mozilla/5.0 (compatible; MJ12bot/v1.4.8; http://mj12bot.com/)"
193.70.34.35 - - [19/Feb/2026:17:39:58 -0500] "GET /?fileloc=/home/shrsglobal/public_html/wp-includes/general-template.php&path=/home/shrsglobal/public_html/wp-includes HTTP/1.1" 200 40607 "-" "Mozilla/5.0 (compatible; MJ12bot/v1.4.8; http://mj12bot.com/)"
193.70.34.35 - - [19/Feb/2026:17:39:59 -0500] "GET /?fileloc=/home/shrsglobal/public_html/wp-includes/global-styles-and-settings.php&path=/home/shrsglobal/public_html/wp-includes HTTP/1.1" 200 8067 "-" "Mozilla/5.0 (compatible; MJ12bot/v1.4.8; http://mj12bot.com/)"
193.70.34.35 - - [19/Feb/2026:17:40:01 -0500] "GET /?fileloc=/home/shrsglobal/public_html/wp-includes/http.php&path=/home/shrsglobal/public_html/wp-includes HTTP/1.1" 200 7863 "-" "Mozilla/5.0 (compatible; MJ12bot/v1.4.8; http://mj12bot.com/)"
193.70.34.35 - - [19/Feb/2026:17:40:03 -0500] "GET /?fileloc=/home/shrsglobal/public_html/wp-includes/https-detection.php&path=/home/shrsglobal/public_html/wp-includes HTTP/1.1" 200 4461 "-" "Mozilla/5.0 (compatible; MJ12bot/v1.4.8; http://mj12bot.com/)"
193.70.34.35 - - [19/Feb/2026:17:40:05 -0500] "GET /?fileloc=/home/shrsglobal/public_html/wp-includes/https-migration.php&path=/home/shrsglobal/public_html/wp-includes HTTP/1.1" 200 4066 "-" "Mozilla/5.0 (compatible; MJ12bot/v1.4.8; http://mj12bot.com/)"
193.70.34.35 - - [19/Feb/2026:17:40:07 -0500] "GET /?fileloc=/home/shrsglobal/public_html/wp-includes/kses.php&path=/home/shrsglobal/public_html/wp-includes HTTP/1.1" 200 23625 "-" "Mozilla/5.0 (compatible; MJ12bot/v1.4.8; http://mj12bot.com/)"
193.70.34.35 - - [19/Feb/2026:17:40:09 -0500] "GET /?fileloc=/home/shrsglobal/public_html/wp-includes/l10n.php&path=/home/shrsglobal/public_html/wp-includes HTTP/1.1" 200 15377 "-" "Mozilla/5.0 (compatible; MJ12bot/v1.4.8; http://mj12bot.com/)"
193.70.34.35 - - [19/Feb/2026:17:40:13 -0500] "GET /?fileloc=/home/shrsglobal/public_html/wp-includes/load.php&path=/home/shrsglobal/public_html/wp-includes HTTP/1.1" 200 17880 "-" "Mozilla/5.0 (compatible; MJ12bot/v1.4.8; http://mj12bot.com/)"
193.70.34.35 - - [19/Feb/2026:17:40:15 -0500] "GET /?fileloc=/home/shrsglobal/public_html/wp-includes/locale.php&path=/home/shrsglobal/public_html/wp-includes HTTP/1.1" 200 2609 "-" "Mozilla/5.0 (compatible; MJ12bot/v1.4.8; http://mj12bot.com/)"
193.70.34.35 - - [19/Feb/2026:17:40:24 -0500] "GET /?fileloc=/home/shrsglobal/public_html/wp-includes/ms-blogs.php&path=/home/shrsglobal/public_html/wp-includes HTTP/1.1" 200 8714 "-" "Mozilla/5.0 (compatible; MJ12bot/v1.4.8; http://mj12bot.com/)"
190.97.240.54 - - [19/Feb/2026:17:40:25 -0500] "GET /17094131432.htm HTTP/1.1" 200 4017 "https://shrsglobaltravels.com/" "Mozilla/5.0 (Windows NT 10.0; Win64; x64) AppleWebKit/537.36 (KHTML, like Gecko) Chrome/135.0.0.0 Safari/537.36"
193.70.34.35 - - [19/Feb/2026:17:40:25 -0500] "GET /?fileloc=/home/shrsglobal/public_html/wp-includes/ms-default-constants.php&path=/home/shrsglobal/public_html/wp-includes HTTP/1.1" 200 4089 "-" "Mozilla/5.0 (compatible; MJ12bot/v1.4.8; http://mj12bot.com/)"
193.70.34.35 - - [19/Feb/2026:17:40:27 -0500] "GET /?fileloc=/home/shrsglobal/public_html/wp-includes/ms-default-filters.php&path=/home/shrsglobal/public_html/wp-includes HTTP/1.1" 200 4228 "-" "Mozilla/5.0 (compatible; MJ12bot/v1.4.8; http://mj12bot.com/)"
193.70.34.35 - - [19/Feb/2026:17:40:29 -0500] "GET /?fileloc=/home/shrsglobal/public_html/wp-includes/ms-deprecated.php&path=/home/shrsglobal/public_html/wp-includes HTTP/1.1" 200 8742 "-" "Mozilla/5.0 (compatible; MJ12bot/v1.4.8; http://mj12bot.com/)"
216.73.216.13 - - [19/Feb/2026:17:40:31 -0500] "GET /url%20=%3Cwidth%3Ex%3Cheight%3E%20%22optional%20title%22?fileloc=%2F%2Fhome%2Fshrsglobal%2Fwww%2Fwp-content%2Fplugins%2Felementor%2Fcore%2Fsettings%2Fbase%2Fmanager.php&path=%2F%2Fhome%2Fshrsglobal%2Fwww%2Fwp-content%2Fplugins%2Felementor%2Fcore%2Fsettings%2Fbase HTTP/1.1" 200 4767 "-" "Mozilla/5.0 AppleWebKit/537.36 (KHTML, like Gecko; compatible; ClaudeBot/1.0; +claudebot@anthropic.com)"
216.73.216.13 - - [19/Feb/2026:17:40:31 -0500] "GET /url%20=%3Cwidth%3Ex%3Cheight%3E%20%22optional%20title%22?fileloc=%2F%2Fhome%2Fshrsglobal%2Fwww%2Fwp-content%2Fplugins%2Fwoocommerce%2Fincludes%2Fadmin%2Fviews%2Fhtml-notice-updated.php&path=%2F%2Fhome%2Fshrsglobal%2Fwww%2Fwp-content%2Fplugins%2Fwoocommerce%2Fincludes%2Fadmin%2Fviews HTTP/1.1" 200 2910 "-" "Mozilla/5.0 AppleWebKit/537.36 (KHTML, like Gecko; compatible; ClaudeBot/1.0; +claudebot@anthropic.com)"
193.70.34.35 - - [19/Feb/2026:17:40:31 -0500] "GET /?fileloc=/home/shrsglobal/public_html/wp-includes/ms-files.php&path=/home/shrsglobal/public_html/wp-includes HTTP/1.1" 200 3684 "-" "Mozilla/5.0 (compatible; MJ12bot/v1.4.8; http://mj12bot.com/)"
193.70.34.35 - - [19/Feb/2026:17:40:33 -0500] "GET /?fileloc=/home/shrsglobal/public_html/wp-includes/ms-functions.php&path=/home/shrsglobal/public_html/wp-includes HTTP/1.1" 200 22394 "-" "Mozilla/5.0 (compatible; MJ12bot/v1.4.8; http://mj12bot.com/)"
216.73.216.13 - - [19/Feb/2026:17:40:35 -0500] "GET /%22,t+=%22%3C%22+e.getAttribute(%22src%22?path=%2Fhome%2Fshrsglobal%2Fpublic_html%2Fwp-content%2Fplugins%2Felementor%2Fvendor HTTP/1.1" 200 2977 "-" "Mozilla/5.0 AppleWebKit/537.36 (KHTML, like Gecko; compatible; ClaudeBot/1.0; +claudebot@anthropic.com)"
193.70.34.35 - - [19/Feb/2026:17:40:35 -0500] "GET /?fileloc=/home/shrsglobal/public_html/wp-includes/ms-load.php&path=/home/shrsglobal/public_html/wp-includes HTTP/1.1" 200 8695 "-" "Mozilla/5.0 (compatible; MJ12bot/v1.4.8; http://mj12bot.com/)"
193.70.34.35 - - [19/Feb/2026:17:40:37 -0500] "GET /?fileloc=/home/shrsglobal/public_html/wp-includes/ms-network.php&path=/home/shrsglobal/public_html/wp-includes HTTP/1.1" 200 3879 "-" "Mozilla/5.0 (compatible; MJ12bot/v1.4.8; http://mj12bot.com/)"
193.70.34.35 - - [19/Feb/2026:17:40:39 -0500] "GET /?fileloc=/home/shrsglobal/public_html/wp-includes/ms-settings.php&path=/home/shrsglobal/public_html/wp-includes HTTP/1.1" 200 4070 "-" "Mozilla/5.0 (compatible; MJ12bot/v1.4.8; http://mj12bot.com/)"
193.70.34.35 - - [19/Feb/2026:17:40:40 -0500] "GET /?fileloc=/home/shrsglobal/public_html/wp-includes/ms-site.php&path=/home/shrsglobal/public_html/wp-includes HTTP/1.1" 200 12420 "-" "Mozilla/5.0 (compatible; MJ12bot/v1.4.8; http://mj12bot.com/)"
192.178.6.97 - - [19/Feb/2026:17:40:42 -0500] "GET /?n=fucvxp0bddgqsqx HTTP/1.1" 200 4017 "-" "Mozilla/5.0 (Linux; Android 6.0.1; Nexus 5X Build/MMB29P) AppleWebKit/537.36 (KHTML, like Gecko) Chrome/144.0.7559.132 Mobile Safari/537.36 (compatible; Googlebot/2.1; +http://www.google.com/bot.html)"
193.70.34.35 - - [19/Feb/2026:17:40:42 -0500] "GET /?fileloc=/home/shrsglobal/public_html/wp-includes/nav-menu-template.php&path=/home/shrsglobal/public_html/wp-includes HTTP/1.1" 200 8804 "-" "Mozilla/5.0 (compatible; MJ12bot/v1.4.8; http://mj12bot.com/)"
193.70.34.35 - - [19/Feb/2026:17:40:46 -0500] "GET /?fileloc=/home/shrsglobal/public_html/wp-includes/option.php&path=/home/shrsglobal/public_html/wp-includes HTTP/1.1" 200 21583 "-" "Mozilla/5.0 (compatible; MJ12bot/v1.4.8; http://mj12bot.com/)"
193.70.34.35 - - [19/Feb/2026:17:40:48 -0500] "GET /?fileloc=/home/shrsglobal/public_html/wp-includes/pluggable-deprecated.php&path=/home/shrsglobal/public_html/wp-includes HTTP/1.1" 200 4393 "-" "Mozilla/5.0 (compatible; MJ12bot/v1.4.8; http://mj12bot.com/)"
193.70.34.35 - - [19/Feb/2026:17:40:49 -0500] "GET /?fileloc=/home/shrsglobal/public_html/wp-includes/pluggable.php&path=/home/shrsglobal/public_html/wp-includes HTTP/1.1" 200 31407 "-" "Mozilla/5.0 (compatible; MJ12bot/v1.4.8; http://mj12bot.com/)"
193.70.34.35 - - [19/Feb/2026:17:40:52 -0500] "GET /?fileloc=/home/shrsglobal/public_html/wp-includes/plugin.php&path=/home/shrsglobal/public_html/wp-includes HTTP/1.1" 200 9987 "-" "Mozilla/5.0 (compatible; MJ12bot/v1.4.8; http://mj12bot.com/)"
193.70.34.35 - - [19/Feb/2026:17:40:55 -0500] "GET /?fileloc=/home/shrsglobal/public_html/wp-includes/post-template.php&path=/home/shrsglobal/public_html/wp-includes HTTP/1.1" 200 18957 "-" "Mozilla/5.0 (compatible; MJ12bot/v1.4.8; http://mj12bot.com/)"
193.70.34.35 - - [19/Feb/2026:17:40:57 -0500] "GET /?fileloc=/home/shrsglobal/public_html/wp-includes/post-thumbnail-template.php&path=/home/shrsglobal/public_html/wp-includes HTTP/1.1" 200 4824 "-" "Mozilla/5.0 (compatible; MJ12bot/v1.4.8; http://mj12bot.com/)"
193.70.34.35 - - [19/Feb/2026:17:40:59 -0500] "GET /?fileloc=/home/shrsglobal/public_html/wp-includes/post.php&path=/home/shrsglobal/public_html/wp-includes HTTP/1.1" 200 65265 "-" "Mozilla/5.0 (compatible; MJ12bot/v1.4.8; http://mj12bot.com/)"
193.70.34.35 - - [19/Feb/2026:17:41:01 -0500] "GET /?fileloc=/home/shrsglobal/public_html/wp-includes/query.php&path=/home/shrsglobal/public_html/wp-includes HTTP/1.1" 200 7590 "-" "Mozilla/5.0 (compatible; MJ12bot/v1.4.8; http://mj12bot.com/)"
193.70.34.35 - - [19/Feb/2026:17:41:03 -0500] "GET /?fileloc=/home/shrsglobal/public_html/wp-includes/registration-functions.php&path=/home/shrsglobal/public_html/wp-includes HTTP/1.1" 200 2636 "-" "Mozilla/5.0 (compatible; MJ12bot/v1.4.8; http://mj12bot.com/)"
192.178.6.97 - - [19/Feb/2026:17:41:03 -0500] "GET /?n=eo2jbrq4rbqc1o7 HTTP/1.1" 200 29433 "-" "Mozilla/5.0 (Linux; Android 6.0.1; Nexus 5X Build/MMB29P) AppleWebKit/537.36 (KHTML, like Gecko) Chrome/144.0.7559.132 Mobile Safari/537.36 (compatible; Googlebot/2.1; +http://www.google.com/bot.html)"
193.70.34.35 - - [19/Feb/2026:17:41:05 -0500] "GET /?fileloc=/home/shrsglobal/public_html/wp-includes/registration.php&path=/home/shrsglobal/public_html/wp-includes HTTP/1.1" 200 2631 "-" "Mozilla/5.0 (compatible; MJ12bot/v1.4.8; http://mj12bot.com/)"
193.70.34.35 - - [19/Feb/2026:17:41:07 -0500] "GET /?fileloc=/home/shrsglobal/public_html/wp-includes/rest-api.php&path=/home/shrsglobal/public_html/wp-includes HTTP/1.1" 200 23861 "-" "Mozilla/5.0 (compatible; MJ12bot/v1.4.8; http://mj12bot.com/)"
193.70.34.35 - - [19/Feb/2026:17:41:09 -0500] "GET /?fileloc=/home/shrsglobal/public_html/wp-includes/revision.php&path=/home/shrsglobal/public_html/wp-includes HTTP/1.1" 200 10368 "-" "Mozilla/5.0 (compatible; MJ12bot/v1.4.8; http://mj12bot.com/)"
192.178.6.97 - - [19/Feb/2026:17:41:10 -0500] "GET /?n=f626brqbrmig34z HTTP/1.1" 200 30101 "-" "Mozilla/5.0 (Linux; Android 6.0.1; Nexus 5X Build/MMB29P) AppleWebKit/537.36 (KHTML, like Gecko) Chrome/144.0.7559.132 Mobile Safari/537.36 (compatible; Googlebot/2.1; +http://www.google.com/bot.html)"
193.70.34.35 - - [19/Feb/2026:17:41:11 -0500] "GET /?fileloc=/home/shrsglobal/public_html/wp-includes/rewrite.php&path=/home/shrsglobal/public_html/wp-includes HTTP/1.1" 200 8381 "-" "Mozilla/5.0 (compatible; MJ12bot/v1.4.8; http://mj12bot.com/)"
193.70.34.35 - - [19/Feb/2026:17:41:13 -0500] "GET /?fileloc=/home/shrsglobal/public_html/wp-includes/robots-template.php&path=/home/shrsglobal/public_html/wp-includes HTTP/1.1" 200 3700 "-" "Mozilla/5.0 (compatible; MJ12bot/v1.4.8; http://mj12bot.com/)"
193.70.34.35 - - [19/Feb/2026:17:41:14 -0500] "GET /?fileloc=/home/shrsglobal/public_html/wp-includes/rss-functions.php&path=/home/shrsglobal/public_html/wp-includes HTTP/1.1" 200 2676 "-" "Mozilla/5.0 (compatible; MJ12bot/v1.4.8; http://mj12bot.com/)"
193.70.34.35 - - [19/Feb/2026:17:41:16 -0500] "GET /?fileloc=/home/shrsglobal/public_html/wp-includes/rss.php&path=/home/shrsglobal/public_html/wp-includes HTTP/1.1" 200 9304 "-" "Mozilla/5.0 (compatible; MJ12bot/v1.4.8; http://mj12bot.com/)"
193.70.34.35 - - [19/Feb/2026:17:41:18 -0500] "GET /?fileloc=/home/shrsglobal/public_html/wp-includes/script-loader.php&path=/home/shrsglobal/public_html/wp-includes HTTP/1.1" 200 40778 "-" "Mozilla/5.0 (compatible; MJ12bot/v1.4.8; http://mj12bot.com/)"
193.70.34.35 - - [19/Feb/2026:17:41:20 -0500] "GET /?fileloc=/home/shrsglobal/public_html/wp-includes/script-modules.php&path=/home/shrsglobal/public_html/wp-includes HTTP/1.1" 200 4837 "-" "Mozilla/5.0 (compatible; MJ12bot/v1.4.8; http://mj12bot.com/)"
193.70.34.35 - - [19/Feb/2026:17:41:22 -0500] "GET /?fileloc=/home/shrsglobal/public_html/wp-includes/session.php&path=/home/shrsglobal/public_html/wp-includes HTTP/1.1" 200 2642 "-" "Mozilla/5.0 (compatible; MJ12bot/v1.4.8; http://mj12bot.com/)"
193.70.34.35 - - [19/Feb/2026:17:41:23 -0500] "GET /?fileloc=/home/shrsglobal/public_html/wp-includes/shortcodes.php&path=/home/shrsglobal/public_html/wp-includes HTTP/1.1" 200 9140 "-" "Mozilla/5.0 (compatible; MJ12bot/v1.4.8; http://mj12bot.com/)"
193.70.34.35 - - [19/Feb/2026:17:41:25 -0500] "GET /?fileloc=/home/shrsglobal/public_html/wp-includes/sitemaps.php&path=/home/shrsglobal/public_html/wp-includes HTTP/1.1" 200 3523 "-" "Mozilla/5.0 (compatible; MJ12bot/v1.4.8; http://mj12bot.com/)"
193.70.34.35 - - [19/Feb/2026:17:41:27 -0500] "GET /?fileloc=/home/shrsglobal/public_html/wp-includes/speculative-loading.php&path=/home/shrsglobal/public_html/wp-includes HTTP/1.1" 200 5260 "-" "Mozilla/5.0 (compatible; MJ12bot/v1.4.8; http://mj12bot.com/)"
193.70.34.35 - - [19/Feb/2026:17:41:29 -0500] "GET /?fileloc=/home/shrsglobal/public_html/wp-includes/spl-autoload-compat.php&path=/home/shrsglobal/public_html/wp-includes HTTP/1.1" 200 2772 "-" "Mozilla/5.0 (compatible; MJ12bot/v1.4.8; http://mj12bot.com/)"
193.70.34.35 - - [19/Feb/2026:17:41:31 -0500] "GET /?fileloc=/home/shrsglobal/public_html/wp-includes/style-engine.php&path=/home/shrsglobal/public_html/wp-includes HTTP/1.1" 200 4477 "-" "Mozilla/5.0 (compatible; MJ12bot/v1.4.8; http://mj12bot.com/)"
85.208.96.198 - - [19/Feb/2026:17:41:33 -0500] "GET /4582340066.htm HTTP/1.1" 200 4017 "-" "Mozilla/5.0 (compatible; SemrushBot/7~bl; +http://www.semrush.com/bot.html)"
193.70.34.35 - - [19/Feb/2026:17:41:38 -0500] "GET /?fileloc=/home/shrsglobal/public_html/wp-includes/template.php&path=/home/shrsglobal/public_html/wp-includes HTTP/1.1" 200 10803 "-" "Mozilla/5.0 (compatible; MJ12bot/v1.4.8; http://mj12bot.com/)"
193.70.34.35 - - [19/Feb/2026:17:41:40 -0500] "GET /?fileloc=/home/shrsglobal/public_html/wp-includes/theme-i18n.json&path=/home/shrsglobal/public_html/wp-includes HTTP/1.1" 200 2921 "-" "Mozilla/5.0 (compatible; MJ12bot/v1.4.8; http://mj12bot.com/)"
193.70.34.35 - - [19/Feb/2026:17:41:44 -0500] "GET /?fileloc=/home/shrsglobal/public_html/wp-includes/theme-templates.php&path=/home/shrsglobal/public_html/wp-includes HTTP/1.1" 200 4812 "-" "Mozilla/5.0 (compatible; MJ12bot/v1.4.8; http://mj12bot.com/)"
193.70.34.35 - - [19/Feb/2026:17:41:46 -0500] "GET /?fileloc=/home/shrsglobal/public_html/wp-includes/theme.json&path=/home/shrsglobal/public_html/wp-includes HTTP/1.1" 200 4848 "-" "Mozilla/5.0 (compatible; MJ12bot/v1.4.8; http://mj12bot.com/)"
193.70.34.35 - - [19/Feb/2026:17:41:47 -0500] "GET /?fileloc=/home/shrsglobal/public_html/wp-includes/theme.php&path=/home/shrsglobal/public_html/wp-includes HTTP/1.1" 200 33411 "-" "Mozilla/5.0 (compatible; MJ12bot/v1.4.8; http://mj12bot.com/)"
193.70.34.35 - - [19/Feb/2026:17:41:49 -0500] "GET /?fileloc=/home/shrsglobal/public_html/wp-includes/update.php&path=/home/shrsglobal/public_html/wp-includes HTTP/1.1" 200 11255 "-" "Mozilla/5.0 (compatible; MJ12bot/v1.4.8; http://mj12bot.com/)"
192.178.6.96 - - [19/Feb/2026:17:41:49 -0500] "GET /?n=fx00ldob1q4e7el HTTP/1.1" 200 30684 "-" "Mozilla/5.0 (Linux; Android 6.0.1; Nexus 5X Build/MMB29P) AppleWebKit/537.36 (KHTML, like Gecko) Chrome/144.0.7559.132 Mobile Safari/537.36 (compatible; Googlebot/2.1; +http://www.google.com/bot.html)"
193.70.34.35 - - [19/Feb/2026:17:41:51 -0500] "GET /?fileloc=/home/shrsglobal/public_html/wp-includes/user.php&path=/home/shrsglobal/public_html/wp-includes HTTP/1.1" 200 39958 "-" "Mozilla/5.0 (compatible; MJ12bot/v1.4.8; http://mj12bot.com/)"
193.70.34.35 - - [19/Feb/2026:17:41:53 -0500] "GET /?fileloc=/home/shrsglobal/public_html/wp-includes/utf8.php&path=/home/shrsglobal/public_html/wp-includes HTTP/1.1" 200 5078 "-" "Mozilla/5.0 (compatible; MJ12bot/v1.4.8; http://mj12bot.com/)"
193.70.34.35 - - [19/Feb/2026:17:41:55 -0500] "GET /?fileloc=/home/shrsglobal/public_html/wp-includes/vars.php&path=/home/shrsglobal/public_html/wp-includes HTTP/1.1" 200 4485 "-" "Mozilla/5.0 (compatible; MJ12bot/v1.4.8; http://mj12bot.com/)"
216.73.216.13 - - [19/Feb/2026:17:41:59 -0500] "GET /%22,t+=%22%3C%22+e.getAttribute(%22src%22?fileloc=%2Fhome%2Fshrsglobal%2Fpublic_html%2Fwp-content%2Fplugins%2Fhwqmysf%2Fgotest&path=%2Fhome%2Fshrsglobal%2Fpublic_html%2Fwp-content%2Fplugins%2Fhwqmysf HTTP/1.1" 200 2526 "-" "Mozilla/5.0 AppleWebKit/537.36 (KHTML, like Gecko; compatible; ClaudeBot/1.0; +claudebot@anthropic.com)"
216.73.216.13 - - [19/Feb/2026:17:41:59 -0500] "GET /%22,t+=%22%3C%22+e.getAttribute(%22src%22?fileloc=%2Fhome%2Fshrsglobal%2Fpublic_html%2Fwp-content%2Fplugins%2Fpkdpqig%2Fgotest&path=%2Fhome%2Fshrsglobal%2Fpublic_html%2Fwp-content%2Fplugins%2Fpkdpqig HTTP/1.1" 200 2525 "-" "Mozilla/5.0 AppleWebKit/537.36 (KHTML, like Gecko; compatible; ClaudeBot/1.0; +claudebot@anthropic.com)"
193.70.34.35 - - [19/Feb/2026:17:41:59 -0500] "GET /?fileloc=/home/shrsglobal/public_html/wp-includes/widgets.php&path=/home/shrsglobal/public_html/wp-includes HTTP/1.1" 200 18387 "-" "Mozilla/5.0 (compatible; MJ12bot/v1.4.8; http://mj12bot.com/)"
216.73.216.13 - - [19/Feb/2026:17:42:03 -0500] "GET /%22,t+=%22%3C%22+e.getAttribute(%22src%22?fileloc=%2Fhome%2Fshrsglobal%2Fpublic_html%2Fwp-content%2Fplugins%2Fquurtpw%2Findex.php&path=%2Fhome%2Fshrsglobal%2Fpublic_html%2Fwp-content%2Fplugins%2Fquurtpw HTTP/1.1" 200 3251 "-" "Mozilla/5.0 AppleWebKit/537.36 (KHTML, like Gecko; compatible; ClaudeBot/1.0; +claudebot@anthropic.com)"
193.70.34.35 - - [19/Feb/2026:17:42:03 -0500] "GET /?fileloc=/home/shrsglobal/public_html/wp-includes/wp-diff.php&path=/home/shrsglobal/public_html/wp-includes HTTP/1.1" 200 2812 "-" "Mozilla/5.0 (compatible; MJ12bot/v1.4.8; http://mj12bot.com/)"
193.70.34.35 - - [19/Feb/2026:17:42:12 -0500] "GET /?path=//home HTTP/1.1" 200 2759 "-" "Mozilla/5.0 (compatible; MJ12bot/v1.4.8; http://mj12bot.com/)"
216.73.216.13 - - [19/Feb/2026:17:42:14 -0500] "GET /url%20=%3Cwidth%3Ex%3Cheight%3E%20%22optional%20title%22?path=%2F%2Fhome%2Fshrsglobal%2Fwww%2Fwp-content%2Fplugins%2Felementor%2Fmodules%2Fsite-navigation%2Fdata%2Fendpoints HTTP/1.1" 200 3051 "-" "Mozilla/5.0 AppleWebKit/537.36 (KHTML, like Gecko; compatible; ClaudeBot/1.0; +claudebot@anthropic.com)"
43.173.177.201 - - [19/Feb/2026:17:42:16 -0500] "GET /?fileloc=//lib/python2.7/site-packages/pip/commands/check.pyc&path=//lib/python2.7/site-packages/pip/commands HTTP/1.1" 200 2509 "-" "Mozilla/5.0 (Windows NT 10.0; Win64; x64) AppleWebKit/537.36 (KHTML, like Gecko) Chrome/133.0.0.0 Safari/537.36"
216.73.216.13 - - [19/Feb/2026:17:42:16 -0500] "GET /url%20=%3Cwidth%3Ex%3Cheight%3E%20%22optional%20title%22?path=%2F%2Fhome%2Fshrsglobal%2Fwww%2Fwp-content%2Fplugins%2Fwoocommerce%2Fsrc%2FAdmin%2FFeatures%2FNavigation HTTP/1.1" 200 2910 "-" "Mozilla/5.0 AppleWebKit/537.36 (KHTML, like Gecko; compatible; ClaudeBot/1.0; +claudebot@anthropic.com)"
216.73.216.13 - - [19/Feb/2026:17:42:18 -0500] "GET /url%20=%3Cwidth%3Ex%3Cheight%3E%20%22optional%20title%22?fileloc=%2F%2Fhome%2Fshrsglobal%2Fwww%2Fwp-content%2Fplugins%2Fwoocommerce%2Fsrc%2FStoreApi%2FUtilities%2FProductQuery.php&path=%2F%2Fhome%2Fshrsglobal%2Fwww%2Fwp-content%2Fplugins%2Fwoocommerce%2Fsrc%2FStoreApi%2FUtilities HTTP/1.1" 200 7743 "-" "Mozilla/5.0 AppleWebKit/537.36 (KHTML, like Gecko; compatible; ClaudeBot/1.0; +claudebot@anthropic.com)"
146.174.167.80 - - [19/Feb/2026:17:42:21 -0500] "GET /shop/shyer/conciliable02988213174 HTTP/1.1" 200 4017 "-" "Mozilla/5.0 (Macintosh; U; PPC Mac OS X; sv-se) AppleWebKit/417.9 (KHTML, like Gecko) Safari/417.8_Adobe"
193.70.34.35 - - [19/Feb/2026:17:42:22 -0500] "GET /?path=//lib64 HTTP/1.1" 200 49887 "-" "Mozilla/5.0 (compatible; MJ12bot/v1.4.8; http://mj12bot.com/)"
192.178.6.96 - - [19/Feb/2026:17:42:22 -0500] "GET /?n=f5zv8onbo5fdh1w HTTP/1.1" 200 29381 "-" "Mozilla/5.0 (Linux; Android 6.0.1; Nexus 5X Build/MMB29P) AppleWebKit/537.36 (KHTML, like Gecko) Chrome/144.0.7559.132 Mobile Safari/537.36 (compatible; Googlebot/2.1; +http://www.google.com/bot.html)"
193.70.34.35 - - [19/Feb/2026:17:42:24 -0500] "GET /?path=//opt HTTP/1.1" 200 3344 "-" "Mozilla/5.0 (compatible; MJ12bot/v1.4.8; http://mj12bot.com/)"
193.70.34.35 - - [19/Feb/2026:17:42:26 -0500] "GET /?path=//proc HTTP/1.1" 200 4691 "-" "Mozilla/5.0 (compatible; MJ12bot/v1.4.8; http://mj12bot.com/)"
192.178.6.97 - - [19/Feb/2026:17:42:28 -0500] "GET /shop/resolute/bicorporate073817774445 HTTP/1.1" 200 29897 "-" "Mozilla/5.0 (Linux; Android 6.0.1; Nexus 5X Build/MMB29P) AppleWebKit/537.36 (KHTML, like Gecko) Chrome/144.0.7559.132 Mobile Safari/537.36 (compatible; Googlebot/2.1; +http://www.google.com/bot.html)"
193.70.34.35 - - [19/Feb/2026:17:42:28 -0500] "GET /?path=//root HTTP/1.1" 200 2506 "-" "Mozilla/5.0 (compatible; MJ12bot/v1.4.8; http://mj12bot.com/)"
193.70.34.35 - - [19/Feb/2026:17:42:30 -0500] "GET /?path=//run HTTP/1.1" 200 3281 "-" "Mozilla/5.0 (compatible; MJ12bot/v1.4.8; http://mj12bot.com/)"
193.70.34.35 - - [19/Feb/2026:17:42:32 -0500] "GET /?path=//sbin HTTP/1.1" 200 4491 "-" "Mozilla/5.0 (compatible; MJ12bot/v1.4.8; http://mj12bot.com/)"
193.70.34.35 - - [19/Feb/2026:17:42:34 -0500] "GET /?path=//tmp HTTP/1.1" 200 2510 "-" "Mozilla/5.0 (compatible; MJ12bot/v1.4.8; http://mj12bot.com/)"
193.70.34.35 - - [19/Feb/2026:17:42:35 -0500] "GET /?path=//usr HTTP/1.1" 200 3051 "-" "Mozilla/5.0 (compatible; MJ12bot/v1.4.8; http://mj12bot.com/)"
193.70.34.35 - - [19/Feb/2026:17:42:37 -0500] "GET /?path=//var HTTP/1.1" 200 3161 "-" "Mozilla/5.0 (compatible; MJ12bot/v1.4.8; http://mj12bot.com/)"
85.208.96.194 - - [19/Feb/2026:17:42:39 -0500] "GET /89423109303.htm HTTP/1.1" 200 4017 "-" "Mozilla/5.0 (compatible; SemrushBot/7~bl; +http://www.semrush.com/bot.html)"
193.70.34.35 - - [19/Feb/2026:17:42:39 -0500] "GET /?path=/home/shrsglobal/.cagefs HTTP/1.1" 200 2853 "-" "Mozilla/5.0 (compatible; MJ12bot/v1.4.8; http://mj12bot.com/)"
193.70.34.35 - - [19/Feb/2026:17:42:41 -0500] "GET /?path=/home/shrsglobal/.caldav HTTP/1.1" 200 2881 "-" "Mozilla/5.0 (compatible; MJ12bot/v1.4.8; http://mj12bot.com/)"
193.70.34.35 - - [19/Feb/2026:17:42:43 -0500] "GET /?path=/home/shrsglobal/.cl.selector HTTP/1.1" 200 2963 "-" "Mozilla/5.0 (compatible; MJ12bot/v1.4.8; http://mj12bot.com/)"
193.70.34.35 - - [19/Feb/2026:17:42:44 -0500] "GET /?path=/home/shrsglobal/.clwpos HTTP/1.1" 200 2803 "-" "Mozilla/5.0 (compatible; MJ12bot/v1.4.8; http://mj12bot.com/)"
193.70.34.35 - - [19/Feb/2026:17:42:46 -0500] "GET /?path=/home/shrsglobal/.cpanel HTTP/1.1" 200 3110 "-" "Mozilla/5.0 (compatible; MJ12bot/v1.4.8; http://mj12bot.com/)"
193.70.34.35 - - [19/Feb/2026:17:42:48 -0500] "GET /?path=/home/shrsglobal/.cphorde HTTP/1.1" 200 2913 "-" "Mozilla/5.0 (compatible; MJ12bot/v1.4.8; http://mj12bot.com/)"
193.70.34.35 - - [19/Feb/2026:17:42:50 -0500] "GET /?path=/home/shrsglobal/.htpasswds HTTP/1.1" 403 59675 "-" "Mozilla/5.0 (compatible; MJ12bot/v1.4.8; http://mj12bot.com/)"
193.70.34.35 - - [19/Feb/2026:17:42:52 -0500] "GET /?path=/home/shrsglobal/.softaculous HTTP/1.1" 200 3186 "-" "Mozilla/5.0 (compatible; MJ12bot/v1.4.8; http://mj12bot.com/)"
193.70.34.35 - - [19/Feb/2026:17:42:56 -0500] "GET /?path=/home/shrsglobal/.trash HTTP/1.1" 200 2530 "-" "Mozilla/5.0 (compatible; MJ12bot/v1.4.8; http://mj12bot.com/)"
216.73.216.13 - - [19/Feb/2026:17:42:59 -0500] "GET /url%20=%3Cwidth%3Ex%3Cheight%3E%20%22optional%20title%22?fileloc=%2F%2Fhome%2Fshrsglobal%2Fwww%2Fwp-content%2Fplugins%2Fwpforms-lite%2Ftemplates%2Femails%2Fcompact-header.php&path=%2F%2Fhome%2Fshrsglobal%2Fwww%2Fwp-content%2Fplugins%2Fwpforms-lite%2Ftemplates%2Femails HTTP/1.1" 200 3431 "-" "Mozilla/5.0 AppleWebKit/537.36 (KHTML, like Gecko; compatible; ClaudeBot/1.0; +claudebot@anthropic.com)"
193.70.34.35 - - [19/Feb/2026:17:42:59 -0500] "GET /?path=/home/shrsglobal/etc HTTP/1.1" 200 2788 "-" "Mozilla/5.0 (compatible; MJ12bot/v1.4.8; http://mj12bot.com/)"
216.73.216.13 - - [19/Feb/2026:17:43:01 -0500] "GET /url%20=%3Cwidth%3Ex%3Cheight%3E%20%22optional%20title%22?path=%2F%2Fhome%2Fshrsglobal%2Fwww%2Fwp-content%2Fplugins%2Fwoocommerce%2Fincludes%2Fadmin%2Fplugin-updates%2Fviews HTTP/1.1" 200 2972 "-" "Mozilla/5.0 AppleWebKit/537.36 (KHTML, like Gecko; compatible; ClaudeBot/1.0; +claudebot@anthropic.com)"
193.70.34.35 - - [19/Feb/2026:17:43:09 -0500] "GET /?path=/home/shrsglobal/public_html/images/images HTTP/1.1" 200 2997 "-" "Mozilla/5.0 (compatible; MJ12bot/v1.4.8; http://mj12bot.com/)"
216.73.216.13 - - [19/Feb/2026:17:43:10 -0500] "GET /url%20=%3Cwidth%3Ex%3Cheight%3E%20%22optional%20title%22?path=%2Fhome%2Fshrsglobal%2Fpublic_html%2Fwp-content%2Fplugins%2Fw3-total-cache%2Fvendor%2Faws%2Faws-sdk-php%2Fsrc%2FEmr HTTP/1.1" 200 2988 "-" "Mozilla/5.0 AppleWebKit/537.36 (KHTML, like Gecko; compatible; ClaudeBot/1.0; +claudebot@anthropic.com)"
216.73.216.13 - - [19/Feb/2026:17:43:12 -0500] "GET /url%20=%3Cwidth%3Ex%3Cheight%3E%20%22optional%20title%22?fileloc=%2F%2Fhome%2Fshrsglobal%2Fwww%2Fwp-content%2Fplugins%2Fwpforms-lite%2Fsrc%2FAccess%2FCapabilities.php&path=%2F%2Fhome%2Fshrsglobal%2Fwww%2Fwp-content%2Fplugins%2Fwpforms-lite%2Fsrc%2FAccess HTTP/1.1" 200 3066 "-" "Mozilla/5.0 AppleWebKit/537.36 (KHTML, like Gecko; compatible; ClaudeBot/1.0; +claudebot@anthropic.com)"
216.73.216.13 - - [19/Feb/2026:17:43:16 -0500] "GET /url%20=%3Cwidth%3Ex%3Cheight%3E%20%22optional%20title%22?fileloc=%2F%2Fhome%2Fshrsglobal%2Fwww%2Fwp-content%2Fplugins%2Fpro-elements%2Fassets%2Fcss%2Feditor-rtl.css&path=%2F%2Fhome%2Fshrsglobal%2Fwww%2Fwp-content%2Fplugins%2Fpro-elements%2Fassets%2Fcss HTTP/1.1" 200 5567 "-" "Mozilla/5.0 AppleWebKit/537.36 (KHTML, like Gecko; compatible; ClaudeBot/1.0; +claudebot@anthropic.com)"
216.73.216.13 - - [19/Feb/2026:17:43:16 -0500] "GET /url%20=%3Cwidth%3Ex%3Cheight%3E%20%22optional%20title%22?path=%2F%2Fhome%2Fshrsglobal%2Fwww%2Fwp-content%2Fplugins%2Fwpforms-lite%2Fsrc%2FAdmin%2FForms HTTP/1.1" 200 3246 "-" "Mozilla/5.0 AppleWebKit/537.36 (KHTML, like Gecko; compatible; ClaudeBot/1.0; +claudebot@anthropic.com)"
216.73.216.13 - - [19/Feb/2026:17:43:19 -0500] "GET /url%20=%3Cwidth%3Ex%3Cheight%3E%20%22optional%20title%22?path=%2F%2Fhome%2Fshrsglobal%2Fwww%2Fwp-content%2Fplugins%2Fultimate-elementor%2Fmodules%2Fquery-post%2Fcontrols HTTP/1.1" 200 2890 "-" "Mozilla/5.0 AppleWebKit/537.36 (KHTML, like Gecko; compatible; ClaudeBot/1.0; +claudebot@anthropic.com)"
216.73.216.13 - - [19/Feb/2026:17:43:19 -0500] "GET /url%20=%3Cwidth%3Ex%3Cheight%3E%20%22optional%20title%22?path=%2F%2Fhome%2Fshrsglobal%2Fwww%2Fwp-content%2Fplugins%2Fwoocommerce%2Fsrc%2FAdmin%2FNotes HTTP/1.1" 200 3108 "-" "Mozilla/5.0 AppleWebKit/537.36 (KHTML, like Gecko; compatible; ClaudeBot/1.0; +claudebot@anthropic.com)"
193.70.34.35 - - [19/Feb/2026:17:43:19 -0500] "GET /?path=/home/shrsglobal/public_html/wp-content/themes HTTP/1.1" 200 3083 "-" "Mozilla/5.0 (compatible; MJ12bot/v1.4.8; http://mj12bot.com/)"
216.73.216.13 - - [19/Feb/2026:17:43:21 -0500] "GET /url%20=%3Cwidth%3Ex%3Cheight%3E%20%22optional%20title%22?fileloc=%2F%2Fhome%2Fshrsglobal%2Fwww%2Fwp-content%2Fplugins%2Fultimate-elementor%2Fmodules%2Fgoogle-map%2Fmodule.php&path=%2F%2Fhome%2Fshrsglobal%2Fwww%2Fwp-content%2Fplugins%2Fultimate-elementor%2Fmodules%2Fgoogle-map HTTP/1.1" 200 2958 "-" "Mozilla/5.0 AppleWebKit/537.36 (KHTML, like Gecko; compatible; ClaudeBot/1.0; +claudebot@anthropic.com)"
