216.73.216.13 - - [18/Feb/2026:09:28:37 -0500] "GET /?path=%2Fhome%2Fshrsglobal%2Fpublic_html%2Fwp-content%2Fuploads%2F2023%2F10 HTTP/1.1" 200 2570 "-" "Mozilla/5.0 AppleWebKit/537.36 (KHTML, like Gecko; compatible; ClaudeBot/1.0; +claudebot@anthropic.com)"
74.7.227.10 - - [18/Feb/2026:09:28:39 -0500] "GET /?path=//opt/alt/python313/lib/python3.13/site-packages/pkg_resources/extern HTTP/1.1" 200 2962 "http://shrsglobaltravels.com/?path=//opt/alt/python313/lib/python3.13/site-packages/pkg_resources" "Mozilla/5.0 AppleWebKit/537.36 (KHTML, like Gecko; compatible; GPTBot/1.3; +https://openai.com/gptbot)"
85.208.96.205 - - [18/Feb/2026:09:28:39 -0500] "GET /1709418451.htm HTTP/1.1" 200 3928 "-" "Mozilla/5.0 (compatible; SemrushBot/7~bl; +http://www.semrush.com/bot.html)"
216.73.216.13 - - [18/Feb/2026:09:28:40 -0500] "GET /?fileloc=%2Fhome%2Fshrsglobal%2Fpublic_html%2Fwp-content%2Fplugins%2Fgtbwe%2Fincludes%2Fclass-protect-uploads.php&path=%2Fhome%2Fshrsglobal%2Fpublic_html%2Fwp-content%2Fplugins%2Fgtbwe%2Fincludes HTTP/1.1" 200 3054 "-" "Mozilla/5.0 AppleWebKit/537.36 (KHTML, like Gecko; compatible; ClaudeBot/1.0; +claudebot@anthropic.com)"
216.73.216.13 - - [18/Feb/2026:09:28:43 -0500] "GET /?fileloc=%2Fhome%2Fshrsglobal%2Fpublic_html%2Fwp-content%2Fplugins%2Fw3-total-cache%2Finc%2Foptions%2Fbrowsercache.php&path=%2Fhome%2Fshrsglobal%2Fpublic_html%2Fwp-content%2Fplugins%2Fw3-total-cache%2Finc%2Foptions HTTP/1.1" 200 7710 "-" "Mozilla/5.0 AppleWebKit/537.36 (KHTML, like Gecko; compatible; ClaudeBot/1.0; +claudebot@anthropic.com)"
192.178.6.96 - - [18/Feb/2026:09:28:44 -0500] "GET /shop/energyreleasing/homogenetic073104046797 HTTP/1.1" 200 30391 "-" "Mozilla/5.0 (Linux; Android 6.0.1; Nexus 5X Build/MMB29P) AppleWebKit/537.36 (KHTML, like Gecko) Chrome/144.0.7559.132 Mobile Safari/537.36 (compatible; GoogleOther)"
216.73.216.13 - - [18/Feb/2026:09:28:46 -0500] "GET /?path=%2Fhome%2Fshrsglobal%2Fpublic_html%2Fwp-content%2Fplugins%2Felementor%2Fassets%2Flib%2Fperfect-scrollbar HTTP/1.1" 200 2860 "-" "Mozilla/5.0 AppleWebKit/537.36 (KHTML, like Gecko; compatible; ClaudeBot/1.0; +claudebot@anthropic.com)"
85.208.96.193 - - [18/Feb/2026:09:28:48 -0500] "GET /7923385992.htm HTTP/1.1" 200 3928 "-" "Mozilla/5.0 (compatible; SemrushBot/7~bl; +http://www.semrush.com/bot.html)"
216.73.216.13 - - [18/Feb/2026:09:28:49 -0500] "GET /?path=%2Fhome%2Fshrsglobal%2Fpublic_html%2Fwp-content%2Fplugins%2Fastra-pro-sites%2Finc%2Fassets%2Fjs HTTP/1.1" 200 3305 "-" "Mozilla/5.0 AppleWebKit/537.36 (KHTML, like Gecko; compatible; ClaudeBot/1.0; +claudebot@anthropic.com)"
216.73.216.13 - - [18/Feb/2026:09:28:52 -0500] "GET /?fileloc=%2Fhome%2Fshrsglobal%2Fpublic_html%2Fwp-content%2Fplugins%2Floginizer%2Fmain%2Fsettings%2Fbrute-force.php&path=%2Fhome%2Fshrsglobal%2Fpublic_html%2Fwp-content%2Fplugins%2Floginizer%2Fmain%2Fsettings HTTP/1.1" 200 12387 "-" "Mozilla/5.0 AppleWebKit/537.36 (KHTML, like Gecko; compatible; ClaudeBot/1.0; +claudebot@anthropic.com)"
216.73.216.13 - - [18/Feb/2026:09:28:55 -0500] "GET /?fileloc=%2Fhome%2Fshrsglobal%2Fpublic_html%2Fwp-content%2Fplugins%2Floginizer%2Fmain%2Fsettings%2Fdashboard.php&path=%2Fhome%2Fshrsglobal%2Fpublic_html%2Fwp-content%2Fplugins%2Floginizer%2Fmain%2Fsettings HTTP/1.1" 200 7118 "-" "Mozilla/5.0 AppleWebKit/537.36 (KHTML, like Gecko; compatible; ClaudeBot/1.0; +claudebot@anthropic.com)"
216.73.216.13 - - [18/Feb/2026:09:28:58 -0500] "GET /?path=%2Fhome%2Fshrsglobal%2Fpublic_html%2Fwp-content%2Fplugins%2Felementor%2Fassets%2Flib%2Fanimations HTTP/1.1" 200 2952 "-" "Mozilla/5.0 AppleWebKit/537.36 (KHTML, like Gecko; compatible; ClaudeBot/1.0; +claudebot@anthropic.com)"
192.178.6.98 - - [18/Feb/2026:09:29:00 -0500] "GET /shop/sporran/anseriformes891836262738 HTTP/1.1" 200 31282 "-" "Mozilla/5.0 (Linux; Android 6.0.1; Nexus 5X Build/MMB29P) AppleWebKit/537.36 (KHTML, like Gecko) Chrome/144.0.7559.132 Mobile Safari/537.36 (compatible; GoogleOther)"
216.73.216.13 - - [18/Feb/2026:09:29:01 -0500] "GET /?path=%2Fhome%2Fshrsglobal%2Fpublic_html%2Fwp-content%2Fuploads%2F2023%2F08 HTTP/1.1" 200 28134 "-" "Mozilla/5.0 AppleWebKit/537.36 (KHTML, like Gecko; compatible; ClaudeBot/1.0; +claudebot@anthropic.com)"
216.73.216.13 - - [18/Feb/2026:09:29:07 -0500] "GET /?fileloc=%2Fhome%2Fshrsglobal%2Fpublic_html%2Fwp-includes%2FID3%2Fmodule.audio.flac.php&path=%2Fhome%2Fshrsglobal%2Fpublic_html%2Fwp-includes%2FID3 HTTP/1.1" 200 7354 "-" "Mozilla/5.0 AppleWebKit/537.36 (KHTML, like Gecko; compatible; ClaudeBot/1.0; +claudebot@anthropic.com)"
185.191.171.12 - - [18/Feb/2026:09:29:07 -0500] "GET /robots.txt HTTP/1.1" 200 103 "-" "Mozilla/5.0 (compatible; SemrushBot/7~bl; +http://www.semrush.com/bot.html)"
185.191.171.5 - - [18/Feb/2026:09:29:09 -0500] "GET /9356685708.htm HTTP/1.1" 200 3928 "-" "Mozilla/5.0 (compatible; SemrushBot/7~bl; +http://www.semrush.com/bot.html)"
40.77.167.57 - - [18/Feb/2026:09:29:09 -0500] "GET /1606630930.htm HTTP/1.1" 200 31362 "-" "Mozilla/5.0 AppleWebKit/537.36 (KHTML, like Gecko; compatible; bingbot/2.0; +http://www.bing.com/bingbot.htm) Chrome/116.0.1938.76 Safari/537.36"
216.73.216.13 - - [18/Feb/2026:09:29:10 -0500] "GET /?fileloc=%2Fhome%2Fshrsglobal%2Fpublic_html%2Fwp-includes%2FID3%2Fmodule.audio.mp3.php&path=%2Fhome%2Fshrsglobal%2Fpublic_html%2Fwp-includes%2FID3 HTTP/1.1" 200 23710 "-" "Mozilla/5.0 AppleWebKit/537.36 (KHTML, like Gecko; compatible; ClaudeBot/1.0; +claudebot@anthropic.com)"
216.73.216.13 - - [18/Feb/2026:09:29:13 -0500] "GET /?fileloc=%2Fhome%2Fshrsglobal%2Fpublic_html%2Fwp-content%2Fplugins%2Floginizer%2Fmain%2Fsettings%2Fsso.php&path=%2Fhome%2Fshrsglobal%2Fpublic_html%2Fwp-content%2Fplugins%2Floginizer%2Fmain%2Fsettings HTTP/1.1" 200 5328 "-" "Mozilla/5.0 AppleWebKit/537.36 (KHTML, like Gecko; compatible; ClaudeBot/1.0; +claudebot@anthropic.com)"
185.191.171.18 - - [18/Feb/2026:09:29:13 -0500] "GET /17094137306.htm HTTP/1.1" 200 3928 "-" "Mozilla/5.0 (compatible; SemrushBot/7~bl; +http://www.semrush.com/bot.html)"
216.73.216.13 - - [18/Feb/2026:09:29:16 -0500] "GET /?fileloc=%2Fhome%2Fshrsglobal%2Fpublic_html%2Fwp-includes%2Fjs%2Fjquery%2Fjquery.serialize-object.js&path=%2Fhome%2Fshrsglobal%2Fpublic_html%2Fwp-includes%2Fjs%2Fjquery HTTP/1.1" 200 2919 "-" "Mozilla/5.0 AppleWebKit/537.36 (KHTML, like Gecko; compatible; ClaudeBot/1.0; +claudebot@anthropic.com)"
85.208.96.193 - - [18/Feb/2026:09:29:17 -0500] "GET /89423292753.htm HTTP/1.1" 200 3928 "-" "Mozilla/5.0 (compatible; SemrushBot/7~bl; +http://www.semrush.com/bot.html)"
216.73.216.13 - - [18/Feb/2026:09:29:19 -0500] "GET /?fileloc=%2Fhome%2Fshrsglobal%2Fpublic_html%2Fwp-includes%2Fblocks%2Fnavigation.php&path=%2Fhome%2Fshrsglobal%2Fpublic_html%2Fwp-includes%2Fblocks HTTP/1.1" 200 13415 "-" "Mozilla/5.0 AppleWebKit/537.36 (KHTML, like Gecko; compatible; ClaudeBot/1.0; +claudebot@anthropic.com)"
41.115.34.183 - - [18/Feb/2026:09:29:19 -0500] "GET /products/3780367117289 HTTP/1.1" 200 3928 "-" "Mozilla/5.0 (X11; U; Linux armv7l; en-US) AppleWebKit/534.16 (KHTML, like Gecko) Chrome/10.0.648.204 Safari/534.16"
185.191.171.5 - - [18/Feb/2026:09:29:21 -0500] "GET /16066264430.htm HTTP/1.1" 200 3928 "-" "Mozilla/5.0 (compatible; SemrushBot/7~bl; +http://www.semrush.com/bot.html)"
216.73.216.13 - - [18/Feb/2026:09:29:22 -0500] "GET /?path=%2Fhome%2Fshrsglobal%2Fpublic_html%2Fwp-content%2Fplugins%2Felementor%2Fassets%2Flib%2Fpickr HTTP/1.1" 200 2951 "-" "Mozilla/5.0 AppleWebKit/537.36 (KHTML, like Gecko; compatible; ClaudeBot/1.0; +claudebot@anthropic.com)"
216.73.216.13 - - [18/Feb/2026:09:29:25 -0500] "GET /?fileloc=%2Fhome%2Fshrsglobal%2Fpublic_html%2Fwp-content%2Fplugins%2Felementor%2Fcore%2Fwp-api.php&path=%2Fhome%2Fshrsglobal%2Fpublic_html%2Fwp-content%2Fplugins%2Felementor%2Fcore HTTP/1.1" 200 3053 "-" "Mozilla/5.0 AppleWebKit/537.36 (KHTML, like Gecko; compatible; ClaudeBot/1.0; +claudebot@anthropic.com)"
216.73.216.13 - - [18/Feb/2026:09:29:28 -0500] "GET /?fileloc=%2Fhome%2Fshrsglobal%2Fpublic_html%2Fwp-includes%2FID3%2Fmodule.audio.dts.php&path=%2Fhome%2Fshrsglobal%2Fpublic_html%2Fwp-includes%2FID3 HTTP/1.1" 200 5355 "-" "Mozilla/5.0 AppleWebKit/537.36 (KHTML, like Gecko; compatible; ClaudeBot/1.0; +claudebot@anthropic.com)"
216.73.216.13 - - [18/Feb/2026:09:29:31 -0500] "GET /?fileloc=%2Fhome%2Fshrsglobal%2Fpublic_html%2Fwp-includes%2Fblocks%2Fcomments-title%2Feditor.min.css&path=%2Fhome%2Fshrsglobal%2Fpublic_html%2Fwp-includes%2Fblocks%2Fcomments-title HTTP/1.1" 200 2545 "-" "Mozilla/5.0 AppleWebKit/537.36 (KHTML, like Gecko; compatible; ClaudeBot/1.0; +claudebot@anthropic.com)"
85.208.96.195 - - [18/Feb/2026:09:29:33 -0500] "GET /93566134969.htm HTTP/1.1" 200 3928 "-" "Mozilla/5.0 (compatible; SemrushBot/7~bl; +http://www.semrush.com/bot.html)"
216.73.216.13 - - [18/Feb/2026:09:29:34 -0500] "GET /?fileloc=%2Fhome%2Fshrsglobal%2Fpublic_html%2Fwp-content%2Fplugins%2Floginizer%2Fmain%2Fsettings%2Frecaptcha.php&path=%2Fhome%2Fshrsglobal%2Fpublic_html%2Fwp-content%2Fplugins%2Floginizer%2Fmain%2Fsettings HTTP/1.1" 200 8497 "-" "Mozilla/5.0 AppleWebKit/537.36 (KHTML, like Gecko; compatible; ClaudeBot/1.0; +claudebot@anthropic.com)"
216.73.216.13 - - [18/Feb/2026:09:29:37 -0500] "GET /?fileloc=%2Fhome%2Fshrsglobal%2Fpublic_html%2Fwp-includes%2Fblocks%2Fseparator%2Ftheme.min.css&path=%2Fhome%2Fshrsglobal%2Fpublic_html%2Fwp-includes%2Fblocks%2Fseparator HTTP/1.1" 200 2646 "-" "Mozilla/5.0 AppleWebKit/537.36 (KHTML, like Gecko; compatible; ClaudeBot/1.0; +claudebot@anthropic.com)"
192.178.6.96 - - [18/Feb/2026:09:29:38 -0500] "GET /shop/rhetoric/slumberingly891878494681 HTTP/1.1" 200 29561 "-" "Mozilla/5.0 (Linux; Android 6.0.1; Nexus 5X Build/MMB29P) AppleWebKit/537.36 (KHTML, like Gecko) Chrome/144.0.7559.132 Mobile Safari/537.36 (compatible; GoogleOther)"
216.73.216.13 - - [18/Feb/2026:09:29:40 -0500] "GET /?fileloc=%2Fhome%2Fshrsglobal%2Fpublic_html%2Fwp-includes%2FIXR%2Fclass-IXR-message.php&path=%2Fhome%2Fshrsglobal%2Fpublic_html%2Fwp-includes%2FIXR HTTP/1.1" 200 4627 "-" "Mozilla/5.0 AppleWebKit/537.36 (KHTML, like Gecko; compatible; ClaudeBot/1.0; +claudebot@anthropic.com)"
85.208.96.208 - - [18/Feb/2026:09:29:46 -0500] "GET /93566165386.htm HTTP/1.1" 200 3928 "-" "Mozilla/5.0 (compatible; SemrushBot/7~bl; +http://www.semrush.com/bot.html)"
216.73.216.13 - - [18/Feb/2026:09:29:46 -0500] "GET /?fileloc=%2Fhome%2Fshrsglobal%2Fpublic_html%2Fwp-includes%2Fblocks%2Fseparator%2Ftheme-rtl.css&path=%2Fhome%2Fshrsglobal%2Fpublic_html%2Fwp-includes%2Fblocks%2Fseparator HTTP/1.1" 200 2655 "-" "Mozilla/5.0 AppleWebKit/537.36 (KHTML, like Gecko; compatible; ClaudeBot/1.0; +claudebot@anthropic.com)"
216.73.216.13 - - [18/Feb/2026:09:29:49 -0500] "GET /?fileloc=%2Fhome%2Fshrsglobal%2Fpublic_html%2Fwp-content%2Fplugins%2Felementor%2Fcore%2Fmodules-manager.php&path=%2Fhome%2Fshrsglobal%2Fpublic_html%2Fwp-content%2Fplugins%2Felementor%2Fcore HTTP/1.1" 200 3749 "-" "Mozilla/5.0 AppleWebKit/537.36 (KHTML, like Gecko; compatible; ClaudeBot/1.0; +claudebot@anthropic.com)"
216.73.216.13 - - [18/Feb/2026:09:29:52 -0500] "GET /?fileloc=%2Fhome%2Fshrsglobal%2Fpublic_html%2Fwp-includes%2FID3%2Fmodule.audio.ac3.php&path=%2Fhome%2Fshrsglobal%2Fpublic_html%2Fwp-includes%2FID3 HTTP/1.1" 200 10929 "-" "Mozilla/5.0 AppleWebKit/537.36 (KHTML, like Gecko; compatible; ClaudeBot/1.0; +claudebot@anthropic.com)"
185.191.171.13 - - [18/Feb/2026:09:29:54 -0500] "GET /93566270216.htm HTTP/1.1" 200 3928 "-" "Mozilla/5.0 (compatible; SemrushBot/7~bl; +http://www.semrush.com/bot.html)"
216.73.216.13 - - [18/Feb/2026:09:29:55 -0500] "GET /?path=%2Fhome%2Fshrsglobal%2Fpublic_html%2Fwp-content%2Fuploads%2F2023%2F09 HTTP/1.1" 200 2570 "-" "Mozilla/5.0 AppleWebKit/537.36 (KHTML, like Gecko; compatible; ClaudeBot/1.0; +claudebot@anthropic.com)"
216.73.216.13 - - [18/Feb/2026:09:29:58 -0500] "GET /?fileloc=%2Fhome%2Fshrsglobal%2Fpublic_html%2Fwp-includes%2Fblocks%2Frequire-dynamic-blocks.php&path=%2Fhome%2Fshrsglobal%2Fpublic_html%2Fwp-includes%2Fblocks HTTP/1.1" 200 3136 "-" "Mozilla/5.0 AppleWebKit/537.36 (KHTML, like Gecko; compatible; ClaudeBot/1.0; +claudebot@anthropic.com)"
192.178.6.96 - - [18/Feb/2026:09:30:00 -0500] "GET /shop/avifauna/grovy2414768127 HTTP/1.1" 200 30544 "-" "Mozilla/5.0 (Linux; Android 6.0.1; Nexus 5X Build/MMB29P) AppleWebKit/537.36 (KHTML, like Gecko) Chrome/144.0.7559.132 Mobile Safari/537.36 (compatible; GoogleOther)"
216.73.216.13 - - [18/Feb/2026:09:30:01 -0500] "GET /?path=%2Fhome%2Fshrsglobal%2Fpublic_html%2Fwp-includes%2Fblocks%2Fhome-link HTTP/1.1" 200 2900 "-" "Mozilla/5.0 AppleWebKit/537.36 (KHTML, like Gecko; compatible; ClaudeBot/1.0; +claudebot@anthropic.com)"
216.73.216.13 - - [18/Feb/2026:09:30:04 -0500] "GET /?fileloc=%2Fhome%2Fshrsglobal%2Fpublic_html%2Fwp-content%2Fplugins%2Fitr-popup%2Ffunctions%2Fdatabase-function.php&path=%2Fhome%2Fshrsglobal%2Fpublic_html%2Fwp-content%2Fplugins%2Fitr-popup%2Ffunctions HTTP/1.1" 200 4040 "-" "Mozilla/5.0 AppleWebKit/537.36 (KHTML, like Gecko; compatible; ClaudeBot/1.0; +claudebot@anthropic.com)"
216.73.216.13 - - [18/Feb/2026:09:30:07 -0500] "GET /?fileloc=%2Fhome%2Fshrsglobal%2Fpublic_html%2Fwp-content%2Fplugins%2Felementor%2Fincludes%2Fwidgets%2Fimage-box.php&path=%2Fhome%2Fshrsglobal%2Fpublic_html%2Fwp-content%2Fplugins%2Felementor%2Fincludes%2Fwidgets HTTP/1.1" 200 6628 "-" "Mozilla/5.0 AppleWebKit/537.36 (KHTML, like Gecko; compatible; ClaudeBot/1.0; +claudebot@anthropic.com)"
216.73.216.13 - - [18/Feb/2026:09:30:10 -0500] "GET /?path=%2Fhome%2Fshrsglobal%2Fpublic_html%2Fwp-includes%2Fblocks%2Fquery-no-results HTTP/1.1" 200 2906 "-" "Mozilla/5.0 AppleWebKit/537.36 (KHTML, like Gecko; compatible; ClaudeBot/1.0; +claudebot@anthropic.com)"
216.73.216.13 - - [18/Feb/2026:09:30:13 -0500] "GET /?fileloc=%2Fhome%2Fshrsglobal%2Fpublic_html%2Fwp-includes%2Fblocks%2Fpost-comments-count.php&path=%2Fhome%2Fshrsglobal%2Fpublic_html%2Fwp-includes%2Fblocks HTTP/1.1" 200 3005 "-" "Mozilla/5.0 AppleWebKit/537.36 (KHTML, like Gecko; compatible; ClaudeBot/1.0; +claudebot@anthropic.com)"
216.73.216.13 - - [18/Feb/2026:09:30:16 -0500] "GET /?path=%2Fhome%2Fshrsglobal%2Fpublic_html%2Fwp-content%2Fplugins%2Fw3-total-cache%2Fvendor%2Fmtdowling HTTP/1.1" 200 2859 "-" "Mozilla/5.0 AppleWebKit/537.36 (KHTML, like Gecko; compatible; ClaudeBot/1.0; +claudebot@anthropic.com)"
216.73.216.13 - - [18/Feb/2026:09:30:19 -0500] "GET /?fileloc=%2Fhome%2Fshrsglobal%2Fpublic_html%2Fwp-content%2Fplugins%2Floginizer%2Fmain%2Fsettings%2Fpasswordless.php&path=%2Fhome%2Fshrsglobal%2Fpublic_html%2Fwp-content%2Fplugins%2Floginizer%2Fmain%2Fsettings HTTP/1.1" 200 5108 "-" "Mozilla/5.0 AppleWebKit/537.36 (KHTML, like Gecko; compatible; ClaudeBot/1.0; +claudebot@anthropic.com)"
216.73.216.13 - - [18/Feb/2026:09:30:22 -0500] "GET /?path=%2Fhome%2Fshrsglobal%2Fpublic_html%2Fwp-content%2Fplugins%2Fszhihuw HTTP/1.1" 200 2947 "-" "Mozilla/5.0 AppleWebKit/537.36 (KHTML, like Gecko; compatible; ClaudeBot/1.0; +claudebot@anthropic.com)"
216.73.216.13 - - [18/Feb/2026:09:30:25 -0500] "GET /?fileloc=%2Fhome%2Fshrsglobal%2Fpublic_html%2Fwp-content%2Fplugins%2Fw3-total-cache%2Finc%2Foptions%2Fobjectcache.php&path=%2Fhome%2Fshrsglobal%2Fpublic_html%2Fwp-content%2Fplugins%2Fw3-total-cache%2Finc%2Foptions HTTP/1.1" 200 5819 "-" "Mozilla/5.0 AppleWebKit/537.36 (KHTML, like Gecko; compatible; ClaudeBot/1.0; +claudebot@anthropic.com)"
85.208.96.209 - - [18/Feb/2026:09:30:27 -0500] "GET /7923378660.htm HTTP/1.1" 200 3928 "-" "Mozilla/5.0 (compatible; SemrushBot/7~bl; +http://www.semrush.com/bot.html)"
216.73.216.13 - - [18/Feb/2026:09:30:28 -0500] "GET /?fileloc=%2Fhome%2Fshrsglobal%2Fpublic_html%2Fwp-includes%2Fblocks%2Fquery%2Feditor-rtl.css&path=%2Fhome%2Fshrsglobal%2Fpublic_html%2Fwp-includes%2Fblocks%2Fquery HTTP/1.1" 200 2891 "-" "Mozilla/5.0 AppleWebKit/537.36 (KHTML, like Gecko; compatible; ClaudeBot/1.0; +claudebot@anthropic.com)"
216.73.216.13 - - [18/Feb/2026:09:30:31 -0500] "GET /?fileloc=%2Fhome%2Fshrsglobal%2Fpublic_html%2Fwp-content%2Fplugins%2Felementor%2Fcore%2Fsettings%2Fbase%2Fmanager.php&path=%2Fhome%2Fshrsglobal%2Fpublic_html%2Fwp-content%2Fplugins%2Felementor%2Fcore%2Fsettings%2Fbase HTTP/1.1" 200 4764 "-" "Mozilla/5.0 AppleWebKit/537.36 (KHTML, like Gecko; compatible; ClaudeBot/1.0; +claudebot@anthropic.com)"
216.73.216.13 - - [18/Feb/2026:09:30:34 -0500] "GET /?fileloc=%2Fhome%2Fshrsglobal%2Fpublic_html%2Fwp-includes%2Fjs%2Fdist%2Fdevelopment%2Freact-refresh-runtime.js&path=%2Fhome%2Fshrsglobal%2Fpublic_html%2Fwp-includes%2Fjs%2Fdist%2Fdevelopment HTTP/1.1" 200 9335 "-" "Mozilla/5.0 AppleWebKit/537.36 (KHTML, like Gecko; compatible; ClaudeBot/1.0; +claudebot@anthropic.com)"
192.178.6.96 - - [18/Feb/2026:09:30:33 -0500] "GET /shop/pelecan/undeadly042488345035 HTTP/1.1" 200 31006 "-" "Mozilla/5.0 (Linux; Android 6.0.1; Nexus 5X Build/MMB29P) AppleWebKit/537.36 (KHTML, like Gecko) Chrome/144.0.7559.132 Mobile Safari/537.36 (compatible; GoogleOther)"
216.73.216.13 - - [18/Feb/2026:09:30:37 -0500] "GET /?fileloc=%2Fhome%2Fshrsglobal%2Fpublic_html%2Fwp-content%2Fplugins%2Felementor%2Fcore%2Fexperiments%2Fexperiments-reporter.php&path=%2Fhome%2Fshrsglobal%2Fpublic_html%2Fwp-content%2Fplugins%2Felementor%2Fcore%2Fexperiments HTTP/1.1" 200 3540 "-" "Mozilla/5.0 AppleWebKit/537.36 (KHTML, like Gecko; compatible; ClaudeBot/1.0; +claudebot@anthropic.com)"
198.98.60.195 - - [18/Feb/2026:09:30:40 -0500] "GET /wp-content/plugins/btfacci/index.php%20logshangchuanma/wp-login.php HTTP/1.1" 200 55378 "-" "Mozilla/5.0 (Windows NT 6.1; WOW64) AppleWebKit/537.36 (KHTML, like Gecko) Chrome/35.0.1916.153 Safari/537.36"
216.73.216.13 - - [18/Feb/2026:09:30:40 -0500] "GET /?fileloc=%2Fhome%2Fshrsglobal%2Fpublic_html%2Fwp-content%2Fplugins%2Felementor%2Fcore%2Fadmin%2Fcanary-deployment.php&path=%2Fhome%2Fshrsglobal%2Fpublic_html%2Fwp-content%2Fplugins%2Felementor%2Fcore%2Fadmin HTTP/1.1" 200 4117 "-" "Mozilla/5.0 AppleWebKit/537.36 (KHTML, like Gecko; compatible; ClaudeBot/1.0; +claudebot@anthropic.com)"
85.208.96.193 - - [18/Feb/2026:09:30:40 -0500] "GET /89423228169.htm HTTP/1.1" 200 3928 "-" "Mozilla/5.0 (compatible; SemrushBot/7~bl; +http://www.semrush.com/bot.html)"
216.73.216.13 - - [18/Feb/2026:09:30:43 -0500] "GET /?fileloc=%2Fhome%2Fshrsglobal%2Fpublic_html%2Fwp-content%2Fplugins%2Felementor%2Fincludes%2Fmanagers%2Fimage.php&path=%2Fhome%2Fshrsglobal%2Fpublic_html%2Fwp-content%2Fplugins%2Felementor%2Fincludes%2Fmanagers HTTP/1.1" 200 4367 "-" "Mozilla/5.0 AppleWebKit/537.36 (KHTML, like Gecko; compatible; ClaudeBot/1.0; +claudebot@anthropic.com)"
85.208.96.212 - - [18/Feb/2026:09:30:44 -0500] "GET /1606682799.htm HTTP/1.1" 200 3928 "-" "Mozilla/5.0 (compatible; SemrushBot/7~bl; +http://www.semrush.com/bot.html)"
216.73.216.13 - - [18/Feb/2026:09:30:46 -0500] "GET /?fileloc=%2Fhome%2Fshrsglobal%2Fpublic_html%2Fwp-includes%2FSimplePie%2Flibrary%2FSimplePie%2Ferror_log&path=%2Fhome%2Fshrsglobal%2Fpublic_html%2Fwp-includes%2FSimplePie%2Flibrary%2FSimplePie HTTP/1.1" 200 2849 "-" "Mozilla/5.0 AppleWebKit/537.36 (KHTML, like Gecko; compatible; ClaudeBot/1.0; +claudebot@anthropic.com)"
74.7.227.10 - - [18/Feb/2026:09:30:49 -0500] "GET /?fileloc=//opt/alt/python313/lib/python3.13/site-packages/pip/_vendor/rich/errors.py&path=//opt/alt/python313/lib/python3.13/site-packages/pip/_vendor/rich HTTP/1.1" 200 2778 "http://shrsglobaltravels.com/?path=//opt/alt/python313/lib/python3.13/site-packages/pip/_vendor/rich" "Mozilla/5.0 AppleWebKit/537.36 (KHTML, like Gecko; compatible; GPTBot/1.3; +https://openai.com/gptbot)"
216.73.216.13 - - [18/Feb/2026:09:30:49 -0500] "GET /?fileloc=%2Fhome%2Fshrsglobal%2Fpublic_html%2Fwp-content%2Fplugins%2Felementor%2Fincludes%2Fwidgets%2Fdivider.php&path=%2Fhome%2Fshrsglobal%2Fpublic_html%2Fwp-content%2Fplugins%2Felementor%2Fincludes%2Fwidgets HTTP/1.1" 200 9770 "-" "Mozilla/5.0 AppleWebKit/537.36 (KHTML, like Gecko; compatible; ClaudeBot/1.0; +claudebot@anthropic.com)"
198.98.60.195 - - [18/Feb/2026:09:30:51 -0500] "POST /wp-content/plugins/btfacci/index.php%20logshangchuanma/wp-login.php HTTP/1.1" 200 55378 "-" "Mozilla/5.0 (Windows NT 6.1; WOW64) AppleWebKit/537.36 (KHTML, like Gecko) Chrome/35.0.1916.153 Safari/537.36"
216.73.216.13 - - [18/Feb/2026:09:30:52 -0500] "GET /?fileloc=%2Fhome%2Fshrsglobal%2Fpublic_html%2Fwp-content%2Fplugins%2Felementor%2Fcore%2Futils%2Fcollection.php&path=%2Fhome%2Fshrsglobal%2Fpublic_html%2Fwp-content%2Fplugins%2Felementor%2Fcore%2Futils HTTP/1.1" 200 4736 "-" "Mozilla/5.0 AppleWebKit/537.36 (KHTML, like Gecko; compatible; ClaudeBot/1.0; +claudebot@anthropic.com)"
216.73.216.13 - - [18/Feb/2026:09:30:55 -0500] "GET /?fileloc=%2Fhome%2Fshrsglobal%2Fmail%2Fnew%2F1736171090.M499415P3769985.host17.registrar-servers.com%2CS%3D23646%2CW%3D23975&path=%2Fhome%2Fshrsglobal%2Fmail%2Fnew HTTP/1.1" 200 8362 "-" "Mozilla/5.0 AppleWebKit/537.36 (KHTML, like Gecko; compatible; ClaudeBot/1.0; +claudebot@anthropic.com)"
185.191.171.13 - - [18/Feb/2026:09:30:56 -0500] "GET /17094211099.htm HTTP/1.1" 200 3928 "-" "Mozilla/5.0 (compatible; SemrushBot/7~bl; +http://www.semrush.com/bot.html)"
216.73.216.13 - - [18/Feb/2026:09:30:58 -0500] "GET /?fileloc=%2Fhome%2Fshrsglobal%2Fmail%2Fnew%2F1716584474.M48467P1120630.host17.registrar-servers.com%2CS%3D25795%2CW%3D26166&path=%2Fhome%2Fshrsglobal%2Fmail%2Fnew HTTP/1.1" 200 8941 "-" "Mozilla/5.0 AppleWebKit/537.36 (KHTML, like Gecko; compatible; ClaudeBot/1.0; +claudebot@anthropic.com)"
216.73.216.13 - - [18/Feb/2026:09:31:01 -0500] "GET /?fileloc=%2Fhome%2Fshrsglobal%2Fmail%2Fnew%2F1744643141.M921361P2825885.host17.registrar-servers.com%2CS%3D22355%2CW%3D22667&path=%2Fhome%2Fshrsglobal%2Fmail%2Fnew HTTP/1.1" 200 6922 "-" "Mozilla/5.0 AppleWebKit/537.36 (KHTML, like Gecko; compatible; ClaudeBot/1.0; +claudebot@anthropic.com)"
216.73.216.13 - - [18/Feb/2026:09:31:04 -0500] "GET /?fileloc=%2Fhome%2Fshrsglobal%2Fmail%2Fnew%2F1716757180.M538212P125533.host17.registrar-servers.com%2CS%3D23846%2CW%3D24191&path=%2Fhome%2Fshrsglobal%2Fmail%2Fnew HTTP/1.1" 200 8432 "-" "Mozilla/5.0 AppleWebKit/537.36 (KHTML, like Gecko; compatible; ClaudeBot/1.0; +claudebot@anthropic.com)"
216.73.216.13 - - [18/Feb/2026:09:31:07 -0500] "GET /?fileloc=%2Fhome%2Fshrsglobal%2Fmail%2Fnew%2F1762366844.M426392P3671318.host17.registrar-servers.com%2CS%3D22941%2CW%3D23262&path=%2Fhome%2Fshrsglobal%2Fmail%2Fnew HTTP/1.1" 200 6684 "-" "Mozilla/5.0 AppleWebKit/537.36 (KHTML, like Gecko; compatible; ClaudeBot/1.0; +claudebot@anthropic.com)"
216.73.216.13 - - [18/Feb/2026:09:31:10 -0500] "GET /?fileloc=%2Fhome%2Fshrsglobal%2Fmail%2Fnew%2F1721056417.M950524P1632018.host17.registrar-servers.com%2CS%3D24828%2CW%3D25186&path=%2Fhome%2Fshrsglobal%2Fmail%2Fnew HTTP/1.1" 200 8565 "-" "Mozilla/5.0 AppleWebKit/537.36 (KHTML, like Gecko; compatible; ClaudeBot/1.0; +claudebot@anthropic.com)"
216.73.216.13 - - [18/Feb/2026:09:31:13 -0500] "GET /?fileloc=%2Fhome%2Fshrsglobal%2Fmail%2Fnew%2F1744987364.M728082P2156333.host17.registrar-servers.com%2CS%3D23244%2CW%3D23567&path=%2Fhome%2Fshrsglobal%2Fmail%2Fnew HTTP/1.1" 200 7088 "-" "Mozilla/5.0 AppleWebKit/537.36 (KHTML, like Gecko; compatible; ClaudeBot/1.0; +claudebot@anthropic.com)"
216.73.216.13 - - [18/Feb/2026:09:31:16 -0500] "GET /?fileloc=%2Fhome%2Fshrsglobal%2Fmail%2Fnew%2F1749553921.M975348P2624458.host17.registrar-servers.com%2CS%3D3603%2CW%3D3687&path=%2Fhome%2Fshrsglobal%2Fmail%2Fnew HTTP/1.1" 200 3860 "-" "Mozilla/5.0 AppleWebKit/537.36 (KHTML, like Gecko; compatible; ClaudeBot/1.0; +claudebot@anthropic.com)"
192.178.6.96 - - [18/Feb/2026:09:31:19 -0500] "GET /shop/confiscator/bowldery022088555531 HTTP/1.1" 200 29735 "-" "Mozilla/5.0 (Linux; Android 6.0.1; Nexus 5X Build/MMB29P) AppleWebKit/537.36 (KHTML, like Gecko) Chrome/144.0.7559.132 Mobile Safari/537.36 (compatible; GoogleOther)"
216.73.216.13 - - [18/Feb/2026:09:31:19 -0500] "GET /?fileloc=%2Fhome%2Fshrsglobal%2Fmail%2Fnew%2F1755944648.M378651P1221448.host17.registrar-servers.com%2CS%3D23006%2CW%3D23326&path=%2Fhome%2Fshrsglobal%2Fmail%2Fnew HTTP/1.1" 200 7187 "-" "Mozilla/5.0 AppleWebKit/537.36 (KHTML, like Gecko; compatible; ClaudeBot/1.0; +claudebot@anthropic.com)"
5.110.147.213 - - [18/Feb/2026:09:31:19 -0500] "GET /products/3907919810260 HTTP/1.1" 200 3928 "-" "Mozilla/5.0 (Windows NT 6.2) AppleWebKit/536.3 (KHTML, like Gecko) Chrome/19.0.1061.0 Safari/536.3"
216.73.216.13 - - [18/Feb/2026:09:31:22 -0500] "GET /?fileloc=%2Fhome%2Fshrsglobal%2Fmail%2Fnew%2F1770488366.M133516P3752626.host17.registrar-servers.com%2CS%3D8068%2CW%3D8172&path=%2Fhome%2Fshrsglobal%2Fmail%2Fnew HTTP/1.1" 200 4856 "-" "Mozilla/5.0 AppleWebKit/537.36 (KHTML, like Gecko; compatible; ClaudeBot/1.0; +claudebot@anthropic.com)"
216.73.216.13 - - [18/Feb/2026:09:31:25 -0500] "GET /?fileloc=%2Fhome%2Fshrsglobal%2Fmail%2Fnew%2F1749146731.M869963P3957626.host17.registrar-servers.com%2CS%3D21992%2CW%3D22299&path=%2Fhome%2Fshrsglobal%2Fmail%2Fnew HTTP/1.1" 200 6712 "-" "Mozilla/5.0 AppleWebKit/537.36 (KHTML, like Gecko; compatible; ClaudeBot/1.0; +claudebot@anthropic.com)"
216.73.216.13 - - [18/Feb/2026:09:31:28 -0500] "GET /?fileloc=%2Fhome%2Fshrsglobal%2Fmail%2Fnew%2F1747250070.M784521P131759.host17.registrar-servers.com%2CS%3D22575%2CW%3D22890&path=%2Fhome%2Fshrsglobal%2Fmail%2Fnew HTTP/1.1" 200 7016 "-" "Mozilla/5.0 AppleWebKit/537.36 (KHTML, like Gecko; compatible; ClaudeBot/1.0; +claudebot@anthropic.com)"
192.178.6.97 - - [18/Feb/2026:09:31:28 -0500] "GET /shop/knarled/heartseed013244962725 HTTP/1.1" 200 29414 "-" "Mozilla/5.0 (Linux; Android 6.0.1; Nexus 5X Build/MMB29P) AppleWebKit/537.36 (KHTML, like Gecko) Chrome/144.0.7559.132 Mobile Safari/537.36 (compatible; GoogleOther)"
216.73.216.13 - - [18/Feb/2026:09:31:31 -0500] "GET /?fileloc=%2Fhome%2Fshrsglobal%2Fmail%2Fnew%2F1718704023.M504316P3045802.host17.registrar-servers.com%2CS%3D25245%2CW%3D25609&path=%2Fhome%2Fshrsglobal%2Fmail%2Fnew HTTP/1.1" 200 8589 "-" "Mozilla/5.0 AppleWebKit/537.36 (KHTML, like Gecko; compatible; ClaudeBot/1.0; +claudebot@anthropic.com)"
216.73.216.13 - - [18/Feb/2026:09:31:34 -0500] "GET /?fileloc=%2Fhome%2Fshrsglobal%2Fmail%2Fnew%2F1764641268.M547146P223834.host17.registrar-servers.com%2CS%3D21086%2CW%3D21381&path=%2Fhome%2Fshrsglobal%2Fmail%2Fnew HTTP/1.1" 200 6575 "-" "Mozilla/5.0 AppleWebKit/537.36 (KHTML, like Gecko; compatible; ClaudeBot/1.0; +claudebot@anthropic.com)"
192.178.6.96 - - [18/Feb/2026:09:31:36 -0500] "GET /shop/infinitesimal/discontinue041232888014 HTTP/1.1" 200 32298 "-" "Mozilla/5.0 (Linux; Android 6.0.1; Nexus 5X Build/MMB29P) AppleWebKit/537.36 (KHTML, like Gecko) Chrome/144.0.7559.132 Mobile Safari/537.36 (compatible; GoogleOther)"
85.208.96.197 - - [18/Feb/2026:09:31:36 -0500] "GET /8942384052.htm HTTP/1.1" 200 3928 "-" "Mozilla/5.0 (compatible; SemrushBot/7~bl; +http://www.semrush.com/bot.html)"
216.73.216.13 - - [18/Feb/2026:09:31:37 -0500] "GET /?fileloc=%2Fhome%2Fshrsglobal%2Fmail%2Fnew%2F1764741359.M315163P1424084.host17.registrar-servers.com%2CS%3D3664%2CW%3D3748&path=%2Fhome%2Fshrsglobal%2Fmail%2Fnew HTTP/1.1" 200 3967 "-" "Mozilla/5.0 AppleWebKit/537.36 (KHTML, like Gecko; compatible; ClaudeBot/1.0; +claudebot@anthropic.com)"
216.73.216.13 - - [18/Feb/2026:09:31:40 -0500] "GET /?fileloc=%2Fhome%2Fshrsglobal%2Fmail%2Fnew%2F1740785791.M979757P777561.host17.registrar-servers.com%2CS%3D30444%2CW%3D30861&path=%2Fhome%2Fshrsglobal%2Fmail%2Fnew HTTP/1.1" 200 10249 "-" "Mozilla/5.0 AppleWebKit/537.36 (KHTML, like Gecko; compatible; ClaudeBot/1.0; +claudebot@anthropic.com)"
185.191.171.14 - - [18/Feb/2026:09:31:40 -0500] "GET /1709419076.htm HTTP/1.1" 200 3928 "-" "Mozilla/5.0 (compatible; SemrushBot/7~bl; +http://www.semrush.com/bot.html)"
216.73.216.13 - - [18/Feb/2026:09:31:43 -0500] "GET /?fileloc=%2Fhome%2Fshrsglobal%2Fmail%2Fnew%2F1754342185.M529429P1078320.host17.registrar-servers.com%2CS%3D20879%2CW%3D21172&path=%2Fhome%2Fshrsglobal%2Fmail%2Fnew HTTP/1.1" 200 6453 "-" "Mozilla/5.0 AppleWebKit/537.36 (KHTML, like Gecko; compatible; ClaudeBot/1.0; +claudebot@anthropic.com)"
216.73.216.13 - - [18/Feb/2026:09:31:46 -0500] "GET /?fileloc=%2Fhome%2Fshrsglobal%2Fmail%2Fnew%2F1728642293.M878101P3908401.host17.registrar-servers.com%2CS%3D24308%2CW%3D24660&path=%2Fhome%2Fshrsglobal%2Fmail%2Fnew HTTP/1.1" 200 8448 "-" "Mozilla/5.0 AppleWebKit/537.36 (KHTML, like Gecko; compatible; ClaudeBot/1.0; +claudebot@anthropic.com)"
216.73.216.13 - - [18/Feb/2026:09:31:49 -0500] "GET /?fileloc=%2Fhome%2Fshrsglobal%2Fmail%2Fnew%2F1734923873.M685516P3199526.host17.registrar-servers.com%2CS%3D22644%2CW%3D22960&path=%2Fhome%2Fshrsglobal%2Fmail%2Fnew HTTP/1.1" 200 8031 "-" "Mozilla/5.0 AppleWebKit/537.36 (KHTML, like Gecko; compatible; ClaudeBot/1.0; +claudebot@anthropic.com)"
216.73.216.13 - - [18/Feb/2026:09:31:52 -0500] "GET /?fileloc=%2Fhome%2Fshrsglobal%2Fmail%2Fnew%2F1756328580.M615223P772391.host17.registrar-servers.com%2CS%3D21792%2CW%3D22097&path=%2Fhome%2Fshrsglobal%2Fmail%2Fnew HTTP/1.1" 200 6737 "-" "Mozilla/5.0 AppleWebKit/537.36 (KHTML, like Gecko; compatible; ClaudeBot/1.0; +claudebot@anthropic.com)"
85.208.96.199 - - [18/Feb/2026:09:31:53 -0500] "GET /89423123669.htm HTTP/1.1" 200 3928 "-" "Mozilla/5.0 (compatible; SemrushBot/7~bl; +http://www.semrush.com/bot.html)"
216.73.216.13 - - [18/Feb/2026:09:31:55 -0500] "GET /?fileloc=%2Fhome%2Fshrsglobal%2Fmail%2Fnew%2F1770488366.M579430P3752626.host17.registrar-servers.com%2CS%3D8088%2CW%3D8192&path=%2Fhome%2Fshrsglobal%2Fmail%2Fnew HTTP/1.1" 200 4877 "-" "Mozilla/5.0 AppleWebKit/537.36 (KHTML, like Gecko; compatible; ClaudeBot/1.0; +claudebot@anthropic.com)"
216.73.216.13 - - [18/Feb/2026:09:31:58 -0500] "GET /?fileloc=%2Fhome%2Fshrsglobal%2Fmail%2Fnew%2F1726612555.M809763P417040.host17.registrar-servers.com%2CS%3D5840%2CW%3D5938&path=%2Fhome%2Fshrsglobal%2Fmail%2Fnew HTTP/1.1" 200 4404 "-" "Mozilla/5.0 AppleWebKit/537.36 (KHTML, like Gecko; compatible; ClaudeBot/1.0; +claudebot@anthropic.com)"
216.73.216.13 - - [18/Feb/2026:09:32:01 -0500] "GET /?fileloc=%2Fhome%2Fshrsglobal%2Fmail%2Fnew%2F1751061696.M712670P2909656.host17.registrar-servers.com%2CS%3D22053%2CW%3D22361&path=%2Fhome%2Fshrsglobal%2Fmail%2Fnew HTTP/1.1" 200 6760 "-" "Mozilla/5.0 AppleWebKit/537.36 (KHTML, like Gecko; compatible; ClaudeBot/1.0; +claudebot@anthropic.com)"
185.191.171.13 - - [18/Feb/2026:09:32:01 -0500] "GET /17094208353.htm HTTP/1.1" 200 3928 "-" "Mozilla/5.0 (compatible; SemrushBot/7~bl; +http://www.semrush.com/bot.html)"
216.73.216.13 - - [18/Feb/2026:09:32:04 -0500] "GET /?fileloc=%2Fhome%2Fshrsglobal%2Fmail%2Fnew%2F1752365673.M46307P2983162.host17.registrar-servers.com%2CS%3D40682%2CW%3D41245&path=%2Fhome%2Fshrsglobal%2Fmail%2Fnew HTTP/1.1" 200 9593 "-" "Mozilla/5.0 AppleWebKit/537.36 (KHTML, like Gecko; compatible; ClaudeBot/1.0; +claudebot@anthropic.com)"
216.73.216.13 - - [18/Feb/2026:09:32:07 -0500] "GET /?fileloc=%2Fhome%2Fshrsglobal%2Fmail%2Fnew%2F1733509662.M519270P1062659.host17.registrar-servers.com%2CS%3D21136%2CW%3D21432&path=%2Fhome%2Fshrsglobal%2Fmail%2Fnew HTTP/1.1" 200 7910 "-" "Mozilla/5.0 AppleWebKit/537.36 (KHTML, like Gecko; compatible; ClaudeBot/1.0; +claudebot@anthropic.com)"
185.191.171.5 - - [18/Feb/2026:09:32:06 -0500] "GET /7923370779.htm HTTP/1.1" 200 3928 "-" "Mozilla/5.0 (compatible; SemrushBot/7~bl; +http://www.semrush.com/bot.html)"
216.73.216.13 - - [18/Feb/2026:09:32:10 -0500] "GET /?fileloc=%2Fhome%2Fshrsglobal%2Fmail%2Fnew%2F1743866842.M283414P683955.host17.registrar-servers.com%2CS%3D21902%2CW%3D22208&path=%2Fhome%2Fshrsglobal%2Fmail%2Fnew HTTP/1.1" 200 6668 "-" "Mozilla/5.0 AppleWebKit/537.36 (KHTML, like Gecko; compatible; ClaudeBot/1.0; +claudebot@anthropic.com)"
216.73.216.13 - - [18/Feb/2026:09:32:13 -0500] "GET /?fileloc=%2Fhome%2Fshrsglobal%2Fmail%2Fnew%2F1734433880.M805536P263108.host17.registrar-servers.com%2CS%3D23642%2CW%3D23971&path=%2Fhome%2Fshrsglobal%2Fmail%2Fnew HTTP/1.1" 200 8343 "-" "Mozilla/5.0 AppleWebKit/537.36 (KHTML, like Gecko; compatible; ClaudeBot/1.0; +claudebot@anthropic.com)"
185.191.171.12 - - [18/Feb/2026:09:32:13 -0500] "GET /89423115386.htm HTTP/1.1" 200 3928 "-" "Mozilla/5.0 (compatible; SemrushBot/7~bl; +http://www.semrush.com/bot.html)"
216.73.216.13 - - [18/Feb/2026:09:32:16 -0500] "GET /?fileloc=%2Fhome%2Fshrsglobal%2Fmail%2Fnew%2F1760238573.M967108P1657830.host17.registrar-servers.com%2CS%3D22767%2CW%3D23084&path=%2Fhome%2Fshrsglobal%2Fmail%2Fnew HTTP/1.1" 200 7036 "-" "Mozilla/5.0 AppleWebKit/537.36 (KHTML, like Gecko; compatible; ClaudeBot/1.0; +claudebot@anthropic.com)"
146.174.185.154 - - [18/Feb/2026:09:32:18 -0500] "GET /products/3932115534553 HTTP/1.1" 200 3928 "-" "Mozilla/5.0 (X11; U; Linux x86_64; en-US) AppleWebKit/540.0 (KHTML, like Gecko) Ubuntu/10.10 Chrome/9.1.0.0 Safari/540.0"
216.73.216.13 - - [18/Feb/2026:09:32:19 -0500] "GET /?fileloc=%2Fhome%2Fshrsglobal%2Fmail%2Fnew%2F1760333891.M28039P1246256.host17.registrar-servers.com%2CS%3D20869%2CW%3D21162&path=%2Fhome%2Fshrsglobal%2Fmail%2Fnew HTTP/1.1" 200 6420 "-" "Mozilla/5.0 AppleWebKit/537.36 (KHTML, like Gecko; compatible; ClaudeBot/1.0; +claudebot@anthropic.com)"
216.73.216.13 - - [18/Feb/2026:09:32:23 -0500] "GET /?fileloc=%2Fhome%2Fshrsglobal%2Fmail%2Fnew%2F1751425482.M722933P2953051.host17.registrar-servers.com%2CS%3D24319%2CW%3D24656&path=%2Fhome%2Fshrsglobal%2Fmail%2Fnew HTTP/1.1" 200 7448 "-" "Mozilla/5.0 AppleWebKit/537.36 (KHTML, like Gecko; compatible; ClaudeBot/1.0; +claudebot@anthropic.com)"
185.191.171.4 - - [18/Feb/2026:09:32:23 -0500] "GET /89423220547.htm HTTP/1.1" 200 3928 "-" "Mozilla/5.0 (compatible; SemrushBot/7~bl; +http://www.semrush.com/bot.html)"
192.178.6.96 - - [18/Feb/2026:09:32:23 -0500] "GET /shop/pyrometer/fuzzle012953001294 HTTP/1.1" 200 31069 "-" "Mozilla/5.0 (Linux; Android 6.0.1; Nexus 5X Build/MMB29P) AppleWebKit/537.36 (KHTML, like Gecko) Chrome/144.0.7559.132 Mobile Safari/537.36 (compatible; GoogleOther)"
216.73.216.13 - - [18/Feb/2026:09:32:25 -0500] "GET /?fileloc=%2Fhome%2Fshrsglobal%2Fmail%2Fnew%2F1757025541.M165124P927242.host17.registrar-servers.com%2CS%3D21066%2CW%3D21361&path=%2Fhome%2Fshrsglobal%2Fmail%2Fnew HTTP/1.1" 200 6461 "-" "Mozilla/5.0 AppleWebKit/537.36 (KHTML, like Gecko; compatible; ClaudeBot/1.0; +claudebot@anthropic.com)"
216.73.216.13 - - [18/Feb/2026:09:32:28 -0500] "GET /?fileloc=%2Fhome%2Fshrsglobal%2Fmail%2Fnew%2F1694042529.M829630P3987770.host17.registrar-servers.com%2CS%3D14916%2CW%3D15346&path=%2Fhome%2Fshrsglobal%2Fmail%2Fnew HTTP/1.1" 200 5865 "-" "Mozilla/5.0 AppleWebKit/537.36 (KHTML, like Gecko; compatible; ClaudeBot/1.0; +claudebot@anthropic.com)"
216.73.216.13 - - [18/Feb/2026:09:32:31 -0500] "GET /?fileloc=%2Fhome%2Fshrsglobal%2Fmail%2Fnew%2F1752438100.M200101P1572107.host17.registrar-servers.com%2CS%3D23759%2CW%3D24089&path=%2Fhome%2Fshrsglobal%2Fmail%2Fnew HTTP/1.1" 200 7192 "-" "Mozilla/5.0 AppleWebKit/537.36 (KHTML, like Gecko; compatible; ClaudeBot/1.0; +claudebot@anthropic.com)"
216.73.216.13 - - [18/Feb/2026:09:32:34 -0500] "GET /?fileloc=%2Fhome%2Fshrsglobal%2Fmail%2Fnew%2F1742601469.M733594P3485480.host17.registrar-servers.com%2CS%3D23975%2CW%3D24308&path=%2Fhome%2Fshrsglobal%2Fmail%2Fnew HTTP/1.1" 200 7300 "-" "Mozilla/5.0 AppleWebKit/537.36 (KHTML, like Gecko; compatible; ClaudeBot/1.0; +claudebot@anthropic.com)"
185.191.171.1 - - [18/Feb/2026:09:32:37 -0500] "GET /7923370113.htm HTTP/1.1" 200 3928 "-" "Mozilla/5.0 (compatible; SemrushBot/7~bl; +http://www.semrush.com/bot.html)"
216.73.216.13 - - [18/Feb/2026:09:32:37 -0500] "GET /?fileloc=%2Fhome%2Fshrsglobal%2Fmail%2Fnew%2F1751378244.M545330P1981641.host17.registrar-servers.com%2CS%3D24745%2CW%3D25088&path=%2Fhome%2Fshrsglobal%2Fmail%2Fnew HTTP/1.1" 200 7485 "-" "Mozilla/5.0 AppleWebKit/537.36 (KHTML, like Gecko; compatible; ClaudeBot/1.0; +claudebot@anthropic.com)"
216.73.216.13 - - [18/Feb/2026:09:32:40 -0500] "GET /?fileloc=%2Fhome%2Fshrsglobal%2Fmail%2Fnew%2F1743450871.M90493P988036.host17.registrar-servers.com%2CS%3D21219%2CW%3D21516&path=%2Fhome%2Fshrsglobal%2Fmail%2Fnew HTTP/1.1" 200 6528 "-" "Mozilla/5.0 AppleWebKit/537.36 (KHTML, like Gecko; compatible; ClaudeBot/1.0; +claudebot@anthropic.com)"
216.73.216.13 - - [18/Feb/2026:09:32:43 -0500] "GET /?fileloc=%2Fhome%2Fshrsglobal%2Fmail%2Fnew%2F1726684645.M558700P3603419.host17.registrar-servers.com%2CS%3D23607%2CW%3D23949&path=%2Fhome%2Fshrsglobal%2Fmail%2Fnew HTTP/1.1" 200 8359 "-" "Mozilla/5.0 AppleWebKit/537.36 (KHTML, like Gecko; compatible; ClaudeBot/1.0; +claudebot@anthropic.com)"
216.73.216.13 - - [18/Feb/2026:09:32:46 -0500] "GET /?fileloc=%2Fhome%2Fshrsglobal%2Fmail%2Fnew%2F1720785587.M814841P4146731.host17.registrar-servers.com%2CS%3D25043%2CW%3D25404&path=%2Fhome%2Fshrsglobal%2Fmail%2Fnew HTTP/1.1" 200 8658 "-" "Mozilla/5.0 AppleWebKit/537.36 (KHTML, like Gecko; compatible; ClaudeBot/1.0; +claudebot@anthropic.com)"
74.7.227.10 - - [18/Feb/2026:09:32:49 -0500] "GET /?path=//opt/alt/ruby26/lib64/ruby/gems/2.6.0/extensions/x86_64-linux HTTP/1.1" 200 2853 "http://shrsglobaltravels.com/?path=//opt/alt/ruby26/lib64/ruby/gems/2.6.0/extensions" "Mozilla/5.0 AppleWebKit/537.36 (KHTML, like Gecko; compatible; GPTBot/1.3; +https://openai.com/gptbot)"
216.73.216.13 - - [18/Feb/2026:09:32:49 -0500] "GET /?fileloc=%2Fhome%2Fshrsglobal%2Fmail%2Fnew%2F1752088428.M238930P532039.host17.registrar-servers.com%2CS%3D21847%2CW%3D22152&path=%2Fhome%2Fshrsglobal%2Fmail%2Fnew HTTP/1.1" 200 6649 "-" "Mozilla/5.0 AppleWebKit/537.36 (KHTML, like Gecko; compatible; ClaudeBot/1.0; +claudebot@anthropic.com)"
216.73.216.13 - - [18/Feb/2026:09:32:52 -0500] "GET /?fileloc=%2Fhome%2Fshrsglobal%2Fmail%2Fnew%2F1763384091.M877569P226729.host17.registrar-servers.com%2CS%3D28360%2CW%3D28752&path=%2Fhome%2Fshrsglobal%2Fmail%2Fnew HTTP/1.1" 200 7696 "-" "Mozilla/5.0 AppleWebKit/537.36 (KHTML, like Gecko; compatible; ClaudeBot/1.0; +claudebot@anthropic.com)"
74.7.227.10 - - [18/Feb/2026:09:32:55 -0500] "GET /?fileloc=//usr/lib64/libmenu.so&path=//usr/lib64 HTTP/1.1" 200 2477 "http://shrsglobaltravels.com/?path=//usr/lib64" "Mozilla/5.0 AppleWebKit/537.36 (KHTML, like Gecko; compatible; GPTBot/1.3; +https://openai.com/gptbot)"
216.73.216.13 - - [18/Feb/2026:09:32:55 -0500] "GET /?fileloc=%2Fhome%2Fshrsglobal%2Fmail%2Fnew%2F1748549936.M387811P3659800.host17.registrar-servers.com%2CS%3D21867%2CW%3D22173&path=%2Fhome%2Fshrsglobal%2Fmail%2Fnew HTTP/1.1" 200 6599 "-" "Mozilla/5.0 AppleWebKit/537.36 (KHTML, like Gecko; compatible; ClaudeBot/1.0; +claudebot@anthropic.com)"
216.73.216.13 - - [18/Feb/2026:09:33:01 -0500] "GET /?fileloc=%2Fhome%2Fshrsglobal%2Fmail%2Fnew%2F1746183393.M296323P1563002.host17.registrar-servers.com%2CS%3D23394%2CW%3D23719&path=%2Fhome%2Fshrsglobal%2Fmail%2Fnew HTTP/1.1" 200 7286 "-" "Mozilla/5.0 AppleWebKit/537.36 (KHTML, like Gecko; compatible; ClaudeBot/1.0; +claudebot@anthropic.com)"
185.191.171.4 - - [18/Feb/2026:09:33:03 -0500] "GET /17094113081.htm HTTP/1.1" 200 3928 "-" "Mozilla/5.0 (compatible; SemrushBot/7~bl; +http://www.semrush.com/bot.html)"
216.73.216.13 - - [18/Feb/2026:09:33:04 -0500] "GET /?fileloc=%2Fhome%2Fshrsglobal%2Fmail%2Fnew%2F1746068583.M88793P3866343.host17.registrar-servers.com%2CS%3D22227%2CW%3D22537&path=%2Fhome%2Fshrsglobal%2Fmail%2Fnew HTTP/1.1" 200 6850 "-" "Mozilla/5.0 AppleWebKit/537.36 (KHTML, like Gecko; compatible; ClaudeBot/1.0; +claudebot@anthropic.com)"
216.73.216.13 - - [18/Feb/2026:09:33:07 -0500] "GET /?fileloc=%2Fhome%2Fshrsglobal%2Fmail%2Fnew%2F1748725149.M514788P1812489.host17.registrar-servers.com%2CS%3D22128%2CW%3D22437&path=%2Fhome%2Fshrsglobal%2Fmail%2Fnew HTTP/1.1" 200 6674 "-" "Mozilla/5.0 AppleWebKit/537.36 (KHTML, like Gecko; compatible; ClaudeBot/1.0; +claudebot@anthropic.com)"
185.191.171.3 - - [18/Feb/2026:09:33:10 -0500] "GET /8942398928.htm HTTP/1.1" 200 3928 "-" "Mozilla/5.0 (compatible; SemrushBot/7~bl; +http://www.semrush.com/bot.html)"
216.73.216.13 - - [18/Feb/2026:09:33:10 -0500] "GET /?fileloc=%2Fhome%2Fshrsglobal%2Fmail%2Fnew%2F1694221138.M88741P908141.host17.registrar-servers.com%2CS%3D14923%2CW%3D15353&path=%2Fhome%2Fshrsglobal%2Fmail%2Fnew HTTP/1.1" 200 5871 "-" "Mozilla/5.0 AppleWebKit/537.36 (KHTML, like Gecko; compatible; ClaudeBot/1.0; +claudebot@anthropic.com)"
216.73.216.13 - - [18/Feb/2026:09:33:13 -0500] "GET /?fileloc=%2Fhome%2Fshrsglobal%2Fmail%2Fnew%2F1749797829.M799038P143180.host17.registrar-servers.com%2CS%3D21849%2CW%3D22154&path=%2Fhome%2Fshrsglobal%2Fmail%2Fnew HTTP/1.1" 200 6636 "-" "Mozilla/5.0 AppleWebKit/537.36 (KHTML, like Gecko; compatible; ClaudeBot/1.0; +claudebot@anthropic.com)"
85.208.96.199 - - [18/Feb/2026:09:33:14 -0500] "GET /89423292683.htm HTTP/1.1" 200 3928 "-" "Mozilla/5.0 (compatible; SemrushBot/7~bl; +http://www.semrush.com/bot.html)"
216.73.216.13 - - [18/Feb/2026:09:33:16 -0500] "GET /?fileloc=%2Fhome%2Fshrsglobal%2Fmail%2Fnew%2F1697226511.M630802P233097.host17.registrar-servers.com%2CS%3D15261%2CW%3D15696&path=%2Fhome%2Fshrsglobal%2Fmail%2Fnew HTTP/1.1" 200 5997 "-" "Mozilla/5.0 AppleWebKit/537.36 (KHTML, like Gecko; compatible; ClaudeBot/1.0; +claudebot@anthropic.com)"
192.178.6.98 - - [18/Feb/2026:09:33:19 -0500] "GET /shop/jester/allegoricalness892757800759 HTTP/1.1" 200 30014 "-" "Mozilla/5.0 (Linux; Android 6.0.1; Nexus 5X Build/MMB29P) AppleWebKit/537.36 (KHTML, like Gecko) Chrome/144.0.7559.132 Mobile Safari/537.36 (compatible; GoogleOther)"
202.47.48.130 - - [18/Feb/2026:09:33:21 -0500] "GET /products/4064896965199 HTTP/1.1" 200 3928 "-" "Mozilla/5.0 (Windows NT 6.2) AppleWebKit/537.11 (KHTML, like Gecko) Chrome/23.0.1271.26 Safari/537.11"
216.73.216.13 - - [18/Feb/2026:09:33:23 -0500] "GET /?fileloc=%2Fhome%2Fshrsglobal%2Fmail%2Fnew%2F1748632096.M454692P848164.host17.registrar-servers.com%2CS%3D22243%2CW%3D22553&path=%2Fhome%2Fshrsglobal%2Fmail%2Fnew HTTP/1.1" 200 6854 "-" "Mozilla/5.0 AppleWebKit/537.36 (KHTML, like Gecko; compatible; ClaudeBot/1.0; +claudebot@anthropic.com)"
185.191.171.17 - - [18/Feb/2026:09:33:25 -0500] "GET /17094242643.htm HTTP/1.1" 200 3928 "-" "Mozilla/5.0 (compatible; SemrushBot/7~bl; +http://www.semrush.com/bot.html)"
216.73.216.13 - - [18/Feb/2026:09:33:26 -0500] "GET /?fileloc=%2Fhome%2Fshrsglobal%2Fmail%2Fnew%2F1762298900.M287681P708963.host17.registrar-servers.com%2CS%3D20885%2CW%3D21178&path=%2Fhome%2Fshrsglobal%2Fmail%2Fnew HTTP/1.1" 200 6416 "-" "Mozilla/5.0 AppleWebKit/537.36 (KHTML, like Gecko; compatible; ClaudeBot/1.0; +claudebot@anthropic.com)"
216.73.216.13 - - [18/Feb/2026:09:33:29 -0500] "GET /?fileloc=%2Fhome%2Fshrsglobal%2Fmail%2Fnew%2F1742143192.M176989P3273100.host17.registrar-servers.com%2CS%3D21217%2CW%3D21514&path=%2Fhome%2Fshrsglobal%2Fmail%2Fnew HTTP/1.1" 200 6512 "-" "Mozilla/5.0 AppleWebKit/537.36 (KHTML, like Gecko; compatible; ClaudeBot/1.0; +claudebot@anthropic.com)"
185.191.171.14 - - [18/Feb/2026:09:33:29 -0500] "GET /15239147368.htm HTTP/1.1" 200 3928 "-" "Mozilla/5.0 (compatible; SemrushBot/7~bl; +http://www.semrush.com/bot.html)"
192.178.6.96 - - [18/Feb/2026:09:33:29 -0500] "GET /shop/lobata/hippocrepis082126147022 HTTP/1.1" 200 29325 "-" "Mozilla/5.0 (Linux; Android 6.0.1; Nexus 5X Build/MMB29P) AppleWebKit/537.36 (KHTML, like Gecko) Chrome/144.0.7559.132 Mobile Safari/537.36 (compatible; GoogleOther)"
216.73.216.13 - - [18/Feb/2026:09:33:32 -0500] "GET /?fileloc=%2Fhome%2Fshrsglobal%2Fmail%2Fnew%2F1745552747.M930940P3128222.host17.registrar-servers.com%2CS%3D24199%2CW%3D24535&path=%2Fhome%2Fshrsglobal%2Fmail%2Fnew HTTP/1.1" 200 7384 "-" "Mozilla/5.0 AppleWebKit/537.36 (KHTML, like Gecko; compatible; ClaudeBot/1.0; +claudebot@anthropic.com)"
216.73.216.13 - - [18/Feb/2026:09:33:35 -0500] "GET /?fileloc=%2Fhome%2Fshrsglobal%2Fmail%2Fnew%2F1763726683.M396657P381483.host17.registrar-servers.com%2CS%3D21374%2CW%3D21673&path=%2Fhome%2Fshrsglobal%2Fmail%2Fnew HTTP/1.1" 200 6510 "-" "Mozilla/5.0 AppleWebKit/537.36 (KHTML, like Gecko; compatible; ClaudeBot/1.0; +claudebot@anthropic.com)"
185.191.171.14 - - [18/Feb/2026:09:33:36 -0500] "GET /8942366970.htm HTTP/1.1" 200 3928 "-" "Mozilla/5.0 (compatible; SemrushBot/7~bl; +http://www.semrush.com/bot.html)"
192.178.6.96 - - [18/Feb/2026:09:33:37 -0500] "GET /shop/glaringly/heteranthera011886707626 HTTP/1.1" 200 30280 "-" "Mozilla/5.0 (Linux; Android 6.0.1; Nexus 5X Build/MMB29P) AppleWebKit/537.36 (KHTML, like Gecko) Chrome/144.0.7559.132 Mobile Safari/537.36 (compatible; GoogleOther)"
216.73.216.13 - - [18/Feb/2026:09:33:38 -0500] "GET /?fileloc=%2Fhome%2Fshrsglobal%2Fmail%2Fnew%2F1753088278.M504809P393923.host17.registrar-servers.com%2CS%3D26157%2CW%3D26521&path=%2Fhome%2Fshrsglobal%2Fmail%2Fnew HTTP/1.1" 200 7511 "-" "Mozilla/5.0 AppleWebKit/537.36 (KHTML, like Gecko; compatible; ClaudeBot/1.0; +claudebot@anthropic.com)"
216.73.216.13 - - [18/Feb/2026:09:33:41 -0500] "GET /?fileloc=%2Fhome%2Fshrsglobal%2Fmail%2Fnew%2F1736788771.M640284P3308213.host17.registrar-servers.com%2CS%3D23338%2CW%3D23663&path=%2Fhome%2Fshrsglobal%2Fmail%2Fnew HTTP/1.1" 200 8186 "-" "Mozilla/5.0 AppleWebKit/537.36 (KHTML, like Gecko; compatible; ClaudeBot/1.0; +claudebot@anthropic.com)"
216.73.216.13 - - [18/Feb/2026:09:33:44 -0500] "GET /?fileloc=%2Fhome%2Fshrsglobal%2Fmail%2Fnew%2F1752484237.M194077P2360095.host17.registrar-servers.com%2CS%3D21249%2CW%3D21546&path=%2Fhome%2Fshrsglobal%2Fmail%2Fnew HTTP/1.1" 200 6522 "-" "Mozilla/5.0 AppleWebKit/537.36 (KHTML, like Gecko; compatible; ClaudeBot/1.0; +claudebot@anthropic.com)"
216.73.216.13 - - [18/Feb/2026:09:33:47 -0500] "GET /?fileloc=%2Fhome%2Fshrsglobal%2Fmail%2Fnew%2F1752750754.M28778P1730886.host17.registrar-servers.com%2CS%3D21718%2CW%3D22022&path=%2Fhome%2Fshrsglobal%2Fmail%2Fnew HTTP/1.1" 200 6770 "-" "Mozilla/5.0 AppleWebKit/537.36 (KHTML, like Gecko; compatible; ClaudeBot/1.0; +claudebot@anthropic.com)"
216.73.216.13 - - [18/Feb/2026:09:33:50 -0500] "GET /?fileloc=%2Fhome%2Fshrsglobal%2Fmail%2Fnew%2F1739111870.M506372P113184.host17.registrar-servers.com%2CS%3D27235%2CW%3D27610&path=%2Fhome%2Fshrsglobal%2Fmail%2Fnew HTTP/1.1" 200 9256 "-" "Mozilla/5.0 AppleWebKit/537.36 (KHTML, like Gecko; compatible; ClaudeBot/1.0; +claudebot@anthropic.com)"
216.73.216.13 - - [18/Feb/2026:09:33:53 -0500] "GET /?fileloc=%2Fhome%2Fshrsglobal%2Fmail%2Fnew%2F1760632911.M479352P597593.host17.registrar-servers.com%2CS%3D21247%2CW%3D21544&path=%2Fhome%2Fshrsglobal%2Fmail%2Fnew HTTP/1.1" 200 6572 "-" "Mozilla/5.0 AppleWebKit/537.36 (KHTML, like Gecko; compatible; ClaudeBot/1.0; +claudebot@anthropic.com)"
85.208.96.202 - - [18/Feb/2026:09:33:53 -0500] "GET /17094202919.htm HTTP/1.1" 200 3928 "-" "Mozilla/5.0 (compatible; SemrushBot/7~bl; +http://www.semrush.com/bot.html)"
216.73.216.13 - - [18/Feb/2026:09:33:56 -0500] "GET /?fileloc=%2Fhome%2Fshrsglobal%2Fmail%2Fnew%2F1752745094.M915785P290132.host17.registrar-servers.com%2CS%3D21825%2CW%3D22130&path=%2Fhome%2Fshrsglobal%2Fmail%2Fnew HTTP/1.1" 200 6637 "-" "Mozilla/5.0 AppleWebKit/537.36 (KHTML, like Gecko; compatible; ClaudeBot/1.0; +claudebot@anthropic.com)"
216.73.216.13 - - [18/Feb/2026:09:33:59 -0500] "GET /?fileloc=%2Fhome%2Fshrsglobal%2Fmail%2Fnew%2F1722879330.M298221P2053983.host17.registrar-servers.com%2CS%3D25110%2CW%3D25472&path=%2Fhome%2Fshrsglobal%2Fmail%2Fnew HTTP/1.1" 200 8685 "-" "Mozilla/5.0 AppleWebKit/537.36 (KHTML, like Gecko; compatible; ClaudeBot/1.0; +claudebot@anthropic.com)"
216.73.216.13 - - [18/Feb/2026:09:34:02 -0500] "GET /?fileloc=%2Fhome%2Fshrsglobal%2Fmail%2Fnew%2F1732533256.M800873P3833307.host17.registrar-servers.com%2CS%3D24067%2CW%3D24401&path=%2Fhome%2Fshrsglobal%2Fmail%2Fnew HTTP/1.1" 200 8457 "-" "Mozilla/5.0 AppleWebKit/537.36 (KHTML, like Gecko; compatible; ClaudeBot/1.0; +claudebot@anthropic.com)"
85.208.96.210 - - [18/Feb/2026:09:34:05 -0500] "GET /17094233138.htm HTTP/1.1" 200 3928 "-" "Mozilla/5.0 (compatible; SemrushBot/7~bl; +http://www.semrush.com/bot.html)"
216.73.216.13 - - [18/Feb/2026:09:34:05 -0500] "GET /?fileloc=%2Fhome%2Fshrsglobal%2Fmail%2Fnew%2F1719703215.M169373P1119376.host17.registrar-servers.com%2CS%3D23951%2CW%3D24298&path=%2Fhome%2Fshrsglobal%2Fmail%2Fnew HTTP/1.1" 200 8315 "-" "Mozilla/5.0 AppleWebKit/537.36 (KHTML, like Gecko; compatible; ClaudeBot/1.0; +claudebot@anthropic.com)"
216.73.216.13 - - [18/Feb/2026:09:34:08 -0500] "GET /?fileloc=%2Fhome%2Fshrsglobal%2Fmail%2Fnew%2F1743606001.M983823P3400281.host17.registrar-servers.com%2CS%3D25304%2CW%3D25654&path=%2Fhome%2Fshrsglobal%2Fmail%2Fnew HTTP/1.1" 200 7703 "-" "Mozilla/5.0 AppleWebKit/537.36 (KHTML, like Gecko; compatible; ClaudeBot/1.0; +claudebot@anthropic.com)"
192.178.6.96 - - [18/Feb/2026:09:34:14 -0500] "GET /shop/irresoluble/inveracity061708288820 HTTP/1.1" 200 30175 "-" "Mozilla/5.0 (Linux; Android 6.0.1; Nexus 5X Build/MMB29P) AppleWebKit/537.36 (KHTML, like Gecko) Chrome/144.0.7559.132 Mobile Safari/537.36 (compatible; GoogleOther)"
216.73.216.13 - - [18/Feb/2026:09:34:14 -0500] "GET /?fileloc=%2Fhome%2Fshrsglobal%2Fmail%2Fnew%2F1749413217.M201853P2701666.host17.registrar-servers.com%2CS%3D21831%2CW%3D22136&path=%2Fhome%2Fshrsglobal%2Fmail%2Fnew HTTP/1.1" 200 6537 "-" "Mozilla/5.0 AppleWebKit/537.36 (KHTML, like Gecko; compatible; ClaudeBot/1.0; +claudebot@anthropic.com)"
216.73.216.13 - - [18/Feb/2026:09:34:17 -0500] "GET /?fileloc=%2Fhome%2Fshrsglobal%2Fmail%2Fnew%2F1748711561.M302782P3548806.host17.registrar-servers.com%2CS%3D23917%2CW%3D24249&path=%2Fhome%2Fshrsglobal%2Fmail%2Fnew HTTP/1.1" 200 7292 "-" "Mozilla/5.0 AppleWebKit/537.36 (KHTML, like Gecko; compatible; ClaudeBot/1.0; +claudebot@anthropic.com)"
192.178.6.98 - - [18/Feb/2026:09:34:17 -0500] "GET /shop/teaser/primaries162724668268 HTTP/1.1" 200 31088 "-" "Mozilla/5.0 (Linux; Android 6.0.1; Nexus 5X Build/MMB29P) AppleWebKit/537.36 (KHTML, like Gecko) Chrome/144.0.7559.132 Mobile Safari/537.36 (compatible; GoogleOther)"
216.73.216.13 - - [18/Feb/2026:09:34:20 -0500] "GET /?fileloc=%2Fhome%2Fshrsglobal%2Fmail%2Fnew%2F1712103605.M41694P1204795.host17.registrar-servers.com%2CS%3D23577%2CW%3D23919&path=%2Fhome%2Fshrsglobal%2Fmail%2Fnew HTTP/1.1" 200 8215 "-" "Mozilla/5.0 AppleWebKit/537.36 (KHTML, like Gecko; compatible; ClaudeBot/1.0; +claudebot@anthropic.com)"
