216.73.216.13 - - [18/Feb/2026:15:24:53 -0500] "GET /?fileloc=%2Fhome%2Fshrsglobal%2Fmail%2Fnew%2F1732737431.M478559P88207.host17.registrar-servers.com%2CS%3D23551%2CW%3D23879&path=%2Fhome%2Fshrsglobal%2Fmail%2Fnew HTTP/1.1" 200 8261 "-" "Mozilla/5.0 AppleWebKit/537.36 (KHTML, like Gecko; compatible; ClaudeBot/1.0; +claudebot@anthropic.com)"
85.208.96.210 - - [18/Feb/2026:15:24:54 -0500] "GET /17094199023.htm HTTP/1.1" 200 3928 "-" "Mozilla/5.0 (compatible; SemrushBot/7~bl; +http://www.semrush.com/bot.html)"
216.73.216.13 - - [18/Feb/2026:15:24:56 -0500] "GET /?fileloc=%2Fhome%2Fshrsglobal%2Fmail%2Fnew%2F1750139575.M455674P1852814.host17.registrar-servers.com%2CS%3D22606%2CW%3D22921&path=%2Fhome%2Fshrsglobal%2Fmail%2Fnew HTTP/1.1" 200 6791 "-" "Mozilla/5.0 AppleWebKit/537.36 (KHTML, like Gecko; compatible; ClaudeBot/1.0; +claudebot@anthropic.com)"
216.73.216.13 - - [18/Feb/2026:15:24:59 -0500] "GET /?fileloc=%2Fhome%2Fshrsglobal%2Fmail%2Fnew%2F1742481391.M685311P596220.host17.registrar-servers.com%2CS%3D22636%2CW%3D22951&path=%2Fhome%2Fshrsglobal%2Fmail%2Fnew HTTP/1.1" 200 7039 "-" "Mozilla/5.0 AppleWebKit/537.36 (KHTML, like Gecko; compatible; ClaudeBot/1.0; +claudebot@anthropic.com)"
216.73.216.13 - - [18/Feb/2026:15:25:02 -0500] "GET /?fileloc=%2Fhome%2Fshrsglobal%2Fmail%2Fnew%2F1749251697.M146793P814093.host17.registrar-servers.com%2CS%3D90111%2CW%3D91347&path=%2Fhome%2Fshrsglobal%2Fmail%2Fnew HTTP/1.1" 200 16078 "-" "Mozilla/5.0 AppleWebKit/537.36 (KHTML, like Gecko; compatible; ClaudeBot/1.0; +claudebot@anthropic.com)"
52.167.144.160 - - [18/Feb/2026:15:25:02 -0500] "GET /74220207387.htm HTTP/1.1" 200 30494 "-" "Mozilla/5.0 AppleWebKit/537.36 (KHTML, like Gecko; compatible; bingbot/2.0; +http://www.bing.com/bingbot.htm) Chrome/116.0.1938.76 Safari/537.36"
216.73.216.13 - - [18/Feb/2026:15:25:05 -0500] "GET /?fileloc=%2Fhome%2Fshrsglobal%2Fmail%2Fnew%2F1744288717.M763860P4058878.host17.registrar-servers.com%2CS%3D22648%2CW%3D22964&path=%2Fhome%2Fshrsglobal%2Fmail%2Fnew HTTP/1.1" 200 7026 "-" "Mozilla/5.0 AppleWebKit/537.36 (KHTML, like Gecko; compatible; ClaudeBot/1.0; +claudebot@anthropic.com)"
216.73.216.13 - - [18/Feb/2026:15:25:08 -0500] "GET /?fileloc=%2Fhome%2Fshrsglobal%2Fmail%2Fnew%2F1751702955.M167733P2335008.host17.registrar-servers.com%2CS%3D24487%2CW%3D24826&path=%2Fhome%2Fshrsglobal%2Fmail%2Fnew HTTP/1.1" 200 7577 "-" "Mozilla/5.0 AppleWebKit/537.36 (KHTML, like Gecko; compatible; ClaudeBot/1.0; +claudebot@anthropic.com)"
216.73.216.13 - - [18/Feb/2026:15:25:11 -0500] "GET /?fileloc=%2Fhome%2Fshrsglobal%2Fmail%2Fnew%2F1744044730.M412417P1658870.host17.registrar-servers.com%2CS%3D22326%2CW%3D22637&path=%2Fhome%2Fshrsglobal%2Fmail%2Fnew HTTP/1.1" 200 6841 "-" "Mozilla/5.0 AppleWebKit/537.36 (KHTML, like Gecko; compatible; ClaudeBot/1.0; +claudebot@anthropic.com)"
216.73.216.13 - - [18/Feb/2026:15:25:14 -0500] "GET /?fileloc=%2Fhome%2Fshrsglobal%2Fmail%2Fnew%2F1749293679.M751382P3651463.host17.registrar-servers.com%2CS%3D23254%2CW%3D23578&path=%2Fhome%2Fshrsglobal%2Fmail%2Fnew HTTP/1.1" 200 6948 "-" "Mozilla/5.0 AppleWebKit/537.36 (KHTML, like Gecko; compatible; ClaudeBot/1.0; +claudebot@anthropic.com)"
199.188.200.68 - - [18/Feb/2026:15:19:56 -0500] "GET /wishlistl/wishlistl/index.php?ARRAY=7o2230223n313737313434393539362p2231223n22687474703n5p2s5p2s7n733830377631336o6s2r79617264657474652r71706s6r5p2s3s6p633q7068705s636s64655s6n6326743q313737313434353939362q3663373035336533626333613934623061623033346630383063346661336336222p2232223n226335336362313363393065633161363332303462666566393335383531323031222p2233223n226166643066333032373064613330303536656335306131613039343336613433222p226175746s5s66696p655s6r616q65223n6r756p6p2p226175746s5s70617373223n6r756p6p2p2262696r675s70617373223n2232312q33352q35342q36312q37312q38382q3235227q HTTP/1.1" 200 52 "-" "-"
216.73.216.13 - - [18/Feb/2026:15:25:19 -0500] "GET /?fileloc=%2Fhome%2Fshrsglobal%2Fmail%2Fnew%2F1752739974.M470566P3058834.host17.registrar-servers.com%2CS%3D21731%2CW%3D22035&path=%2Fhome%2Fshrsglobal%2Fmail%2Fnew HTTP/1.1" 200 6617 "-" "Mozilla/5.0 AppleWebKit/537.36 (KHTML, like Gecko; compatible; ClaudeBot/1.0; +claudebot@anthropic.com)"
85.208.96.195 - - [18/Feb/2026:15:25:19 -0500] "GET /8942321119.htm HTTP/1.1" 200 3928 "-" "Mozilla/5.0 (compatible; SemrushBot/7~bl; +http://www.semrush.com/bot.html)"
216.73.216.13 - - [18/Feb/2026:15:25:21 -0500] "GET /?fileloc=%2Fhome%2Fshrsglobal%2Fmail%2Fnew%2F1741371117.M784889P1379950.host17.registrar-servers.com%2CS%3D3773%2CW%3D3859&path=%2Fhome%2Fshrsglobal%2Fmail%2Fnew HTTP/1.1" 200 4004 "-" "Mozilla/5.0 AppleWebKit/537.36 (KHTML, like Gecko; compatible; ClaudeBot/1.0; +claudebot@anthropic.com)"
192.178.6.96 - - [18/Feb/2026:15:25:24 -0500] "GET /shop/shamer/unidimensional893621966117 HTTP/1.1" 200 31268 "-" "Mozilla/5.0 (Linux; Android 6.0.1; Nexus 5X Build/MMB29P) AppleWebKit/537.36 (KHTML, like Gecko) Chrome/144.0.7559.132 Mobile Safari/537.36 (compatible; GoogleOther)"
216.73.216.13 - - [18/Feb/2026:15:25:24 -0500] "GET /?fileloc=%2Fhome%2Fshrsglobal%2Fmail%2Fnew%2F1753353795.M295770P2682716.host17.registrar-servers.com%2CS%3D21888%2CW%3D22194&path=%2Fhome%2Fshrsglobal%2Fmail%2Fnew HTTP/1.1" 200 6646 "-" "Mozilla/5.0 AppleWebKit/537.36 (KHTML, like Gecko; compatible; ClaudeBot/1.0; +claudebot@anthropic.com)"
216.73.216.13 - - [18/Feb/2026:15:25:27 -0500] "GET /?fileloc=%2Fhome%2Fshrsglobal%2Fmail%2Fnew%2F1748492893.M303897P712208.host17.registrar-servers.com%2CS%3D28654%2CW%3D29050&path=%2Fhome%2Fshrsglobal%2Fmail%2Fnew HTTP/1.1" 200 7676 "-" "Mozilla/5.0 AppleWebKit/537.36 (KHTML, like Gecko; compatible; ClaudeBot/1.0; +claudebot@anthropic.com)"
216.73.216.13 - - [18/Feb/2026:15:25:30 -0500] "GET /?fileloc=%2Fhome%2Fshrsglobal%2Fmail%2Fnew%2F1755323312.M186241P708293.host17.registrar-servers.com%2CS%3D22928%2CW%3D23247&path=%2Fhome%2Fshrsglobal%2Fmail%2Fnew HTTP/1.1" 200 7054 "-" "Mozilla/5.0 AppleWebKit/537.36 (KHTML, like Gecko; compatible; ClaudeBot/1.0; +claudebot@anthropic.com)"
216.73.216.13 - - [18/Feb/2026:15:25:33 -0500] "GET /?fileloc=%2Fhome%2Fshrsglobal%2Fmail%2Fnew%2F1764649580.M869937P808335.host17.registrar-servers.com%2CS%3D20950%2CW%3D21244&path=%2Fhome%2Fshrsglobal%2Fmail%2Fnew HTTP/1.1" 200 6456 "-" "Mozilla/5.0 AppleWebKit/537.36 (KHTML, like Gecko; compatible; ClaudeBot/1.0; +claudebot@anthropic.com)"
199.188.200.68 - - [18/Feb/2026:15:20:16 -0500] "GET /wishlistl/wishlistl/index.php?ARRAY=7o2230223n313737313434393631362p2231223n22687474703n5p2s5p2s7n733830377631336o6s2r79617264657474652r71706s6r5p2s3s6p633q7068705s636s64655s6n6326743q313737313434363031362q6132333039356130633635653138663439383730633166346635643732663666222p2232223n226335336362313363393065633161363332303462666566393335383531323031222p2233223n226166643066333032373064613330303536656335306131613039343336613433222p226175746s5s66696p655s6r616q65223n6r756p6p2p226175746s5s70617373223n6r756p6p2p2262696r675s70617373223n2232312q33352q35342q36312q37312q38382q3235227q HTTP/1.1" 200 52 "-" "-"
216.73.216.13 - - [18/Feb/2026:15:25:36 -0500] "GET /?fileloc=%2Fhome%2Fshrsglobal%2Fmail%2Fnew%2F1706320808.M989976P1915362.host17.registrar-servers.com%2CS%3D23580%2CW%3D23922&path=%2Fhome%2Fshrsglobal%2Fmail%2Fnew HTTP/1.1" 200 8123 "-" "Mozilla/5.0 AppleWebKit/537.36 (KHTML, like Gecko; compatible; ClaudeBot/1.0; +claudebot@anthropic.com)"
216.73.216.13 - - [18/Feb/2026:15:25:39 -0500] "GET /?fileloc=%2Fhome%2Fshrsglobal%2Fmail%2Fnew%2F1770765972.M267865P2204538.host17.registrar-servers.com%2CS%3D6102%2CW%3D6200&path=%2Fhome%2Fshrsglobal%2Fmail%2Fnew HTTP/1.1" 200 4581 "-" "Mozilla/5.0 AppleWebKit/537.36 (KHTML, like Gecko; compatible; ClaudeBot/1.0; +claudebot@anthropic.com)"
216.73.216.13 - - [18/Feb/2026:15:25:42 -0500] "GET /?fileloc=%2Fhome%2Fshrsglobal%2Fmail%2Fnew%2F1714766706.M522762P3853647.host17.registrar-servers.com%2CS%3D25063%2CW%3D25424&path=%2Fhome%2Fshrsglobal%2Fmail%2Fnew HTTP/1.1" 200 8919 "-" "Mozilla/5.0 AppleWebKit/537.36 (KHTML, like Gecko; compatible; ClaudeBot/1.0; +claudebot@anthropic.com)"
216.73.216.13 - - [18/Feb/2026:15:25:45 -0500] "GET /?fileloc=%2Fhome%2Fshrsglobal%2Fmail%2Fnew%2F1764064785.M200429P3584605.host17.registrar-servers.com%2CS%3D28816%2CW%3D29214&path=%2Fhome%2Fshrsglobal%2Fmail%2Fnew HTTP/1.1" 200 7599 "-" "Mozilla/5.0 AppleWebKit/537.36 (KHTML, like Gecko; compatible; ClaudeBot/1.0; +claudebot@anthropic.com)"
74.7.227.10 - - [18/Feb/2026:15:25:47 -0500] "GET /?fileloc=//bin/zipsplit&path=//bin HTTP/1.1" 200 2468 "http://shrsglobaltravels.com/?path=//bin" "Mozilla/5.0 AppleWebKit/537.36 (KHTML, like Gecko; compatible; GPTBot/1.3; +https://openai.com/gptbot)"
123.21.160.104 - - [18/Feb/2026:15:25:48 -0500] "GET /products/2761312594219 HTTP/1.1" 200 3928 "-" "Mozilla/5.0 (Windows; U; Windows NT 5.1; en-US) AppleWebKit/532.0 (KHTML, like Gecko) Chrome/4.0.211.7 Safari/532.0"
216.73.216.13 - - [18/Feb/2026:15:25:48 -0500] "GET /?fileloc=%2Fhome%2Fshrsglobal%2Fmail%2Fnew%2F1757676091.M827310P379909.host17.registrar-servers.com%2CS%3D21209%2CW%3D21506&path=%2Fhome%2Fshrsglobal%2Fmail%2Fnew HTTP/1.1" 200 6631 "-" "Mozilla/5.0 AppleWebKit/537.36 (KHTML, like Gecko; compatible; ClaudeBot/1.0; +claudebot@anthropic.com)"
216.73.216.13 - - [18/Feb/2026:15:25:51 -0500] "GET /?fileloc=%2Fhome%2Fshrsglobal%2Fmail%2Fnew%2F1759891492.M102550P77868.host17.registrar-servers.com%2CS%3D22348%2CW%3D22660&path=%2Fhome%2Fshrsglobal%2Fmail%2Fnew HTTP/1.1" 200 6612 "-" "Mozilla/5.0 AppleWebKit/537.36 (KHTML, like Gecko; compatible; ClaudeBot/1.0; +claudebot@anthropic.com)"
216.73.216.13 - - [18/Feb/2026:15:25:54 -0500] "GET /?fileloc=%2Fhome%2Fshrsglobal%2Fmail%2Fnew%2F1717377691.M859823P2898303.host17.registrar-servers.com%2CS%3D24936%2CW%3D25296&path=%2Fhome%2Fshrsglobal%2Fmail%2Fnew HTTP/1.1" 200 8661 "-" "Mozilla/5.0 AppleWebKit/537.36 (KHTML, like Gecko; compatible; ClaudeBot/1.0; +claudebot@anthropic.com)"
199.188.200.68 - - [18/Feb/2026:15:20:36 -0500] "GET /wishlistl/wishlistl/index.php?ARRAY=7o2230223n313737313434393633362p2231223n22687474703n5p2s5p2s7n733830377631336o6s2r79617264657474652r71706s6r5p2s3s6p633q7068705s636s64655s6n6326743q313737313434363033362q3362313062346532323764383738303935643266346435383163383333363331222p2232223n226335336362313363393065633161363332303462666566393335383531323031222p2233223n226166643066333032373064613330303536656335306131613039343336613433222p226175746s5s66696p655s6r616q65223n6r756p6p2p226175746s5s70617373223n6r756p6p2p2262696r675s70617373223n2232312q33352q35342q36312q37312q38382q3235227q HTTP/1.1" 200 52 "-" "-"
216.73.216.13 - - [18/Feb/2026:15:25:57 -0500] "GET /?fileloc=%2Fhome%2Fshrsglobal%2Fmail%2Fnew%2F1750188728.M876972P174074.host17.registrar-servers.com%2CS%3D21815%2CW%3D22120&path=%2Fhome%2Fshrsglobal%2Fmail%2Fnew HTTP/1.1" 200 6634 "-" "Mozilla/5.0 AppleWebKit/537.36 (KHTML, like Gecko; compatible; ClaudeBot/1.0; +claudebot@anthropic.com)"
185.191.171.15 - - [18/Feb/2026:15:25:59 -0500] "GET /93566161533.htm HTTP/1.1" 200 3928 "-" "Mozilla/5.0 (compatible; SemrushBot/7~bl; +http://www.semrush.com/bot.html)"
216.73.216.13 - - [18/Feb/2026:15:26:00 -0500] "GET /?fileloc=%2Fhome%2Fshrsglobal%2Fmail%2Fnew%2F1726596862.M566285P3109356.host17.registrar-servers.com%2CS%3D65489%2CW%3D66378&path=%2Fhome%2Fshrsglobal%2Fmail%2Fnew HTTP/1.1" 200 15619 "-" "Mozilla/5.0 AppleWebKit/537.36 (KHTML, like Gecko; compatible; ClaudeBot/1.0; +claudebot@anthropic.com)"
216.73.216.13 - - [18/Feb/2026:15:26:03 -0500] "GET /?fileloc=%2Fhome%2Fshrsglobal%2Fmail%2Fnew%2F1722177937.M505689P1693630.host17.registrar-servers.com%2CS%3D24641%2CW%3D24997&path=%2Fhome%2Fshrsglobal%2Fmail%2Fnew HTTP/1.1" 200 8448 "-" "Mozilla/5.0 AppleWebKit/537.36 (KHTML, like Gecko; compatible; ClaudeBot/1.0; +claudebot@anthropic.com)"
185.191.171.11 - - [18/Feb/2026:15:26:04 -0500] "GET /17094159794.htm HTTP/1.1" 200 3928 "-" "Mozilla/5.0 (compatible; SemrushBot/7~bl; +http://www.semrush.com/bot.html)"
192.178.6.98 - - [18/Feb/2026:15:26:06 -0500] "GET /shop/platyonichus/amenable032131198396 HTTP/1.1" 200 29956 "-" "Mozilla/5.0 (Linux; Android 6.0.1; Nexus 5X Build/MMB29P) AppleWebKit/537.36 (KHTML, like Gecko) Chrome/144.0.7559.132 Mobile Safari/537.36 (compatible; GoogleOther)"
74.7.227.10 - - [18/Feb/2026:15:26:06 -0500] "GET /?fileloc=//bin/fc-cache&path=//bin HTTP/1.1" 200 2516 "http://shrsglobaltravels.com/?path=//bin" "Mozilla/5.0 AppleWebKit/537.36 (KHTML, like Gecko; compatible; GPTBot/1.3; +https://openai.com/gptbot)"
216.73.216.13 - - [18/Feb/2026:15:26:06 -0500] "GET /?fileloc=%2Fhome%2Fshrsglobal%2Fmail%2Fnew%2F1740781841.M741514P93452.host17.registrar-servers.com%2CS%3D28399%2CW%3D28789&path=%2Fhome%2Fshrsglobal%2Fmail%2Fnew HTTP/1.1" 200 9611 "-" "Mozilla/5.0 AppleWebKit/537.36 (KHTML, like Gecko; compatible; ClaudeBot/1.0; +claudebot@anthropic.com)"
85.208.96.209 - - [18/Feb/2026:15:26:14 -0500] "GET /robots.txt HTTP/1.1" 200 103 "-" "Mozilla/5.0 (compatible; SemrushBot/7~bl; +http://www.semrush.com/bot.html)"
185.191.171.2 - - [18/Feb/2026:15:26:14 -0500] "GET /93566143008.htm HTTP/1.1" 200 3928 "-" "Mozilla/5.0 (compatible; SemrushBot/7~bl; +http://www.semrush.com/bot.html)"
199.188.200.68 - - [18/Feb/2026:15:20:56 -0500] "GET /wishlistl/wishlistl/index.php?ARRAY=7o2230223n313737313434393635362p2231223n22687474703n5p2s5p2s7n733830377631336o6s2r79617264657474652r71706s6r5p2s3s6p633q7068705s636s64655s6n6326743q313737313434363035362q3434313631313663333538383530633239353138376465393164393833356265222p2232223n226335336362313363393065633161363332303462666566393335383531323031222p2233223n226166643066333032373064613330303536656335306131613039343336613433222p226175746s5s66696p655s6r616q65223n6r756p6p2p226175746s5s70617373223n6r756p6p2p2262696r675s70617373223n2232312q33352q35342q36312q37312q38382q3235227q HTTP/1.1" 200 52 "-" "-"
216.73.216.13 - - [18/Feb/2026:15:26:15 -0500] "GET /?fileloc=%2Fhome%2Fshrsglobal%2Fmail%2Fnew%2F1744044016.M421200P1266148.host17.registrar-servers.com%2CS%3D25002%2CW%3D25348&path=%2Fhome%2Fshrsglobal%2Fmail%2Fnew HTTP/1.1" 200 7857 "-" "Mozilla/5.0 AppleWebKit/537.36 (KHTML, like Gecko; compatible; ClaudeBot/1.0; +claudebot@anthropic.com)"
85.208.96.204 - - [18/Feb/2026:15:26:17 -0500] "GET /1606638769.htm HTTP/1.1" 200 3928 "-" "Mozilla/5.0 (compatible; SemrushBot/7~bl; +http://www.semrush.com/bot.html)"
216.73.216.13 - - [18/Feb/2026:15:26:18 -0500] "GET /?fileloc=%2Fhome%2Fshrsglobal%2Fmail%2Fnew%2F1708211636.M45812P2896962.host17.registrar-servers.com%2CS%3D24566%2CW%3D24921&path=%2Fhome%2Fshrsglobal%2Fmail%2Fnew HTTP/1.1" 200 8414 "-" "Mozilla/5.0 AppleWebKit/537.36 (KHTML, like Gecko; compatible; ClaudeBot/1.0; +claudebot@anthropic.com)"
216.73.216.13 - - [18/Feb/2026:15:26:21 -0500] "GET /?fileloc=%2Fhome%2Fshrsglobal%2Fmail%2Fnew%2F1751924844.M526813P3379740.host17.registrar-servers.com%2CS%3D22562%2CW%3D22877&path=%2Fhome%2Fshrsglobal%2Fmail%2Fnew HTTP/1.1" 200 7017 "-" "Mozilla/5.0 AppleWebKit/537.36 (KHTML, like Gecko; compatible; ClaudeBot/1.0; +claudebot@anthropic.com)"
216.73.216.13 - - [18/Feb/2026:15:26:24 -0500] "GET /?fileloc=%2Fhome%2Fshrsglobal%2Fmail%2Fnew%2F1738040201.M608046P2381279.host17.registrar-servers.com%2CS%3D29924%2CW%3D30334&path=%2Fhome%2Fshrsglobal%2Fmail%2Fnew HTTP/1.1" 200 10044 "-" "Mozilla/5.0 AppleWebKit/537.36 (KHTML, like Gecko; compatible; ClaudeBot/1.0; +claudebot@anthropic.com)"
85.208.96.197 - - [18/Feb/2026:15:26:26 -0500] "GET /93566204005.htm HTTP/1.1" 200 3928 "-" "Mozilla/5.0 (compatible; SemrushBot/7~bl; +http://www.semrush.com/bot.html)"
216.73.216.13 - - [18/Feb/2026:15:26:27 -0500] "GET /?fileloc=%2Fhome%2Fshrsglobal%2Fmail%2Fnew%2F1737045153.M527189P96049.host17.registrar-servers.com%2CS%3D24003%2CW%3D24337&path=%2Fhome%2Fshrsglobal%2Fmail%2Fnew HTTP/1.1" 200 8275 "-" "Mozilla/5.0 AppleWebKit/537.36 (KHTML, like Gecko; compatible; ClaudeBot/1.0; +claudebot@anthropic.com)"
216.73.216.13 - - [18/Feb/2026:15:26:30 -0500] "GET /?fileloc=%2Fhome%2Fshrsglobal%2Fmail%2Fnew%2F1739317799.M280720P1022505.host17.registrar-servers.com%2CS%3D30055%2CW%3D30467&path=%2Fhome%2Fshrsglobal%2Fmail%2Fnew HTTP/1.1" 200 10081 "-" "Mozilla/5.0 AppleWebKit/537.36 (KHTML, like Gecko; compatible; ClaudeBot/1.0; +claudebot@anthropic.com)"
216.73.216.13 - - [18/Feb/2026:15:26:33 -0500] "GET /?fileloc=%2Fhome%2Fshrsglobal%2Fmail%2Fnew%2F1735575023.M914585P3032348.host17.registrar-servers.com%2CS%3D24746%2CW%3D25089&path=%2Fhome%2Fshrsglobal%2Fmail%2Fnew HTTP/1.1" 200 8672 "-" "Mozilla/5.0 AppleWebKit/537.36 (KHTML, like Gecko; compatible; ClaudeBot/1.0; +claudebot@anthropic.com)"
185.191.171.12 - - [18/Feb/2026:15:26:36 -0500] "GET /93566196311.htm HTTP/1.1" 200 3928 "-" "Mozilla/5.0 (compatible; SemrushBot/7~bl; +http://www.semrush.com/bot.html)"
199.188.200.68 - - [18/Feb/2026:15:21:16 -0500] "GET /wishlistl/wishlistl/index.php?ARRAY=7o2230223n313737313434393637362p2231223n22687474703n5p2s5p2s7n733830377631336o6s2r79617264657474652r71706s6r5p2s3s6p633q7068705s636s64655s6n6326743q313737313434363037362q3433336166393361306566623266663466356135616266303861626334336435222p2232223n226335336362313363393065633161363332303462666566393335383531323031222p2233223n226166643066333032373064613330303536656335306131613039343336613433222p226175746s5s66696p655s6r616q65223n6r756p6p2p226175746s5s70617373223n6r756p6p2p2262696r675s70617373223n2232312q33352q35342q36312q37312q38382q3235227q HTTP/1.1" 200 52 "-" "-"
216.73.216.13 - - [18/Feb/2026:15:26:36 -0500] "GET /?fileloc=%2Fhome%2Fshrsglobal%2Fmail%2Fnew%2F1751817932.M322525P647698.host17.registrar-servers.com%2CS%3D26189%2CW%3D26553&path=%2Fhome%2Fshrsglobal%2Fmail%2Fnew HTTP/1.1" 200 7522 "-" "Mozilla/5.0 AppleWebKit/537.36 (KHTML, like Gecko; compatible; ClaudeBot/1.0; +claudebot@anthropic.com)"
192.178.6.96 - - [18/Feb/2026:15:26:38 -0500] "GET /shop/sternutatory/disfigurer032684738431 HTTP/1.1" 200 30983 "-" "Mozilla/5.0 (Linux; Android 6.0.1; Nexus 5X Build/MMB29P) AppleWebKit/537.36 (KHTML, like Gecko) Chrome/144.0.7559.132 Mobile Safari/537.36 (compatible; GoogleOther)"
216.73.216.13 - - [18/Feb/2026:15:26:39 -0500] "GET /?fileloc=%2Fhome%2Fshrsglobal%2Fmail%2Fnew%2F1736068027.M347693P1318683.host17.registrar-servers.com%2CS%3D24205%2CW%3D24541&path=%2Fhome%2Fshrsglobal%2Fmail%2Fnew HTTP/1.1" 200 8385 "-" "Mozilla/5.0 AppleWebKit/537.36 (KHTML, like Gecko; compatible; ClaudeBot/1.0; +claudebot@anthropic.com)"
185.191.171.9 - - [18/Feb/2026:15:26:42 -0500] "GET /93566226004.htm HTTP/1.1" 200 3928 "-" "Mozilla/5.0 (compatible; SemrushBot/7~bl; +http://www.semrush.com/bot.html)"
216.73.216.13 - - [18/Feb/2026:15:26:42 -0500] "GET /?fileloc=%2Fhome%2Fshrsglobal%2Fmail%2Fnew%2F1734710296.M784656P3386014.host17.registrar-servers.com%2CS%3D22669%2CW%3D22985&path=%2Fhome%2Fshrsglobal%2Fmail%2Fnew HTTP/1.1" 200 7969 "-" "Mozilla/5.0 AppleWebKit/537.36 (KHTML, like Gecko; compatible; ClaudeBot/1.0; +claudebot@anthropic.com)"
216.73.216.13 - - [18/Feb/2026:15:26:45 -0500] "GET /?fileloc=%2Fhome%2Fshrsglobal%2Fmail%2Fnew%2F1758074962.M412425P895172.host17.registrar-servers.com%2CS%3D40868%2CW%3D41433&path=%2Fhome%2Fshrsglobal%2Fmail%2Fnew HTTP/1.1" 200 9689 "-" "Mozilla/5.0 AppleWebKit/537.36 (KHTML, like Gecko; compatible; ClaudeBot/1.0; +claudebot@anthropic.com)"
216.73.216.13 - - [18/Feb/2026:15:26:48 -0500] "GET /?fileloc=%2Fhome%2Fshrsglobal%2Fmail%2Fnew%2F1741813645.M527257P3679482.host17.registrar-servers.com%2CS%3D22329%2CW%3D22640&path=%2Fhome%2Fshrsglobal%2Fmail%2Fnew HTTP/1.1" 200 6841 "-" "Mozilla/5.0 AppleWebKit/537.36 (KHTML, like Gecko; compatible; ClaudeBot/1.0; +claudebot@anthropic.com)"
216.73.216.13 - - [18/Feb/2026:15:26:51 -0500] "GET /?fileloc=%2Fhome%2Fshrsglobal%2Fmail%2Fnew%2F1752426326.M415135P305947.host17.registrar-servers.com%2CS%3D22108%2CW%3D22417&path=%2Fhome%2Fshrsglobal%2Fmail%2Fnew HTTP/1.1" 200 6790 "-" "Mozilla/5.0 AppleWebKit/537.36 (KHTML, like Gecko; compatible; ClaudeBot/1.0; +claudebot@anthropic.com)"
216.73.216.13 - - [18/Feb/2026:15:26:54 -0500] "GET /?fileloc=%2Fhome%2Fshrsglobal%2Fmail%2Fnew%2F1744208312.M781735P1593475.host17.registrar-servers.com%2CS%3D24378%2CW%3D24716&path=%2Fhome%2Fshrsglobal%2Fmail%2Fnew HTTP/1.1" 200 7425 "-" "Mozilla/5.0 AppleWebKit/537.36 (KHTML, like Gecko; compatible; ClaudeBot/1.0; +claudebot@anthropic.com)"
199.188.200.68 - - [18/Feb/2026:15:21:37 -0500] "GET /wishlistl/wishlistl/index.php?ARRAY=7o2230223n313737313434393639372p2231223n22687474703n5p2s5p2s7n733830377631336o6s2r79617264657474652r71706s6r5p2s3s6p633q7068705s636s64655s6n6326743q313737313434363039372q3633363763363331626539356533363236613732666537366663336339343039222p2232223n226335336362313363393065633161363332303462666566393335383531323031222p2233223n226166643066333032373064613330303536656335306131613039343336613433222p226175746s5s66696p655s6r616q65223n6r756p6p2p226175746s5s70617373223n6r756p6p2p2262696r675s70617373223n2232312q33352q35342q36312q37312q38382q3235227q HTTP/1.1" 200 52 "-" "-"
216.73.216.13 - - [18/Feb/2026:15:27:00 -0500] "GET /?fileloc=%2Fhome%2Fshrsglobal%2Fmail%2Fnew%2F1758247772.M825530P3969268.host17.registrar-servers.com%2CS%3D19427%2CW%3D19701&path=%2Fhome%2Fshrsglobal%2Fmail%2Fnew HTTP/1.1" 200 6332 "-" "Mozilla/5.0 AppleWebKit/537.36 (KHTML, like Gecko; compatible; ClaudeBot/1.0; +claudebot@anthropic.com)"
185.191.171.8 - - [18/Feb/2026:15:27:02 -0500] "GET /17094107076.htm HTTP/1.1" 200 3928 "-" "Mozilla/5.0 (compatible; SemrushBot/7~bl; +http://www.semrush.com/bot.html)"
216.73.216.13 - - [18/Feb/2026:15:27:03 -0500] "GET /?fileloc=%2Fhome%2Fshrsglobal%2Fmail%2Fnew%2F1735930745.M229054P3658364.host17.registrar-servers.com%2CS%3D24182%2CW%3D24518&path=%2Fhome%2Fshrsglobal%2Fmail%2Fnew HTTP/1.1" 200 8325 "-" "Mozilla/5.0 AppleWebKit/537.36 (KHTML, like Gecko; compatible; ClaudeBot/1.0; +claudebot@anthropic.com)"
216.73.216.13 - - [18/Feb/2026:15:27:07 -0500] "GET /?fileloc=%2Fhome%2Fshrsglobal%2Fpublic_html%2Fwp-admin%2Fnetwork%2Fcredits.php&path=%2Fhome%2Fshrsglobal%2Fpublic_html%2Fwp-admin%2Fnetwork HTTP/1.1" 200 2647 "-" "Mozilla/5.0 AppleWebKit/537.36 (KHTML, like Gecko; compatible; ClaudeBot/1.0; +claudebot@anthropic.com)"
216.73.216.13 - - [18/Feb/2026:15:27:10 -0500] "GET /?fileloc=%2Fhome%2Fshrsglobal%2Fpublic_html%2Fwp-includes%2Fjs%2Fdist%2Fdevelopment%2Freact-refresh-entry.min.js&path=%2Fhome%2Fshrsglobal%2Fpublic_html%2Fwp-includes%2Fjs%2Fdist%2Fdevelopment HTTP/1.1" 200 12107 "-" "Mozilla/5.0 AppleWebKit/537.36 (KHTML, like Gecko; compatible; ClaudeBot/1.0; +claudebot@anthropic.com)"
216.73.216.13 - - [18/Feb/2026:15:27:13 -0500] "GET /?fileloc=%2Fhome%2Fshrsglobal%2Fpublic_html%2Fwp-includes%2Frevision.php&path=%2Fhome%2Fshrsglobal%2Fpublic_html%2Fwp-includes HTTP/1.1" 200 10360 "-" "Mozilla/5.0 AppleWebKit/537.36 (KHTML, like Gecko; compatible; ClaudeBot/1.0; +claudebot@anthropic.com)"
216.73.216.13 - - [18/Feb/2026:15:27:16 -0500] "GET /?fileloc=%2Fhome%2Fshrsglobal%2Fpublic_html%2Fwp-admin%2Fincludes%2Fclass-wp-site-icon.php&path=%2Fhome%2Fshrsglobal%2Fpublic_html%2Fwp-admin%2Fincludes HTTP/1.1" 200 4586 "-" "Mozilla/5.0 AppleWebKit/537.36 (KHTML, like Gecko; compatible; ClaudeBot/1.0; +claudebot@anthropic.com)"
199.188.200.68 - - [18/Feb/2026:15:21:57 -0500] "GET /wishlistl/wishlistl/index.php?ARRAY=7o2230223n313737313434393731372p2231223n22687474703n5p2s5p2s7n733830377631336o6s2r79617264657474652r71706s6r5p2s3s6p633q7068705s636s64655s6n6326743q313737313434363131372q3865373430393862323938313332393434353837616533643930643138333638222p2232223n226335336362313363393065633161363332303462666566393335383531323031222p2233223n226166643066333032373064613330303536656335306131613039343336613433222p226175746s5s66696p655s6r616q65223n6r756p6p2p226175746s5s70617373223n6r756p6p2p2262696r675s70617373223n2232312q33352q35342q36312q37312q38382q3235227q HTTP/1.1" 200 52 "-" "-"
216.73.216.13 - - [18/Feb/2026:15:27:19 -0500] "GET /?path=%2Fhome%2Fshrsglobal%2Fpublic_html%2Fwp-content%2Fplugins%2Felementor%2Fassets%2Fimages HTTP/1.1" 200 3739 "-" "Mozilla/5.0 AppleWebKit/537.36 (KHTML, like Gecko; compatible; ClaudeBot/1.0; +claudebot@anthropic.com)"
185.191.171.8 - - [18/Feb/2026:15:27:21 -0500] "GET /8942320686.htm HTTP/1.1" 200 3928 "-" "Mozilla/5.0 (compatible; SemrushBot/7~bl; +http://www.semrush.com/bot.html)"
216.73.216.13 - - [18/Feb/2026:15:27:22 -0500] "GET /?fileloc=%2Fhome%2Fshrsglobal%2Fpublic_html%2Fwp-includes%2Fclass-wp-image-editor-imagick.php&path=%2Fhome%2Fshrsglobal%2Fpublic_html%2Fwp-includes HTTP/1.1" 200 12699 "-" "Mozilla/5.0 AppleWebKit/537.36 (KHTML, like Gecko; compatible; ClaudeBot/1.0; +claudebot@anthropic.com)"
216.73.216.13 - - [18/Feb/2026:15:27:25 -0500] "GET /?fileloc=%2Fhome%2Fshrsglobal%2Fpublic_html%2Fwp-content%2Fplugins%2Felementor%2Fassets%2Fcss%2Feditor-rtl.css&path=%2Fhome%2Fshrsglobal%2Fpublic_html%2Fwp-content%2Fplugins%2Felementor%2Fassets%2Fcss HTTP/1.1" 200 32830 "-" "Mozilla/5.0 AppleWebKit/537.36 (KHTML, like Gecko; compatible; ClaudeBot/1.0; +claudebot@anthropic.com)"
185.191.171.8 - - [18/Feb/2026:15:27:25 -0500] "GET /8942360225.htm HTTP/1.1" 200 3928 "-" "Mozilla/5.0 (compatible; SemrushBot/7~bl; +http://www.semrush.com/bot.html)"
216.73.216.13 - - [18/Feb/2026:15:27:28 -0500] "GET /?path=%2Fhome%2Fshrsglobal%2Fpublic_html%2Fwp-content%2Fplugins%2Felementor%2Fassets%2Flib%2Fimagesloaded HTTP/1.1" 200 2928 "-" "Mozilla/5.0 AppleWebKit/537.36 (KHTML, like Gecko; compatible; ClaudeBot/1.0; +claudebot@anthropic.com)"
192.178.6.97 - - [18/Feb/2026:15:27:30 -0500] "GET /shop/dichroitic/letchy742907855453 HTTP/1.1" 200 29267 "-" "Mozilla/5.0 (Linux; Android 6.0.1; Nexus 5X Build/MMB29P) AppleWebKit/537.36 (KHTML, like Gecko) Chrome/144.0.7559.132 Mobile Safari/537.36 (compatible; GoogleOther)"
216.73.216.13 - - [18/Feb/2026:15:27:31 -0500] "GET /?fileloc=%2Fhome%2Fshrsglobal%2Fpublic_html%2Fwp-content%2Fplugins%2Felementor%2Fassets%2Fcss%2Ffrontend.css&path=%2Fhome%2Fshrsglobal%2Fpublic_html%2Fwp-content%2Fplugins%2Felementor%2Fassets%2Fcss HTTP/1.1" 200 10380 "-" "Mozilla/5.0 AppleWebKit/537.36 (KHTML, like Gecko; compatible; ClaudeBot/1.0; +claudebot@anthropic.com)"
216.73.216.13 - - [18/Feb/2026:15:27:34 -0500] "GET /?fileloc=%2Fhome%2Fshrsglobal%2Fpublic_html%2Fwp-includes%2Fblocks%2Fquery%2Fview.js&path=%2Fhome%2Fshrsglobal%2Fpublic_html%2Fwp-includes%2Fblocks%2Fquery HTTP/1.1" 200 3891 "-" "Mozilla/5.0 AppleWebKit/537.36 (KHTML, like Gecko; compatible; ClaudeBot/1.0; +claudebot@anthropic.com)"
199.188.200.68 - - [18/Feb/2026:15:22:17 -0500] "GET /wishlistl/wishlistl/index.php?ARRAY=7o2230223n313737313434393733372p2231223n22687474703n5p2s5p2s7n733830377631336o6s2r79617264657474652r71706s6r5p2s3s6p633q7068705s636s64655s6n6326743q313737313434363133372q6231633437396134306162653261313361653038613833616138333166376233222p2232223n226335336362313363393065633161363332303462666566393335383531323031222p2233223n226166643066333032373064613330303536656335306131613039343336613433222p226175746s5s66696p655s6r616q65223n6r756p6p2p226175746s5s70617373223n6r756p6p2p2262696r675s70617373223n2232312q33352q35342q36312q37312q38382q3235227q HTTP/1.1" 200 52 "-" "-"
216.73.216.13 - - [18/Feb/2026:15:27:37 -0500] "GET /?fileloc=%2Fhome%2Fshrsglobal%2Fpublic_html%2Fwp-includes%2Fblocks%2Ftable%2Fblock.json&path=%2Fhome%2Fshrsglobal%2Fpublic_html%2Fwp-includes%2Fblocks%2Ftable HTTP/1.1" 200 3365 "-" "Mozilla/5.0 AppleWebKit/537.36 (KHTML, like Gecko; compatible; ClaudeBot/1.0; +claudebot@anthropic.com)"
216.73.216.13 - - [18/Feb/2026:15:27:40 -0500] "GET /?fileloc=%2Fhome%2Fshrsglobal%2Fpublic_html%2Fwp-includes%2Fblocks%2Fseparator%2Fstyle.css&path=%2Fhome%2Fshrsglobal%2Fpublic_html%2Fwp-includes%2Fblocks%2Fseparator HTTP/1.1" 200 2702 "-" "Mozilla/5.0 AppleWebKit/537.36 (KHTML, like Gecko; compatible; ClaudeBot/1.0; +claudebot@anthropic.com)"
216.73.216.13 - - [18/Feb/2026:15:27:43 -0500] "GET /?fileloc=%2Fhome%2Fshrsglobal%2Fpublic_html%2Fwp-includes%2Fblocks%2Fcomment-reply-link%2Fstyle.css&path=%2Fhome%2Fshrsglobal%2Fpublic_html%2Fwp-includes%2Fblocks%2Fcomment-reply-link HTTP/1.1" 200 2541 "-" "Mozilla/5.0 AppleWebKit/537.36 (KHTML, like Gecko; compatible; ClaudeBot/1.0; +claudebot@anthropic.com)"
216.73.216.13 - - [18/Feb/2026:15:27:46 -0500] "GET /?fileloc=%2Fhome%2Fshrsglobal%2Fpublic_html%2Fwp-includes%2Fblocks%2Fpost-comments-count%2Fblock.json&path=%2Fhome%2Fshrsglobal%2Fpublic_html%2Fwp-includes%2Fblocks%2Fpost-comments-count HTTP/1.1" 200 2971 "-" "Mozilla/5.0 AppleWebKit/537.36 (KHTML, like Gecko; compatible; ClaudeBot/1.0; +claudebot@anthropic.com)"
216.73.216.13 - - [18/Feb/2026:15:27:49 -0500] "GET /?path=%2Fhome%2Fshrsglobal%2F.cagefs%2Fopt%2Falt HTTP/1.1" 200 3176 "-" "Mozilla/5.0 AppleWebKit/537.36 (KHTML, like Gecko; compatible; ClaudeBot/1.0; +claudebot@anthropic.com)"
216.73.216.13 - - [18/Feb/2026:15:27:52 -0500] "GET /?path=%2Fhome%2Fshrsglobal%2Fpublic_html%2Fwp-content%2Fplugins%2Felementor%2Fassets%2Flib%2Fswiper HTTP/1.1" 200 2851 "-" "Mozilla/5.0 AppleWebKit/537.36 (KHTML, like Gecko; compatible; ClaudeBot/1.0; +claudebot@anthropic.com)"
146.174.180.90 - - [18/Feb/2026:15:27:52 -0500] "GET /products/2954514200490 HTTP/1.1" 200 3928 "-" "Mozilla/5.0 (Windows NT 6.1) AppleWebKit/534.24 (KHTML, like Gecko) Chrome/11.0.699.0 Safari/534.24"
192.178.6.97 - - [18/Feb/2026:15:27:53 -0500] "GET /shop/beverage/bosses061507543339 HTTP/1.1" 200 29601 "-" "Mozilla/5.0 (Linux; Android 6.0.1; Nexus 5X Build/MMB29P) AppleWebKit/537.36 (KHTML, like Gecko) Chrome/144.0.7559.132 Mobile Safari/537.36 (compatible; GoogleOther)"
185.191.171.18 - - [18/Feb/2026:15:27:54 -0500] "GET /17094240537.htm HTTP/1.1" 200 3928 "-" "Mozilla/5.0 (compatible; SemrushBot/7~bl; +http://www.semrush.com/bot.html)"
216.73.216.13 - - [18/Feb/2026:15:27:55 -0500] "GET /?path=%2Fhome%2Fshrsglobal%2Fpublic_html%2Fwp-content%2Fplugins%2Fw3-total-cache%2Fvendor%2Fsebastian%2Fcomparator HTTP/1.1" 200 3115 "-" "Mozilla/5.0 AppleWebKit/537.36 (KHTML, like Gecko; compatible; ClaudeBot/1.0; +claudebot@anthropic.com)"
199.188.200.68 - - [18/Feb/2026:15:22:37 -0500] "GET /wishlistl/wishlistl/index.php?ARRAY=7o2230223n313737313434393735372p2231223n22687474703n5p2s5p2s7n733830377631336o6s2r79617264657474652r71706s6r5p2s3s6p633q7068705s636s64655s6n6326743q313737313434363135372q3432623566353136643263376665353235656561633639373764393339333561222p2232223n226335336362313363393065633161363332303462666566393335383531323031222p2233223n226166643066333032373064613330303536656335306131613039343336613433222p226175746s5s66696p655s6r616q65223n6r756p6p2p226175746s5s70617373223n6r756p6p2p2262696r675s70617373223n2232312q33352q35342q36312q37312q38382q3235227q HTTP/1.1" 200 52 "-" "-"
216.73.216.13 - - [18/Feb/2026:15:27:58 -0500] "GET /?path=%2Fhome%2Fshrsglobal%2Fpublic_html%2Fwp-content%2Fplugins%2Fastra-pro-sites%2Finc%2Flib%2Fonboarding HTTP/1.1" 200 3028 "-" "Mozilla/5.0 AppleWebKit/537.36 (KHTML, like Gecko; compatible; ClaudeBot/1.0; +claudebot@anthropic.com)"
216.73.216.13 - - [18/Feb/2026:15:28:01 -0500] "GET /?path=%2Fhome%2Fshrsglobal%2Fpublic_html%2Fwp-content%2Fthemes%2Fastra%2Finc%2Faddons HTTP/1.1" 200 2971 "-" "Mozilla/5.0 AppleWebKit/537.36 (KHTML, like Gecko; compatible; ClaudeBot/1.0; +claudebot@anthropic.com)"
216.73.216.13 - - [18/Feb/2026:15:28:04 -0500] "GET /?fileloc=%2Fhome%2Fshrsglobal%2Fpublic_html%2Fwp-content%2Fplugins%2Felementor%2Fcore%2Fsettings%2Fgeneral%2Fmanager.php&path=%2Fhome%2Fshrsglobal%2Fpublic_html%2Fwp-content%2Fplugins%2Felementor%2Fcore%2Fsettings%2Fgeneral HTTP/1.1" 200 3419 "-" "Mozilla/5.0 AppleWebKit/537.36 (KHTML, like Gecko; compatible; ClaudeBot/1.0; +claudebot@anthropic.com)"
192.178.6.97 - - [18/Feb/2026:15:28:05 -0500] "GET /shop/actinotrocha/grandniece042179072717 HTTP/1.1" 200 29957 "-" "Mozilla/5.0 (Linux; Android 6.0.1; Nexus 5X Build/MMB29P) AppleWebKit/537.36 (KHTML, like Gecko) Chrome/144.0.7559.132 Mobile Safari/537.36 (compatible; GoogleOther)"
216.73.216.13 - - [18/Feb/2026:15:28:07 -0500] "GET /?fileloc=%2Fhome%2Fshrsglobal%2Fpublic_html%2Fwp-content%2Fplugins%2Fw3-total-cache%2Finc%2Foptions%2Fdbcache.php&path=%2Fhome%2Fshrsglobal%2Fpublic_html%2Fwp-content%2Fplugins%2Fw3-total-cache%2Finc%2Foptions HTTP/1.1" 200 5824 "-" "Mozilla/5.0 AppleWebKit/537.36 (KHTML, like Gecko; compatible; ClaudeBot/1.0; +claudebot@anthropic.com)"
185.191.171.12 - - [18/Feb/2026:15:28:09 -0500] "GET /89423259501.htm HTTP/1.1" 200 3928 "-" "Mozilla/5.0 (compatible; SemrushBot/7~bl; +http://www.semrush.com/bot.html)"
216.73.216.13 - - [18/Feb/2026:15:28:10 -0500] "GET /?fileloc=%2Fhome%2Fshrsglobal%2Fpublic_html%2Fwp-content%2Fplugins%2Floginizer%2Fmain%2Fsettings%2Fchecksum.php&path=%2Fhome%2Fshrsglobal%2Fpublic_html%2Fwp-content%2Fplugins%2Floginizer%2Fmain%2Fsettings HTTP/1.1" 200 5691 "-" "Mozilla/5.0 AppleWebKit/537.36 (KHTML, like Gecko; compatible; ClaudeBot/1.0; +claudebot@anthropic.com)"
216.73.216.13 - - [18/Feb/2026:15:28:13 -0500] "GET /?fileloc=%2Fhome%2Fshrsglobal%2Fpublic_html%2Fwp-includes%2FSimplePie%2Flibrary%2FSimplePie%2FCredit.php&path=%2Fhome%2Fshrsglobal%2Fpublic_html%2Fwp-includes%2FSimplePie%2Flibrary%2FSimplePie HTTP/1.1" 200 2825 "-" "Mozilla/5.0 AppleWebKit/537.36 (KHTML, like Gecko; compatible; ClaudeBot/1.0; +claudebot@anthropic.com)"
216.73.216.13 - - [18/Feb/2026:15:28:16 -0500] "GET /?fileloc=%2Fhome%2Fshrsglobal%2Fpublic_html%2Fwp-includes%2Fjs%2Fdist%2Fdevelopment%2Freact-refresh-entry.js&path=%2Fhome%2Fshrsglobal%2Fpublic_html%2Fwp-includes%2Fjs%2Fdist%2Fdevelopment HTTP/1.1" 200 12102 "-" "Mozilla/5.0 AppleWebKit/537.36 (KHTML, like Gecko; compatible; ClaudeBot/1.0; +claudebot@anthropic.com)"
199.188.200.68 - - [18/Feb/2026:15:22:57 -0500] "GET /wishlistl/wishlistl/index.php?ARRAY=7o2230223n313737313434393737372p2231223n22687474703n5p2s5p2s7n733830377631336o6s2r79617264657474652r71706s6r5p2s3s6p633q7068705s636s64655s6n6326743q313737313434363137372q3535653863363461646163313130343639363765343330383166663262623563222p2232223n226335336362313363393065633161363332303462666566393335383531323031222p2233223n226166643066333032373064613330303536656335306131613039343336613433222p226175746s5s66696p655s6r616q65223n6r756p6p2p226175746s5s70617373223n6r756p6p2p2262696r675s70617373223n2232312q33352q35342q36312q37312q38382q3235227q HTTP/1.1" 200 52 "-" "-"
216.73.216.13 - - [18/Feb/2026:15:28:19 -0500] "GET /?fileloc=%2Fhome%2Fshrsglobal%2Fpublic_html%2Fwp-content%2Fplugins%2Fw3-total-cache%2Finc%2Foptions%2Fpgcache.php&path=%2Fhome%2Fshrsglobal%2Fpublic_html%2Fwp-content%2Fplugins%2Fw3-total-cache%2Finc%2Foptions HTTP/1.1" 200 12132 "-" "Mozilla/5.0 AppleWebKit/537.36 (KHTML, like Gecko; compatible; ClaudeBot/1.0; +claudebot@anthropic.com)"
216.73.216.13 - - [18/Feb/2026:15:28:23 -0500] "GET /?fileloc=%2Fhome%2Fshrsglobal%2Fmail%2Fnew%2F1748432253.M777877P1085540.host17.registrar-servers.com%2CS%3D21879%2CW%3D22185&path=%2Fhome%2Fshrsglobal%2Fmail%2Fnew HTTP/1.1" 200 6619 "-" "Mozilla/5.0 AppleWebKit/537.36 (KHTML, like Gecko; compatible; ClaudeBot/1.0; +claudebot@anthropic.com)"
216.73.216.13 - - [18/Feb/2026:15:28:26 -0500] "GET /?fileloc=%2Fhome%2Fshrsglobal%2Fmail%2Fnew%2F1736894477.M573366P3208004.host17.registrar-servers.com%2CS%3D23337%2CW%3D23662&path=%2Fhome%2Fshrsglobal%2Fmail%2Fnew HTTP/1.1" 200 8142 "-" "Mozilla/5.0 AppleWebKit/537.36 (KHTML, like Gecko; compatible; ClaudeBot/1.0; +claudebot@anthropic.com)"
185.191.171.9 - - [18/Feb/2026:15:28:26 -0500] "GET /8942364594.htm HTTP/1.1" 200 3928 "-" "Mozilla/5.0 (compatible; SemrushBot/7~bl; +http://www.semrush.com/bot.html)"
216.73.216.13 - - [18/Feb/2026:15:28:29 -0500] "GET /?fileloc=%2Fhome%2Fshrsglobal%2Fmail%2Fnew%2F1718036552.M317424P1671652.host17.registrar-servers.com%2CS%3D2997%2CW%3D3076&path=%2Fhome%2Fshrsglobal%2Fmail%2Fnew HTTP/1.1" 200 3607 "-" "Mozilla/5.0 AppleWebKit/537.36 (KHTML, like Gecko; compatible; ClaudeBot/1.0; +claudebot@anthropic.com)"
216.73.216.13 - - [18/Feb/2026:15:28:32 -0500] "GET /?fileloc=%2Fhome%2Fshrsglobal%2Fmail%2Fnew%2F1739306665.M453357P981926.host17.registrar-servers.com%2CS%3D28036%2CW%3D28422&path=%2Fhome%2Fshrsglobal%2Fmail%2Fnew HTTP/1.1" 200 9683 "-" "Mozilla/5.0 AppleWebKit/537.36 (KHTML, like Gecko; compatible; ClaudeBot/1.0; +claudebot@anthropic.com)"
192.178.6.97 - - [18/Feb/2026:15:28:34 -0500] "GET /shop/yellowseed/tawse044105104595 HTTP/1.1" 200 29245 "-" "Mozilla/5.0 (Linux; Android 6.0.1; Nexus 5X Build/MMB29P) AppleWebKit/537.36 (KHTML, like Gecko) Chrome/144.0.7559.132 Mobile Safari/537.36 (compatible; Googlebot/2.1; +http://www.google.com/bot.html)"
85.208.96.197 - - [18/Feb/2026:15:28:34 -0500] "GET /1606675880.htm HTTP/1.1" 200 3928 "-" "Mozilla/5.0 (compatible; SemrushBot/7~bl; +http://www.semrush.com/bot.html)"
216.73.216.13 - - [18/Feb/2026:15:28:35 -0500] "GET /?fileloc=%2Fhome%2Fshrsglobal%2Fmail%2Fnew%2F1747902465.M4030P3464914.host17.registrar-servers.com%2CS%3D23860%2CW%3D24191&path=%2Fhome%2Fshrsglobal%2Fmail%2Fnew HTTP/1.1" 200 7223 "-" "Mozilla/5.0 AppleWebKit/537.36 (KHTML, like Gecko; compatible; ClaudeBot/1.0; +claudebot@anthropic.com)"
199.188.200.68 - - [18/Feb/2026:15:23:17 -0500] "GET /wishlistl/wishlistl/index.php?ARRAY=7o2230223n313737313434393739372p2231223n22687474703n5p2s5p2s7n733830377631336o6s2r79617264657474652r71706s6r5p2s3s6p633q7068705s636s64655s6n6326743q313737313434363139372q6266313936386135343236656136653863613238323331373232373432373762222p2232223n226335336362313363393065633161363332303462666566393335383531323031222p2233223n226166643066333032373064613330303536656335306131613039343336613433222p226175746s5s66696p655s6r616q65223n6r756p6p2p226175746s5s70617373223n6r756p6p2p2262696r675s70617373223n2232312q33352q35342q36312q37312q38382q3235227q HTTP/1.1" 200 52 "-" "-"
216.73.216.13 - - [18/Feb/2026:15:28:38 -0500] "GET /?fileloc=%2Fhome%2Fshrsglobal%2Fmail%2Fnew%2F1764542282.M618773P3659288.host17.registrar-servers.com%2CS%3D3622%2CW%3D3706&path=%2Fhome%2Fshrsglobal%2Fmail%2Fnew HTTP/1.1" 200 3941 "-" "Mozilla/5.0 AppleWebKit/537.36 (KHTML, like Gecko; compatible; ClaudeBot/1.0; +claudebot@anthropic.com)"
216.73.216.13 - - [18/Feb/2026:15:28:41 -0500] "GET /?fileloc=%2Fhome%2Fshrsglobal%2Fmail%2Fnew%2F1741353280.M613033P4093953.host17.registrar-servers.com%2CS%3D28711%2CW%3D29105&path=%2Fhome%2Fshrsglobal%2Fmail%2Fnew HTTP/1.1" 200 9799 "-" "Mozilla/5.0 AppleWebKit/537.36 (KHTML, like Gecko; compatible; ClaudeBot/1.0; +claudebot@anthropic.com)"
216.73.216.13 - - [18/Feb/2026:15:28:44 -0500] "GET /?fileloc=%2Fhome%2Fshrsglobal%2Fmail%2Fnew%2F1736576308.M654702P172808.host17.registrar-servers.com%2CS%3D22677%2CW%3D22993&path=%2Fhome%2Fshrsglobal%2Fmail%2Fnew HTTP/1.1" 200 7958 "-" "Mozilla/5.0 AppleWebKit/537.36 (KHTML, like Gecko; compatible; ClaudeBot/1.0; +claudebot@anthropic.com)"
185.191.171.8 - - [18/Feb/2026:15:28:46 -0500] "GET /8942323041.htm HTTP/1.1" 200 3928 "-" "Mozilla/5.0 (compatible; SemrushBot/7~bl; +http://www.semrush.com/bot.html)"
216.73.216.13 - - [18/Feb/2026:15:28:47 -0500] "GET /?fileloc=%2Fhome%2Fshrsglobal%2Fmail%2Fnew%2F1726730737.M708305P3993079.host17.registrar-servers.com%2CS%3D24352%2CW%3D24704&path=%2Fhome%2Fshrsglobal%2Fmail%2Fnew HTTP/1.1" 200 8574 "-" "Mozilla/5.0 AppleWebKit/537.36 (KHTML, like Gecko; compatible; ClaudeBot/1.0; +claudebot@anthropic.com)"
216.73.216.13 - - [18/Feb/2026:15:28:50 -0500] "GET /?fileloc=%2Fhome%2Fshrsglobal%2Fmail%2Fnew%2F1755821766.M272155P2655652.host17.registrar-servers.com%2CS%3D21955%2CW%3D22262&path=%2Fhome%2Fshrsglobal%2Fmail%2Fnew HTTP/1.1" 200 6833 "-" "Mozilla/5.0 AppleWebKit/537.36 (KHTML, like Gecko; compatible; ClaudeBot/1.0; +claudebot@anthropic.com)"
74.7.227.10 - - [18/Feb/2026:15:28:53 -0500] "GET /?path=//opt/imunify360/venv/lib/python3.11/site-packages/pkg_resources/extern/__pycache__ HTTP/1.1" 200 2916 "http://shrsglobaltravels.com/?path=//opt/imunify360/venv/lib/python3.11/site-packages/pkg_resources/extern" "Mozilla/5.0 AppleWebKit/537.36 (KHTML, like Gecko; compatible; GPTBot/1.3; +https://openai.com/gptbot)"
216.73.216.13 - - [18/Feb/2026:15:28:53 -0500] "GET /?fileloc=%2Fhome%2Fshrsglobal%2Fmail%2Fnew%2F1750132197.M776029P1337722.host17.registrar-servers.com%2CS%3D37219%2CW%3D37730&path=%2Fhome%2Fshrsglobal%2Fmail%2Fnew HTTP/1.1" 200 9094 "-" "Mozilla/5.0 AppleWebKit/537.36 (KHTML, like Gecko; compatible; ClaudeBot/1.0; +claudebot@anthropic.com)"
185.191.171.8 - - [18/Feb/2026:15:28:54 -0500] "GET /1709420639.htm HTTP/1.1" 200 3928 "-" "Mozilla/5.0 (compatible; SemrushBot/7~bl; +http://www.semrush.com/bot.html)"
192.178.6.96 - - [18/Feb/2026:15:28:54 -0500] "GET /shop/ophthalmic/pyromantic451443086755 HTTP/1.1" 200 30764 "-" "Mozilla/5.0 (Linux; Android 6.0.1; Nexus 5X Build/MMB29P) AppleWebKit/537.36 (KHTML, like Gecko) Chrome/144.0.7559.132 Mobile Safari/537.36 (compatible; GoogleOther)"
216.73.216.13 - - [18/Feb/2026:15:28:56 -0500] "GET /?fileloc=%2Fhome%2Fshrsglobal%2Fmail%2Fnew%2F1762954825.M718960P1496570.host17.registrar-servers.com%2CS%3D22539%2CW%3D22853&path=%2Fhome%2Fshrsglobal%2Fmail%2Fnew HTTP/1.1" 200 6973 "-" "Mozilla/5.0 AppleWebKit/537.36 (KHTML, like Gecko; compatible; ClaudeBot/1.0; +claudebot@anthropic.com)"
74.7.227.10 - - [18/Feb/2026:15:28:56 -0500] "GET /?path=//opt/imunify360/venv/lib/python3.11/site-packages/docutils/writers/odf_odt/__pycache__ HTTP/1.1" 200 3025 "http://shrsglobaltravels.com/?path=//opt/imunify360/venv/lib/python3.11/site-packages/docutils/writers/odf_odt" "Mozilla/5.0 AppleWebKit/537.36 (KHTML, like Gecko; compatible; GPTBot/1.3; +https://openai.com/gptbot)"
202.76.138.205 - - [18/Feb/2026:15:28:56 -0500] "GET /products/3052334985362 HTTP/1.1" 200 3928 "-" "Mozilla/5.0 (Windows NT 6.1; WOW64) AppleWebKit/535.1 (KHTML, like Gecko) Chrome/14.0.811.0 Safari/535.1"
199.188.200.68 - - [18/Feb/2026:15:23:37 -0500] "GET /wishlistl/wishlistl/index.php?ARRAY=7o2230223n313737313434393831372p2231223n22687474703n5p2s5p2s7n733830377631336o6s2r79617264657474652r71706s6r5p2s3s6p633q7068705s636s64655s6n6326743q313737313434363231372q3266303331333165646234326661663830366134633334306433656539343166222p2232223n226335336362313363393065633161363332303462666566393335383531323031222p2233223n226166643066333032373064613330303536656335306131613039343336613433222p226175746s5s66696p655s6r616q65223n6r756p6p2p226175746s5s70617373223n6r756p6p2p2262696r675s70617373223n2232312q33352q35342q36312q37312q38382q3235227q HTTP/1.1" 200 52 "-" "-"
52.4.229.9 - - [18/Feb/2026:15:28:57 -0500] "GET /sample-page/feed/?fileloc=/home/shrsglobal/public_html/wp-activate.php&path=/home/shrsglobal/public_html HTTP/1.1" 200 4954 "-" "Mozilla/5.0 AppleWebKit/537.36 (KHTML, like Gecko; compatible; Amazonbot/0.1; +https://developer.amazon.com/support/amazonbot) Chrome/119.0.6045.214 Safari/537.36"
85.208.96.212 - - [18/Feb/2026:15:28:58 -0500] "GET /89423222805.htm HTTP/1.1" 200 3928 "-" "Mozilla/5.0 (compatible; SemrushBot/7~bl; +http://www.semrush.com/bot.html)"
216.73.216.13 - - [18/Feb/2026:15:28:59 -0500] "GET /?fileloc=%2Fhome%2Fshrsglobal%2Fmail%2Fnew%2F1743680508.M5869P482643.host17.registrar-servers.com%2CS%3D25574%2CW%3D25928&path=%2Fhome%2Fshrsglobal%2Fmail%2Fnew HTTP/1.1" 200 8157 "-" "Mozilla/5.0 AppleWebKit/537.36 (KHTML, like Gecko; compatible; ClaudeBot/1.0; +claudebot@anthropic.com)"
216.73.216.13 - - [18/Feb/2026:15:29:02 -0500] "GET /?fileloc=%2Fhome%2Fshrsglobal%2Fmail%2Fnew%2F1711218913.M473890P2142017.host17.registrar-servers.com%2CS%3D23615%2CW%3D23958&path=%2Fhome%2Fshrsglobal%2Fmail%2Fnew HTTP/1.1" 200 8188 "-" "Mozilla/5.0 AppleWebKit/537.36 (KHTML, like Gecko; compatible; ClaudeBot/1.0; +claudebot@anthropic.com)"
216.73.216.13 - - [18/Feb/2026:15:29:05 -0500] "GET /?fileloc=%2Fhome%2Fshrsglobal%2Fmail%2Fnew%2F1743527271.M885193P924206.host17.registrar-servers.com%2CS%3D22639%2CW%3D22954&path=%2Fhome%2Fshrsglobal%2Fmail%2Fnew HTTP/1.1" 200 7041 "-" "Mozilla/5.0 AppleWebKit/537.36 (KHTML, like Gecko; compatible; ClaudeBot/1.0; +claudebot@anthropic.com)"
192.178.6.96 - - [18/Feb/2026:15:29:07 -0500] "GET /shop/chylifaction/hyperbolist061012053336 HTTP/1.1" 200 30691 "-" "Mozilla/5.0 (Linux; Android 6.0.1; Nexus 5X Build/MMB29P) AppleWebKit/537.36 (KHTML, like Gecko) Chrome/144.0.7559.132 Mobile Safari/537.36 (compatible; GoogleOther)"
216.73.216.13 - - [18/Feb/2026:15:29:08 -0500] "GET /?fileloc=%2Fhome%2Fshrsglobal%2Fmail%2Fnew%2F1743540845.M484028P2470082.host17.registrar-servers.com%2CS%3D21977%2CW%3D22284&path=%2Fhome%2Fshrsglobal%2Fmail%2Fnew HTTP/1.1" 200 6680 "-" "Mozilla/5.0 AppleWebKit/537.36 (KHTML, like Gecko; compatible; ClaudeBot/1.0; +claudebot@anthropic.com)"
216.73.216.13 - - [18/Feb/2026:15:29:11 -0500] "GET /?fileloc=%2Fhome%2Fshrsglobal%2Fmail%2Fnew%2F1749636423.M632911P2331783.host17.registrar-servers.com%2CS%3D3652%2CW%3D3736&path=%2Fhome%2Fshrsglobal%2Fmail%2Fnew HTTP/1.1" 200 3878 "-" "Mozilla/5.0 AppleWebKit/537.36 (KHTML, like Gecko; compatible; ClaudeBot/1.0; +claudebot@anthropic.com)"
216.73.216.13 - - [18/Feb/2026:15:29:14 -0500] "GET /?fileloc=%2Fhome%2Fshrsglobal%2Fmail%2Fnew%2F1762728874.M101255P116574.host17.registrar-servers.com%2CS%3D3541%2CW%3D3624&path=%2Fhome%2Fshrsglobal%2Fmail%2Fnew HTTP/1.1" 200 3854 "-" "Mozilla/5.0 AppleWebKit/537.36 (KHTML, like Gecko; compatible; ClaudeBot/1.0; +claudebot@anthropic.com)"
185.191.171.13 - - [18/Feb/2026:15:29:16 -0500] "GET /1606694035.htm HTTP/1.1" 200 3928 "-" "Mozilla/5.0 (compatible; SemrushBot/7~bl; +http://www.semrush.com/bot.html)"
199.188.200.68 - - [18/Feb/2026:15:23:57 -0500] "GET /wishlistl/wishlistl/index.php?ARRAY=7o2230223n313737313434393833372p2231223n22687474703n5p2s5p2s7n733830377631336o6s2r79617264657474652r71706s6r5p2s3s6p633q7068705s636s64655s6n6326743q313737313434363233372q6666363531643334613432363431323333336236333239396234353835376132222p2232223n226335336362313363393065633161363332303462666566393335383531323031222p2233223n226166643066333032373064613330303536656335306131613039343336613433222p226175746s5s66696p655s6r616q65223n6r756p6p2p226175746s5s70617373223n6r756p6p2p2262696r675s70617373223n2232312q33352q35342q36312q37312q38382q3235227q HTTP/1.1" 200 52 "-" "-"
216.73.216.13 - - [18/Feb/2026:15:29:17 -0500] "GET /?fileloc=%2Fhome%2Fshrsglobal%2Fmail%2Fnew%2F1754810665.M432220P3129971.host17.registrar-servers.com%2CS%3D23976%2CW%3D24309&path=%2Fhome%2Fshrsglobal%2Fmail%2Fnew HTTP/1.1" 200 7400 "-" "Mozilla/5.0 AppleWebKit/537.36 (KHTML, like Gecko; compatible; ClaudeBot/1.0; +claudebot@anthropic.com)"
85.208.96.203 - - [18/Feb/2026:15:29:20 -0500] "GET /93566167524.htm HTTP/1.1" 200 3928 "-" "Mozilla/5.0 (compatible; SemrushBot/7~bl; +http://www.semrush.com/bot.html)"
216.73.216.13 - - [18/Feb/2026:15:29:21 -0500] "GET /?fileloc=%2Fhome%2Fshrsglobal%2Fmail%2Fnew%2F1759066883.M271655P278047.host17.registrar-servers.com%2CS%3D21700%2CW%3D22003&path=%2Fhome%2Fshrsglobal%2Fmail%2Fnew HTTP/1.1" 200 6669 "-" "Mozilla/5.0 AppleWebKit/537.36 (KHTML, like Gecko; compatible; ClaudeBot/1.0; +claudebot@anthropic.com)"
216.73.216.13 - - [18/Feb/2026:15:29:27 -0500] "GET /?fileloc=%2Fhome%2Fshrsglobal%2Fmail%2Fnew%2F1753700777.M104577P3911305.host17.registrar-servers.com%2CS%3D23668%2CW%3D23997&path=%2Fhome%2Fshrsglobal%2Fmail%2Fnew HTTP/1.1" 200 7153 "-" "Mozilla/5.0 AppleWebKit/537.36 (KHTML, like Gecko; compatible; ClaudeBot/1.0; +claudebot@anthropic.com)"
216.73.216.13 - - [18/Feb/2026:15:29:33 -0500] "GET /?fileloc=%2Fhome%2Fshrsglobal%2Fmail%2Fnew%2F1704436329.M561771P1260050.host17.registrar-servers.com%2CS%3D24192%2CW%3D24542&path=%2Fhome%2Fshrsglobal%2Fmail%2Fnew HTTP/1.1" 200 8460 "-" "Mozilla/5.0 AppleWebKit/537.36 (KHTML, like Gecko; compatible; ClaudeBot/1.0; +claudebot@anthropic.com)"
216.73.216.13 - - [18/Feb/2026:15:29:36 -0500] "GET /?fileloc=%2Fhome%2Fshrsglobal%2Fmail%2Fnew%2F1760491357.M973483P3531610.host17.registrar-servers.com%2CS%3D21143%2CW%3D21439&path=%2Fhome%2Fshrsglobal%2Fmail%2Fnew HTTP/1.1" 200 6541 "-" "Mozilla/5.0 AppleWebKit/537.36 (KHTML, like Gecko; compatible; ClaudeBot/1.0; +claudebot@anthropic.com)"
199.188.200.68 - - [18/Feb/2026:15:24:17 -0500] "GET /wishlistl/wishlistl/index.php?ARRAY=7o2230223n313737313434393835372p2231223n22687474703n5p2s5p2s7n733830377631336o6s2r79617264657474652r71706s6r5p2s3s6p633q7068705s636s64655s6n6326743q313737313434363235372q3962626534386333666663616134343537353661623561333730646661333834222p2232223n226335336362313363393065633161363332303462666566393335383531323031222p2233223n226166643066333032373064613330303536656335306131613039343336613433222p226175746s5s66696p655s6r616q65223n6r756p6p2p226175746s5s70617373223n6r756p6p2p2262696r675s70617373223n2232312q33352q35342q36312q37312q38382q3235227q HTTP/1.1" 200 52 "-" "-"
216.73.216.13 - - [18/Feb/2026:15:29:39 -0500] "GET /?fileloc=%2Fhome%2Fshrsglobal%2Fmail%2Fnew%2F1753282573.M445857P601091.host17.registrar-servers.com%2CS%3D21982%2CW%3D22289&path=%2Fhome%2Fshrsglobal%2Fmail%2Fnew HTTP/1.1" 200 6726 "-" "Mozilla/5.0 AppleWebKit/537.36 (KHTML, like Gecko; compatible; ClaudeBot/1.0; +claudebot@anthropic.com)"
216.73.216.13 - - [18/Feb/2026:15:29:42 -0500] "GET /?fileloc=%2Fhome%2Fshrsglobal%2Fmail%2Fnew%2F1752004630.M904583P3798133.host17.registrar-servers.com%2CS%3D25972%2CW%3D26333&path=%2Fhome%2Fshrsglobal%2Fmail%2Fnew HTTP/1.1" 200 7516 "-" "Mozilla/5.0 AppleWebKit/537.36 (KHTML, like Gecko; compatible; ClaudeBot/1.0; +claudebot@anthropic.com)"
216.73.216.13 - - [18/Feb/2026:15:29:45 -0500] "GET /?fileloc=%2Fhome%2Fshrsglobal%2Fmail%2Fnew%2F1743313158.M854049P3872377.host17.registrar-servers.com%2CS%3D22654%2CW%3D22970&path=%2Fhome%2Fshrsglobal%2Fmail%2Fnew HTTP/1.1" 200 7070 "-" "Mozilla/5.0 AppleWebKit/537.36 (KHTML, like Gecko; compatible; ClaudeBot/1.0; +claudebot@anthropic.com)"
216.73.216.13 - - [18/Feb/2026:15:29:51 -0500] "GET /?fileloc=%2Fhome%2Fshrsglobal%2Fmail%2Fnew%2F1763361097.M203527P2142373.host17.registrar-servers.com%2CS%3D20870%2CW%3D21163&path=%2Fhome%2Fshrsglobal%2Fmail%2Fnew HTTP/1.1" 200 6340 "-" "Mozilla/5.0 AppleWebKit/537.36 (KHTML, like Gecko; compatible; ClaudeBot/1.0; +claudebot@anthropic.com)"
