216.73.216.13 - - [18/Feb/2026:07:36:07 -0500] "GET /?fileloc=%2Fhome%2Fshrsglobal%2Fpublic_html%2Fwp-includes%2Fblocks%2Fcomments-pagination%2Fstyle.min.css&path=%2Fhome%2Fshrsglobal%2Fpublic_html%2Fwp-includes%2Fblocks%2Fcomments-pagination HTTP/1.1" 200 2663 "-" "Mozilla/5.0 AppleWebKit/537.36 (KHTML, like Gecko; compatible; ClaudeBot/1.0; +claudebot@anthropic.com)"
185.191.171.13 - - [18/Feb/2026:07:36:07 -0500] "GET /89423118319.htm HTTP/1.1" 200 3928 "-" "Mozilla/5.0 (compatible; SemrushBot/7~bl; +http://www.semrush.com/bot.html)"
192.178.6.97 - - [18/Feb/2026:07:36:07 -0500] "GET /shop/sibylist/tanier06302427234 HTTP/1.1" 200 29671 "-" "Mozilla/5.0 (Linux; Android 6.0.1; Nexus 5X Build/MMB29P) AppleWebKit/537.36 (KHTML, like Gecko) Chrome/144.0.7559.132 Mobile Safari/537.36 (compatible; Googlebot/2.1; +http://www.google.com/bot.html)"
192.178.6.97 - - [18/Feb/2026:07:36:08 -0500] "GET /shop/discodactylia/impaired012484873573 HTTP/1.1" 200 31766 "-" "Mozilla/5.0 (Linux; Android 6.0.1; Nexus 5X Build/MMB29P) AppleWebKit/537.36 (KHTML, like Gecko) Chrome/144.0.7559.132 Mobile Safari/537.36 (compatible; GoogleOther)"
216.73.216.13 - - [18/Feb/2026:07:36:10 -0500] "GET /?fileloc=%2Fhome%2Fshrsglobal%2Fpublic_html%2Fwp-includes%2Fblocks%2Fgallery%2Fstyle.css&path=%2Fhome%2Fshrsglobal%2Fpublic_html%2Fwp-includes%2Fblocks%2Fgallery HTTP/1.1" 200 4353 "-" "Mozilla/5.0 AppleWebKit/537.36 (KHTML, like Gecko; compatible; ClaudeBot/1.0; +claudebot@anthropic.com)"
216.73.216.13 - - [18/Feb/2026:07:36:13 -0500] "GET /?fileloc=%2Fhome%2Fshrsglobal%2Fpublic_html%2Fwp-includes%2Fblocks%2Fread-more%2Fstyle.css&path=%2Fhome%2Fshrsglobal%2Fpublic_html%2Fwp-includes%2Fblocks%2Fread-more HTTP/1.1" 200 2591 "-" "Mozilla/5.0 AppleWebKit/537.36 (KHTML, like Gecko; compatible; ClaudeBot/1.0; +claudebot@anthropic.com)"
216.73.216.13 - - [18/Feb/2026:07:36:16 -0500] "GET /?fileloc=%2Fhome%2Fshrsglobal%2Fpublic_html%2Fwp-includes%2Fblocks%2Fpost-excerpt%2Fstyle.min.css&path=%2Fhome%2Fshrsglobal%2Fpublic_html%2Fwp-includes%2Fblocks%2Fpost-excerpt HTTP/1.1" 200 2607 "-" "Mozilla/5.0 AppleWebKit/537.36 (KHTML, like Gecko; compatible; ClaudeBot/1.0; +claudebot@anthropic.com)"
74.7.227.10 - - [18/Feb/2026:07:36:17 -0500] "GET /?fileloc=//usr/bin/dropdb&path=//usr/bin HTTP/1.1" 200 2476 "http://shrsglobaltravels.com/?path=//usr/bin" "Mozilla/5.0 AppleWebKit/537.36 (KHTML, like Gecko; compatible; GPTBot/1.3; +https://openai.com/gptbot)"
146.174.171.36 - - [18/Feb/2026:07:36:17 -0500] "GET /products/889364742804 HTTP/1.1" 200 3928 "-" "Mozilla/5.0 (X11; U; Linux x86_64; ru; rv:1.9.2.11) Gecko/20101028 CentOS/3.6-2.el5.centos Firefox/3.6.11"
216.73.216.13 - - [18/Feb/2026:07:36:19 -0500] "GET /?fileloc=%2Fhome%2Fshrsglobal%2Fpublic_html%2Fwp-includes%2Fblocks%2Faudio%2Fblock.json&path=%2Fhome%2Fshrsglobal%2Fpublic_html%2Fwp-includes%2Fblocks%2Faudio HTTP/1.1" 200 2988 "-" "Mozilla/5.0 AppleWebKit/537.36 (KHTML, like Gecko; compatible; ClaudeBot/1.0; +claudebot@anthropic.com)"
216.73.216.13 - - [18/Feb/2026:07:36:22 -0500] "GET /?fileloc=%2Fhome%2Fshrsglobal%2Fpublic_html%2Fwp-includes%2Fblocks%2Favatar%2Feditor-rtl.min.css&path=%2Fhome%2Fshrsglobal%2Fpublic_html%2Fwp-includes%2Fblocks%2Favatar HTTP/1.1" 200 2584 "-" "Mozilla/5.0 AppleWebKit/537.36 (KHTML, like Gecko; compatible; ClaudeBot/1.0; +claudebot@anthropic.com)"
185.191.171.13 - - [18/Feb/2026:07:36:22 -0500] "GET /89423301393.htm HTTP/1.1" 200 3928 "-" "Mozilla/5.0 (compatible; SemrushBot/7~bl; +http://www.semrush.com/bot.html)"
216.73.216.13 - - [18/Feb/2026:07:36:25 -0500] "GET /?fileloc=%2Fhome%2Fshrsglobal%2Fpublic_html%2Fwp-includes%2Fblocks%2Fmore%2Fblock.json&path=%2Fhome%2Fshrsglobal%2Fpublic_html%2Fwp-includes%2Fblocks%2Fmore HTTP/1.1" 200 2862 "-" "Mozilla/5.0 AppleWebKit/537.36 (KHTML, like Gecko; compatible; ClaudeBot/1.0; +claudebot@anthropic.com)"
185.191.171.10 - - [18/Feb/2026:07:36:27 -0500] "GET /17094165337.htm HTTP/1.1" 200 3928 "-" "Mozilla/5.0 (compatible; SemrushBot/7~bl; +http://www.semrush.com/bot.html)"
216.73.216.13 - - [18/Feb/2026:07:36:28 -0500] "GET /?fileloc=%2Fhome%2Fshrsglobal%2Fpublic_html%2Fwp-includes%2Fblocks%2Fcomments-pagination%2Fstyle-rtl.css&path=%2Fhome%2Fshrsglobal%2Fpublic_html%2Fwp-includes%2Fblocks%2Fcomments-pagination HTTP/1.1" 200 2673 "-" "Mozilla/5.0 AppleWebKit/537.36 (KHTML, like Gecko; compatible; ClaudeBot/1.0; +claudebot@anthropic.com)"
216.73.216.13 - - [18/Feb/2026:07:36:31 -0500] "GET /?fileloc=%2Fhome%2Fshrsglobal%2Fpublic_html%2Fwp-includes%2Fblocks%2Fcategories%2Fblock.json&path=%2Fhome%2Fshrsglobal%2Fpublic_html%2Fwp-includes%2Fblocks%2Fcategories HTTP/1.1" 200 3131 "-" "Mozilla/5.0 AppleWebKit/537.36 (KHTML, like Gecko; compatible; ClaudeBot/1.0; +claudebot@anthropic.com)"
185.191.171.7 - - [18/Feb/2026:07:36:31 -0500] "GET /93566173549.htm HTTP/1.1" 200 3928 "-" "Mozilla/5.0 (compatible; SemrushBot/7~bl; +http://www.semrush.com/bot.html)"
216.73.216.13 - - [18/Feb/2026:07:36:35 -0500] "GET /?fileloc=%2Fhome%2Fshrsglobal%2Fpublic_html%2Fwp-content%2Fplugins%2Fgvogclr%2Findex.php&path=%2Fhome%2Fshrsglobal%2Fpublic_html%2Fwp-content%2Fplugins%2Fgvogclr HTTP/1.1" 200 3253 "-" "Mozilla/5.0 AppleWebKit/537.36 (KHTML, like Gecko; compatible; ClaudeBot/1.0; +claudebot@anthropic.com)"
185.191.171.6 - - [18/Feb/2026:07:36:35 -0500] "GET /89423197288.htm HTTP/1.1" 200 3928 "-" "Mozilla/5.0 (compatible; SemrushBot/7~bl; +http://www.semrush.com/bot.html)"
216.73.216.13 - - [18/Feb/2026:07:36:38 -0500] "GET /?fileloc=%2Fhome%2Fshrsglobal%2Fpublic_html%2Fwp-content%2Fplugins%2Fsuwoese%2Findex.php&path=%2Fhome%2Fshrsglobal%2Fpublic_html%2Fwp-content%2Fplugins%2Fsuwoese HTTP/1.1" 200 3242 "-" "Mozilla/5.0 AppleWebKit/537.36 (KHTML, like Gecko; compatible; ClaudeBot/1.0; +claudebot@anthropic.com)"
216.73.216.13 - - [18/Feb/2026:07:36:41 -0500] "GET /?fileloc=%2Fhome%2Fshrsglobal%2Fpublic_html%2Fwp-includes%2Fblocks%2Fdetails%2Feditor.min.css&path=%2Fhome%2Fshrsglobal%2Fpublic_html%2Fwp-includes%2Fblocks%2Fdetails HTTP/1.1" 200 2542 "-" "Mozilla/5.0 AppleWebKit/537.36 (KHTML, like Gecko; compatible; ClaudeBot/1.0; +claudebot@anthropic.com)"
85.208.96.193 - - [18/Feb/2026:07:36:41 -0500] "GET /17094236207.htm HTTP/1.1" 200 3928 "-" "Mozilla/5.0 (compatible; SemrushBot/7~bl; +http://www.semrush.com/bot.html)"
216.73.216.13 - - [18/Feb/2026:07:36:44 -0500] "GET /?fileloc=%2Fhome%2Fshrsglobal%2Fpublic_html%2Fwp-includes%2Fblocks%2Fdetails%2Feditor.css&path=%2Fhome%2Fshrsglobal%2Fpublic_html%2Fwp-includes%2Fblocks%2Fdetails HTTP/1.1" 200 2543 "-" "Mozilla/5.0 AppleWebKit/537.36 (KHTML, like Gecko; compatible; ClaudeBot/1.0; +claudebot@anthropic.com)"
216.73.216.13 - - [18/Feb/2026:07:36:47 -0500] "GET /?path=%2Fhome%2Fshrsglobal%2Fpublic_html%2Fwp-content%2Fplugins%2Fheader-footer-elementor%2Fthemes%2Fkadence HTTP/1.1" 200 2885 "-" "Mozilla/5.0 AppleWebKit/537.36 (KHTML, like Gecko; compatible; ClaudeBot/1.0; +claudebot@anthropic.com)"
216.73.216.13 - - [18/Feb/2026:07:36:52 -0500] "GET /?fileloc=%2Fhome%2Fshrsglobal%2Fpublic_html%2Fwp-content%2Fplugins%2Fofvdqlk%2Fgotest&path=%2Fhome%2Fshrsglobal%2Fpublic_html%2Fwp-content%2Fplugins%2Fofvdqlk HTTP/1.1" 200 2516 "-" "Mozilla/5.0 AppleWebKit/537.36 (KHTML, like Gecko; compatible; ClaudeBot/1.0; +claudebot@anthropic.com)"
216.73.216.13 - - [18/Feb/2026:07:36:55 -0500] "GET /?fileloc=%2Fhome%2Fshrsglobal%2Fpublic_html%2Fwp-includes%2Fblocks%2Favatar%2Fstyle-rtl.min.css&path=%2Fhome%2Fshrsglobal%2Fpublic_html%2Fwp-includes%2Fblocks%2Favatar HTTP/1.1" 200 2565 "-" "Mozilla/5.0 AppleWebKit/537.36 (KHTML, like Gecko; compatible; ClaudeBot/1.0; +claudebot@anthropic.com)"
85.208.96.202 - - [18/Feb/2026:07:36:57 -0500] "GET /93566290684.htm HTTP/1.1" 200 3928 "-" "Mozilla/5.0 (compatible; SemrushBot/7~bl; +http://www.semrush.com/bot.html)"
74.7.227.10 - - [18/Feb/2026:07:36:58 -0500] "GET /?fileloc=//usr/bin/gpgv&path=//usr/bin HTTP/1.1" 200 2475 "http://shrsglobaltravels.com/?path=//usr/bin" "Mozilla/5.0 AppleWebKit/537.36 (KHTML, like Gecko; compatible; GPTBot/1.3; +https://openai.com/gptbot)"
216.73.216.13 - - [18/Feb/2026:07:36:58 -0500] "GET /?fileloc=%2Fhome%2Fshrsglobal%2Fpublic_html%2Fwp-includes%2Fblocks%2Favatar%2F.htaccess&path=%2Fhome%2Fshrsglobal%2Fpublic_html%2Fwp-includes%2Fblocks%2Favatar HTTP/1.1" 403 55378 "-" "Mozilla/5.0 AppleWebKit/537.36 (KHTML, like Gecko; compatible; ClaudeBot/1.0; +claudebot@anthropic.com)"
74.7.227.10 - - [18/Feb/2026:07:37:01 -0500] "GET /?fileloc=//usr/bin/wget&path=//usr/bin HTTP/1.1" 200 2475 "http://shrsglobaltravels.com/?path=//usr/bin" "Mozilla/5.0 AppleWebKit/537.36 (KHTML, like Gecko; compatible; GPTBot/1.3; +https://openai.com/gptbot)"
216.73.216.13 - - [18/Feb/2026:07:37:01 -0500] "GET /?fileloc=%2Fhome%2Fshrsglobal%2Fpublic_html%2Fwp-content%2Fplugins%2Fastra-pro-sites%2Flanguages%2Fastra-sites.pot&path=%2Fhome%2Fshrsglobal%2Fpublic_html%2Fwp-content%2Fplugins%2Fastra-pro-sites%2Flanguages HTTP/1.1" 200 226009 "-" "Mozilla/5.0 AppleWebKit/537.36 (KHTML, like Gecko; compatible; ClaudeBot/1.0; +claudebot@anthropic.com)"
185.191.171.15 - - [18/Feb/2026:07:37:02 -0500] "GET /89423114565.htm HTTP/1.1" 200 3928 "-" "Mozilla/5.0 (compatible; SemrushBot/7~bl; +http://www.semrush.com/bot.html)"
216.73.216.13 - - [18/Feb/2026:07:37:04 -0500] "GET /?fileloc=%2Fhome%2Fshrsglobal%2Fpublic_html%2Fwp-content%2Fplugins%2Frysjgml%2Fgotest&path=%2Fhome%2Fshrsglobal%2Fpublic_html%2Fwp-content%2Fplugins%2Frysjgml HTTP/1.1" 200 2514 "-" "Mozilla/5.0 AppleWebKit/537.36 (KHTML, like Gecko; compatible; ClaudeBot/1.0; +claudebot@anthropic.com)"
185.191.171.8 - - [18/Feb/2026:07:37:07 -0500] "GET /89423132303.htm HTTP/1.1" 200 3928 "-" "Mozilla/5.0 (compatible; SemrushBot/7~bl; +http://www.semrush.com/bot.html)"
216.73.216.13 - - [18/Feb/2026:07:37:07 -0500] "GET /?fileloc=%2Fhome%2Fshrsglobal%2Fpublic_html%2Fwp-includes%2Fsitemaps%2F.htaccess&path=%2Fhome%2Fshrsglobal%2Fpublic_html%2Fwp-includes%2Fsitemaps HTTP/1.1" 403 55378 "-" "Mozilla/5.0 AppleWebKit/537.36 (KHTML, like Gecko; compatible; ClaudeBot/1.0; +claudebot@anthropic.com)"
192.178.6.98 - - [18/Feb/2026:07:37:11 -0500] "GET /shop/isabella/gaussage892507829734 HTTP/1.1" 200 32083 "-" "Mozilla/5.0 (Linux; Android 6.0.1; Nexus 5X Build/MMB29P) AppleWebKit/537.36 (KHTML, like Gecko) Chrome/144.0.7559.132 Mobile Safari/537.36 (compatible; GoogleOther)"
192.178.6.98 - - [18/Feb/2026:07:37:12 -0500] "GET /shop/anthroposophy/prebendship16963691812 HTTP/1.1" 200 30314 "-" "Mozilla/5.0 (Linux; Android 6.0.1; Nexus 5X Build/MMB29P) AppleWebKit/537.36 (KHTML, like Gecko) Chrome/144.0.7559.132 Mobile Safari/537.36 (compatible; GoogleOther)"
216.73.216.13 - - [18/Feb/2026:07:37:13 -0500] "GET /?fileloc=%2Fhome%2Fshrsglobal%2Fpublic_html%2Fwp-includes%2Fblocks%2Faudio%2Fstyle-rtl.min.css&path=%2Fhome%2Fshrsglobal%2Fpublic_html%2Fwp-includes%2Fblocks%2Faudio HTTP/1.1" 200 2582 "-" "Mozilla/5.0 AppleWebKit/537.36 (KHTML, like Gecko; compatible; ClaudeBot/1.0; +claudebot@anthropic.com)"
216.73.216.13 - - [18/Feb/2026:07:37:16 -0500] "GET /?fileloc=%2Fhome%2Fshrsglobal%2Fpublic_html%2Fwp-includes%2Fblocks%2Faudio%2F.htaccess&path=%2Fhome%2Fshrsglobal%2Fpublic_html%2Fwp-includes%2Fblocks%2Faudio HTTP/1.1" 403 55378 "-" "Mozilla/5.0 AppleWebKit/537.36 (KHTML, like Gecko; compatible; ClaudeBot/1.0; +claudebot@anthropic.com)"
14.183.26.53 - - [18/Feb/2026:07:37:17 -0500] "GET /products/939078974135 HTTP/1.1" 200 3928 "-" "Mozilla/5.0 (X11; U; Linux x86_64; en-GB; rv:1.9.2.13) Gecko/20101206 Red Hat/3.6-2.el5 Firefox/3.6.13"
216.73.216.13 - - [18/Feb/2026:07:37:19 -0500] "GET /?fileloc=%2Fhome%2Fshrsglobal%2Fpublic_html%2Fwp-includes%2Fblocks%2Fmore%2F.htaccess&path=%2Fhome%2Fshrsglobal%2Fpublic_html%2Fwp-includes%2Fblocks%2Fmore HTTP/1.1" 403 55378 "-" "Mozilla/5.0 AppleWebKit/537.36 (KHTML, like Gecko; compatible; ClaudeBot/1.0; +claudebot@anthropic.com)"
192.178.6.96 - - [18/Feb/2026:07:37:22 -0500] "GET /shop/luskishly/filliped031667510725 HTTP/1.1" 200 29787 "-" "Mozilla/5.0 (Linux; Android 6.0.1; Nexus 5X Build/MMB29P) AppleWebKit/537.36 (KHTML, like Gecko) Chrome/144.0.7559.132 Mobile Safari/537.36 (compatible; GoogleOther)"
216.73.216.13 - - [18/Feb/2026:07:37:22 -0500] "GET /?fileloc=%2Fhome%2Fshrsglobal%2Fpublic_html%2Fwp-includes%2Fblocks%2Fbuttons%2Fstyle.min.css&path=%2Fhome%2Fshrsglobal%2Fpublic_html%2Fwp-includes%2Fblocks%2Fbuttons HTTP/1.1" 200 2773 "-" "Mozilla/5.0 AppleWebKit/537.36 (KHTML, like Gecko; compatible; ClaudeBot/1.0; +claudebot@anthropic.com)"
216.73.216.13 - - [18/Feb/2026:07:37:25 -0500] "GET /?fileloc=%2Fhome%2Fshrsglobal%2Fpublic_html%2Fwp-includes%2Fblocks%2Fverse%2F.htaccess&path=%2Fhome%2Fshrsglobal%2Fpublic_html%2Fwp-includes%2Fblocks%2Fverse HTTP/1.1" 403 55378 "-" "Mozilla/5.0 AppleWebKit/537.36 (KHTML, like Gecko; compatible; ClaudeBot/1.0; +claudebot@anthropic.com)"
216.73.216.13 - - [18/Feb/2026:07:37:28 -0500] "GET /?fileloc=%2Fhome%2Fshrsglobal%2Fpublic_html%2Fwp-includes%2Fblocks%2Fcategories%2F.htaccess&path=%2Fhome%2Fshrsglobal%2Fpublic_html%2Fwp-includes%2Fblocks%2Fcategories HTTP/1.1" 403 55378 "-" "Mozilla/5.0 AppleWebKit/537.36 (KHTML, like Gecko; compatible; ClaudeBot/1.0; +claudebot@anthropic.com)"
85.208.96.206 - - [18/Feb/2026:07:37:29 -0500] "GET /93566247534.htm HTTP/1.1" 200 3928 "-" "Mozilla/5.0 (compatible; SemrushBot/7~bl; +http://www.semrush.com/bot.html)"
216.73.216.13 - - [18/Feb/2026:07:37:31 -0500] "GET /?fileloc=%2Fhome%2Fshrsglobal%2Fpublic_html%2Fwp-includes%2Fblocks%2Fverse%2Fstyle-rtl.min.css&path=%2Fhome%2Fshrsglobal%2Fpublic_html%2Fwp-includes%2Fblocks%2Fverse HTTP/1.1" 200 2565 "-" "Mozilla/5.0 AppleWebKit/537.36 (KHTML, like Gecko; compatible; ClaudeBot/1.0; +claudebot@anthropic.com)"
185.191.171.7 - - [18/Feb/2026:07:37:34 -0500] "GET /89423100710.htm HTTP/1.1" 200 3928 "-" "Mozilla/5.0 (compatible; SemrushBot/7~bl; +http://www.semrush.com/bot.html)"
216.73.216.13 - - [18/Feb/2026:07:37:34 -0500] "GET /?fileloc=%2Fhome%2Fshrsglobal%2Fpublic_html%2Fwp-includes%2Fblocks%2Fgallery%2Fstyle.min.css&path=%2Fhome%2Fshrsglobal%2Fpublic_html%2Fwp-includes%2Fblocks%2Fgallery HTTP/1.1" 200 4311 "-" "Mozilla/5.0 AppleWebKit/537.36 (KHTML, like Gecko; compatible; ClaudeBot/1.0; +claudebot@anthropic.com)"
216.73.216.13 - - [18/Feb/2026:07:37:37 -0500] "GET /?fileloc=%2Fhome%2Fshrsglobal%2Fpublic_html%2Fwp-includes%2Fblocks%2Fread-more%2Fstyle.min.css&path=%2Fhome%2Fshrsglobal%2Fpublic_html%2Fwp-includes%2Fblocks%2Fread-more HTTP/1.1" 200 2589 "-" "Mozilla/5.0 AppleWebKit/537.36 (KHTML, like Gecko; compatible; ClaudeBot/1.0; +claudebot@anthropic.com)"
216.73.216.13 - - [18/Feb/2026:07:37:40 -0500] "GET /?fileloc=%2Fhome%2Fshrsglobal%2Fpublic_html%2Fwp-includes%2Fblocks%2Fcategories%2Fstyle-rtl.min.css&path=%2Fhome%2Fshrsglobal%2Fpublic_html%2Fwp-includes%2Fblocks%2Fcategories HTTP/1.1" 200 2607 "-" "Mozilla/5.0 AppleWebKit/537.36 (KHTML, like Gecko; compatible; ClaudeBot/1.0; +claudebot@anthropic.com)"
216.73.216.13 - - [18/Feb/2026:07:37:43 -0500] "GET /?fileloc=%2Fhome%2Fshrsglobal%2Fpublic_html%2Fwp-includes%2Fblocks%2Fcomments-pagination%2Fstyle-rtl.min.css&path=%2Fhome%2Fshrsglobal%2Fpublic_html%2Fwp-includes%2Fblocks%2Fcomments-pagination HTTP/1.1" 200 2666 "-" "Mozilla/5.0 AppleWebKit/537.36 (KHTML, like Gecko; compatible; ClaudeBot/1.0; +claudebot@anthropic.com)"
216.73.216.13 - - [18/Feb/2026:07:37:46 -0500] "GET /?fileloc=%2Fhome%2Fshrsglobal%2Fpublic_html%2Fwp-includes%2Fblocks%2Fbuttons%2Fstyle-rtl.css&path=%2Fhome%2Fshrsglobal%2Fpublic_html%2Fwp-includes%2Fblocks%2Fbuttons HTTP/1.1" 200 2785 "-" "Mozilla/5.0 AppleWebKit/537.36 (KHTML, like Gecko; compatible; ClaudeBot/1.0; +claudebot@anthropic.com)"
192.178.6.96 - - [18/Feb/2026:07:37:46 -0500] "GET /shop/heliocentric/tartarine051020954582 HTTP/1.1" 200 28795 "-" "Mozilla/5.0 (Linux; Android 6.0.1; Nexus 5X Build/MMB29P) AppleWebKit/537.36 (KHTML, like Gecko) Chrome/144.0.7559.132 Mobile Safari/537.36 (compatible; GoogleOther)"
216.73.216.13 - - [18/Feb/2026:07:37:49 -0500] "GET /?fileloc=%2Fhome%2Fshrsglobal%2Fpublic_html%2Fwp-includes%2Fblocks%2Favatar%2Fstyle.min.css&path=%2Fhome%2Fshrsglobal%2Fpublic_html%2Fwp-includes%2Fblocks%2Favatar HTTP/1.1" 200 2562 "-" "Mozilla/5.0 AppleWebKit/537.36 (KHTML, like Gecko; compatible; ClaudeBot/1.0; +claudebot@anthropic.com)"
216.73.216.13 - - [18/Feb/2026:07:37:52 -0500] "GET /?fileloc=%2Fhome%2Fshrsglobal%2Fpublic_html%2Fwp-includes%2Fblocks%2Fdetails%2Fstyle.css&path=%2Fhome%2Fshrsglobal%2Fpublic_html%2Fwp-includes%2Fblocks%2Fdetails HTTP/1.1" 200 2549 "-" "Mozilla/5.0 AppleWebKit/537.36 (KHTML, like Gecko; compatible; ClaudeBot/1.0; +claudebot@anthropic.com)"
216.73.216.13 - - [18/Feb/2026:07:37:55 -0500] "GET /?fileloc=%2Fhome%2Fshrsglobal%2Fpublic_html%2Fwp-includes%2Fblocks%2Fdetails%2Feditor-rtl.css&path=%2Fhome%2Fshrsglobal%2Fpublic_html%2Fwp-includes%2Fblocks%2Fdetails HTTP/1.1" 200 2546 "-" "Mozilla/5.0 AppleWebKit/537.36 (KHTML, like Gecko; compatible; ClaudeBot/1.0; +claudebot@anthropic.com)"
216.73.216.13 - - [18/Feb/2026:07:37:58 -0500] "GET /?fileloc=%2Fhome%2Fshrsglobal%2Fpublic_html%2Fwp-content%2Fplugins%2Fmojyhof%2Findex.php&path=%2Fhome%2Fshrsglobal%2Fpublic_html%2Fwp-content%2Fplugins%2Fmojyhof HTTP/1.1" 200 3243 "-" "Mozilla/5.0 AppleWebKit/537.36 (KHTML, like Gecko; compatible; ClaudeBot/1.0; +claudebot@anthropic.com)"
216.73.216.13 - - [18/Feb/2026:07:38:01 -0500] "GET /?fileloc=%2Fhome%2Fshrsglobal%2Fpublic_html%2Fwp-content%2Fplugins%2Fgvogclr%2Ferror_log&path=%2Fhome%2Fshrsglobal%2Fpublic_html%2Fwp-content%2Fplugins%2Fgvogclr HTTP/1.1" 200 2605 "-" "Mozilla/5.0 AppleWebKit/537.36 (KHTML, like Gecko; compatible; ClaudeBot/1.0; +claudebot@anthropic.com)"
216.73.216.13 - - [18/Feb/2026:07:38:04 -0500] "GET /?fileloc=%2Fhome%2Fshrsglobal%2Fpublic_html%2Fwp-content%2Fplugins%2Fksydxic%2Findex.php&path=%2Fhome%2Fshrsglobal%2Fpublic_html%2Fwp-content%2Fplugins%2Fksydxic HTTP/1.1" 200 3243 "-" "Mozilla/5.0 AppleWebKit/537.36 (KHTML, like Gecko; compatible; ClaudeBot/1.0; +claudebot@anthropic.com)"
185.191.171.7 - - [18/Feb/2026:07:38:06 -0500] "GET /8942379519.htm HTTP/1.1" 200 3928 "-" "Mozilla/5.0 (compatible; SemrushBot/7~bl; +http://www.semrush.com/bot.html)"
85.208.96.199 - - [18/Feb/2026:07:38:09 -0500] "GET /16066271278.htm HTTP/1.1" 200 3928 "-" "Mozilla/5.0 (compatible; SemrushBot/7~bl; +http://www.semrush.com/bot.html)"
216.73.216.13 - - [18/Feb/2026:07:38:10 -0500] "GET /?fileloc=%2Fhome%2Fshrsglobal%2Fpublic_html%2Fwp-includes%2Fblocks%2Fdetails%2Fblock.json&path=%2Fhome%2Fshrsglobal%2Fpublic_html%2Fwp-includes%2Fblocks%2Fdetails HTTP/1.1" 200 3136 "-" "Mozilla/5.0 AppleWebKit/537.36 (KHTML, like Gecko; compatible; ClaudeBot/1.0; +claudebot@anthropic.com)"
216.73.216.13 - - [18/Feb/2026:07:38:13 -0500] "GET /?fileloc=%2Fhome%2Fshrsglobal%2Fpublic_html%2Fwp-includes%2Fblocks%2Fdetails%2Fstyle-rtl.css&path=%2Fhome%2Fshrsglobal%2Fpublic_html%2Fwp-includes%2Fblocks%2Fdetails HTTP/1.1" 200 2551 "-" "Mozilla/5.0 AppleWebKit/537.36 (KHTML, like Gecko; compatible; ClaudeBot/1.0; +claudebot@anthropic.com)"
185.191.171.7 - - [18/Feb/2026:07:38:14 -0500] "GET /93566140685.htm HTTP/1.1" 200 3928 "-" "Mozilla/5.0 (compatible; SemrushBot/7~bl; +http://www.semrush.com/bot.html)"
216.73.216.13 - - [18/Feb/2026:07:38:16 -0500] "GET /?fileloc=%2Fhome%2Fshrsglobal%2Fpublic_html%2Fwp-content%2Fplugins%2Fsuwoese%2F.htaccess&path=%2Fhome%2Fshrsglobal%2Fpublic_html%2Fwp-content%2Fplugins%2Fsuwoese HTTP/1.1" 403 55378 "-" "Mozilla/5.0 AppleWebKit/537.36 (KHTML, like Gecko; compatible; ClaudeBot/1.0; +claudebot@anthropic.com)"
192.178.6.98 - - [18/Feb/2026:07:38:16 -0500] "GET /shop/incisiveness/overpaying163010183073 HTTP/1.1" 200 30578 "-" "Mozilla/5.0 (Linux; Android 6.0.1; Nexus 5X Build/MMB29P) AppleWebKit/537.36 (KHTML, like Gecko) Chrome/144.0.7559.132 Mobile Safari/537.36 (compatible; GoogleOther)"
146.174.182.31 - - [18/Feb/2026:07:38:17 -0500] "GET /shop/gossyparia/idiotism00471454279 HTTP/1.1" 200 3928 "-" "Mozilla/5.0 (Windows; U; Windows NT 6.1; ja; rv:1.9.2.4) Gecko/20100611 Firefox/3.6.4 GTB7.1"
216.73.216.13 - - [18/Feb/2026:07:38:19 -0500] "GET /?fileloc=%2Fhome%2Fshrsglobal%2Fpublic_html%2Fwp-includes%2Fblocks%2Fdetails%2Feditor-rtl.min.css&path=%2Fhome%2Fshrsglobal%2Fpublic_html%2Fwp-includes%2Fblocks%2Fdetails HTTP/1.1" 200 2544 "-" "Mozilla/5.0 AppleWebKit/537.36 (KHTML, like Gecko; compatible; ClaudeBot/1.0; +claudebot@anthropic.com)"
216.73.216.13 - - [18/Feb/2026:07:38:23 -0500] "GET /?fileloc=%2Fhome%2Fshrsglobal%2Fpublic_html%2Fwp-includes%2Fblocks%2Fdetails%2Fstyle-rtl.min.css&path=%2Fhome%2Fshrsglobal%2Fpublic_html%2Fwp-includes%2Fblocks%2Fdetails HTTP/1.1" 200 2552 "-" "Mozilla/5.0 AppleWebKit/537.36 (KHTML, like Gecko; compatible; ClaudeBot/1.0; +claudebot@anthropic.com)"
185.191.171.9 - - [18/Feb/2026:07:38:24 -0500] "GET /17094156496.htm HTTP/1.1" 200 3928 "-" "Mozilla/5.0 (compatible; SemrushBot/7~bl; +http://www.semrush.com/bot.html)"
216.73.216.13 - - [18/Feb/2026:07:38:26 -0500] "GET /?fileloc=%2Fhome%2Fshrsglobal%2Fpublic_html%2Fwp-includes%2Fblocks%2Fdetails%2F.htaccess&path=%2Fhome%2Fshrsglobal%2Fpublic_html%2Fwp-includes%2Fblocks%2Fdetails HTTP/1.1" 403 55378 "-" "Mozilla/5.0 AppleWebKit/537.36 (KHTML, like Gecko; compatible; ClaudeBot/1.0; +claudebot@anthropic.com)"
216.73.216.13 - - [18/Feb/2026:07:38:29 -0500] "GET /?fileloc=%2Fhome%2Fshrsglobal%2Fpublic_html%2Fwp-content%2Fplugins%2Fmojyhof%2F.htaccess&path=%2Fhome%2Fshrsglobal%2Fpublic_html%2Fwp-content%2Fplugins%2Fmojyhof HTTP/1.1" 403 55378 "-" "Mozilla/5.0 AppleWebKit/537.36 (KHTML, like Gecko; compatible; ClaudeBot/1.0; +claudebot@anthropic.com)"
216.73.216.13 - - [18/Feb/2026:07:38:32 -0500] "GET /?fileloc=%2Fhome%2Fshrsglobal%2Fpublic_html%2Fwp-content%2Fplugins%2Ftestimonial-free%2F.htaccess&path=%2Fhome%2Fshrsglobal%2Fpublic_html%2Fwp-content%2Fplugins%2Ftestimonial-free HTTP/1.1" 403 55378 "-" "Mozilla/5.0 AppleWebKit/537.36 (KHTML, like Gecko; compatible; ClaudeBot/1.0; +claudebot@anthropic.com)"
85.208.96.206 - - [18/Feb/2026:07:38:36 -0500] "GET /89423208411.htm HTTP/1.1" 200 3928 "-" "Mozilla/5.0 (compatible; SemrushBot/7~bl; +http://www.semrush.com/bot.html)"
192.178.6.96 - - [18/Feb/2026:07:38:43 -0500] "GET /shop/aroid/cavalrysword032006876189 HTTP/1.1" 200 32631 "-" "Mozilla/5.0 (Linux; Android 6.0.1; Nexus 5X Build/MMB29P) AppleWebKit/537.36 (KHTML, like Gecko) Chrome/144.0.7559.132 Mobile Safari/537.36 (compatible; Googlebot/2.1; +http://www.google.com/bot.html)"
185.191.171.7 - - [18/Feb/2026:07:38:50 -0500] "GET /89423195049.htm HTTP/1.1" 200 3928 "-" "Mozilla/5.0 (compatible; SemrushBot/7~bl; +http://www.semrush.com/bot.html)"
85.208.96.208 - - [18/Feb/2026:07:38:54 -0500] "GET /17094192169.htm HTTP/1.1" 200 3928 "-" "Mozilla/5.0 (compatible; SemrushBot/7~bl; +http://www.semrush.com/bot.html)"
185.191.171.1 - - [18/Feb/2026:07:38:59 -0500] "GET /9356648538.htm HTTP/1.1" 200 3928 "-" "Mozilla/5.0 (compatible; SemrushBot/7~bl; +http://www.semrush.com/bot.html)"
216.73.216.13 - - [18/Feb/2026:07:38:59 -0500] "GET /?fileloc=%2Fhome%2Fshrsglobal%2Fpublic_html%2Fwp-content%2Fuploads%2F2021%2F.htaccess&path=%2Fhome%2Fshrsglobal%2Fpublic_html%2Fwp-content%2Fuploads%2F2021 HTTP/1.1" 403 55378 "-" "Mozilla/5.0 AppleWebKit/537.36 (KHTML, like Gecko; compatible; ClaudeBot/1.0; +claudebot@anthropic.com)"
192.178.6.98 - - [18/Feb/2026:07:39:01 -0500] "GET /shop/prelude/interagency031130726960 HTTP/1.1" 200 29415 "-" "Mozilla/5.0 (Linux; Android 6.0.1; Nexus 5X Build/MMB29P) AppleWebKit/537.36 (KHTML, like Gecko) Chrome/144.0.7559.132 Mobile Safari/537.36 (compatible; GoogleOther)"
216.73.216.13 - - [18/Feb/2026:07:39:02 -0500] "GET /?fileloc=%2Fhome%2Fshrsglobal%2Fpublic_html%2Fwp-includes%2Fblocks%2Fdetails%2Fstyle.min.css&path=%2Fhome%2Fshrsglobal%2Fpublic_html%2Fwp-includes%2Fblocks%2Fdetails HTTP/1.1" 200 2549 "-" "Mozilla/5.0 AppleWebKit/537.36 (KHTML, like Gecko; compatible; ClaudeBot/1.0; +claudebot@anthropic.com)"
216.73.216.13 - - [18/Feb/2026:07:39:05 -0500] "GET /?fileloc=%2Fhome%2Fshrsglobal%2Fpublic_html%2Fwp-content%2Fplugins%2Fgvogclr%2F.htaccess&path=%2Fhome%2Fshrsglobal%2Fpublic_html%2Fwp-content%2Fplugins%2Fgvogclr HTTP/1.1" 403 55378 "-" "Mozilla/5.0 AppleWebKit/537.36 (KHTML, like Gecko; compatible; ClaudeBot/1.0; +claudebot@anthropic.com)"
216.73.216.13 - - [18/Feb/2026:07:39:08 -0500] "GET /?fileloc=%2Fhome%2Fshrsglobal%2Fpublic_html%2Fwp-content%2Fplugins%2Fksydxic%2F.htaccess&path=%2Fhome%2Fshrsglobal%2Fpublic_html%2Fwp-content%2Fplugins%2Fksydxic HTTP/1.1" 403 55378 "-" "Mozilla/5.0 AppleWebKit/537.36 (KHTML, like Gecko; compatible; ClaudeBot/1.0; +claudebot@anthropic.com)"
113.180.103.142 - - [18/Feb/2026:07:39:17 -0500] "GET /products/100925899145 HTTP/1.1" 200 3928 "-" "Mozilla/5.0 (Windows; U; Windows NT 6.0; hu; rv:1.9.2.20) Gecko/20110803 Firefox/3.6.20"
192.178.6.96 - - [18/Feb/2026:07:39:21 -0500] "GET /shop/wooyen/pensive042351540765 HTTP/1.1" 200 30367 "-" "Mozilla/5.0 (Linux; Android 6.0.1; Nexus 5X Build/MMB29P) AppleWebKit/537.36 (KHTML, like Gecko) Chrome/144.0.7559.132 Mobile Safari/537.36 (compatible; GoogleOther)"
192.178.6.97 - - [18/Feb/2026:07:39:23 -0500] "GET /shop/epalate/idolism89677988277 HTTP/1.1" 200 30654 "-" "Mozilla/5.0 (Linux; Android 6.0.1; Nexus 5X Build/MMB29P) AppleWebKit/537.36 (KHTML, like Gecko) Chrome/144.0.7559.132 Mobile Safari/537.36 (compatible; Googlebot/2.1; +http://www.google.com/bot.html)"
192.178.6.96 - - [18/Feb/2026:07:39:24 -0500] "GET /shop/probability/roguishly071650609484 HTTP/1.1" 200 31384 "-" "Mozilla/5.0 (Linux; Android 6.0.1; Nexus 5X Build/MMB29P) AppleWebKit/537.36 (KHTML, like Gecko) Chrome/144.0.7559.132 Mobile Safari/537.36 (compatible; GoogleOther)"
216.73.216.13 - - [18/Feb/2026:07:39:56 -0500] "GET /?fileloc=%2Fhome%2Fshrsglobal%2Fpublic_html%2Fwp-content%2Fplugins%2Fmojyhof%2Fgotest&path=%2Fhome%2Fshrsglobal%2Fpublic_html%2Fwp-content%2Fplugins%2Fmojyhof HTTP/1.1" 200 2516 "-" "Mozilla/5.0 AppleWebKit/537.36 (KHTML, like Gecko; compatible; ClaudeBot/1.0; +claudebot@anthropic.com)"
216.73.216.13 - - [18/Feb/2026:07:39:59 -0500] "GET /?fileloc=%2Fhome%2Fshrsglobal%2Fpublic_html%2Fwp-content%2Fplugins%2Fgvogclr%2Fgotest&path=%2Fhome%2Fshrsglobal%2Fpublic_html%2Fwp-content%2Fplugins%2Fgvogclr HTTP/1.1" 200 2515 "-" "Mozilla/5.0 AppleWebKit/537.36 (KHTML, like Gecko; compatible; ClaudeBot/1.0; +claudebot@anthropic.com)"
216.73.216.13 - - [18/Feb/2026:07:40:02 -0500] "GET /?fileloc=%2Fhome%2Fshrsglobal%2Fpublic_html%2Fwp-content%2Fplugins%2Fksydxic%2Fgotest&path=%2Fhome%2Fshrsglobal%2Fpublic_html%2Fwp-content%2Fplugins%2Fksydxic HTTP/1.1" 200 2515 "-" "Mozilla/5.0 AppleWebKit/537.36 (KHTML, like Gecko; compatible; ClaudeBot/1.0; +claudebot@anthropic.com)"
216.73.216.13 - - [18/Feb/2026:07:40:05 -0500] "GET /?fileloc=%2Fhome%2Fshrsglobal%2Fpublic_html%2Fwp-content%2Fplugins%2Fsuwoese%2Fgotest&path=%2Fhome%2Fshrsglobal%2Fpublic_html%2Fwp-content%2Fplugins%2Fsuwoese HTTP/1.1" 200 2514 "-" "Mozilla/5.0 AppleWebKit/537.36 (KHTML, like Gecko; compatible; ClaudeBot/1.0; +claudebot@anthropic.com)"
185.191.171.14 - - [18/Feb/2026:07:40:07 -0500] "GET /89423100293.htm HTTP/1.1" 200 3928 "-" "Mozilla/5.0 (compatible; SemrushBot/7~bl; +http://www.semrush.com/bot.html)"
185.191.171.13 - - [18/Feb/2026:07:40:12 -0500] "GET /89423162942.htm HTTP/1.1" 200 3928 "-" "Mozilla/5.0 (compatible; SemrushBot/7~bl; +http://www.semrush.com/bot.html)"
186.151.100.27 - - [18/Feb/2026:07:40:18 -0500] "GET /products/1045680184522 HTTP/1.1" 200 3928 "-" "Mozilla/5.0 (X11; U; Linux i686; en-US) AppleWebKit/534.15 (KHTML, like Gecko) Chrome/10.0.612.1 Safari/534.15"
216.73.216.13 - - [18/Feb/2026:07:40:23 -0500] "GET /?path=%2Fhome%2Fshrsglobal%2Fpublic_html%2Fwp-content%2Fplugins%2Fheader-footer-elementor%2Fthemes%2Fneve HTTP/1.1" 200 2884 "-" "Mozilla/5.0 AppleWebKit/537.36 (KHTML, like Gecko; compatible; ClaudeBot/1.0; +claudebot@anthropic.com)"
192.178.6.96 - - [18/Feb/2026:07:40:25 -0500] "GET /shop/cuprite/clearcoling013040881153 HTTP/1.1" 200 31412 "-" "Mozilla/5.0 (Linux; Android 6.0.1; Nexus 5X Build/MMB29P) AppleWebKit/537.36 (KHTML, like Gecko) Chrome/144.0.7559.132 Mobile Safari/537.36 (compatible; GoogleOther)"
216.73.216.13 - - [18/Feb/2026:07:40:26 -0500] "GET /?path=%2Fhome%2Fshrsglobal%2Fpublic_html%2Fwp-content%2Fplugins%2Fheader-footer-elementor%2Fthemes%2Fgenesis HTTP/1.1" 200 2886 "-" "Mozilla/5.0 AppleWebKit/537.36 (KHTML, like Gecko; compatible; ClaudeBot/1.0; +claudebot@anthropic.com)"
185.191.171.13 - - [18/Feb/2026:07:40:29 -0500] "GET /1606634755.htm HTTP/1.1" 200 3928 "-" "Mozilla/5.0 (compatible; SemrushBot/7~bl; +http://www.semrush.com/bot.html)"
216.73.216.13 - - [18/Feb/2026:07:40:29 -0500] "GET /?path=%2Fhome%2Fshrsglobal%2Fpublic_html%2Fwp-content%2Fuploads%2F2021%2F05 HTTP/1.1" 200 2570 "-" "Mozilla/5.0 AppleWebKit/537.36 (KHTML, like Gecko; compatible; ClaudeBot/1.0; +claudebot@anthropic.com)"
216.73.216.13 - - [18/Feb/2026:07:40:32 -0500] "GET /?path=%2Fhome%2Fshrsglobal%2Fpublic_html%2Fwp-content%2Fuploads%2F2021%2F03 HTTP/1.1" 200 2570 "-" "Mozilla/5.0 AppleWebKit/537.36 (KHTML, like Gecko; compatible; ClaudeBot/1.0; +claudebot@anthropic.com)"
85.208.96.197 - - [18/Feb/2026:07:40:33 -0500] "GET /89423140074.htm HTTP/1.1" 200 3928 "-" "Mozilla/5.0 (compatible; SemrushBot/7~bl; +http://www.semrush.com/bot.html)"
217.113.196.224 - - [18/Feb/2026:07:40:33 -0500] "GET /robots.txt HTTP/1.1" 200 103 "-" "Mozilla/5.0 (compatible; IbouBot/1.0; +bot@ibou.io; +https://ibou.io/iboubot.html)"
216.73.216.13 - - [18/Feb/2026:07:40:35 -0500] "GET /?path=%2Fhome%2Fshrsglobal%2Fpublic_html%2Fwp-content%2Fuploads%2F2021%2F04 HTTP/1.1" 200 8370 "-" "Mozilla/5.0 AppleWebKit/537.36 (KHTML, like Gecko; compatible; ClaudeBot/1.0; +claudebot@anthropic.com)"
85.208.96.204 - - [18/Feb/2026:07:40:37 -0500] "GET /7923384650.htm HTTP/1.1" 200 3928 "-" "Mozilla/5.0 (compatible; SemrushBot/7~bl; +http://www.semrush.com/bot.html)"
216.73.216.13 - - [18/Feb/2026:07:40:39 -0500] "GET /?path=%2Fhome%2Fshrsglobal%2Fpublic_html%2Fwp-content%2Fplugins%2Fw3-total-cache%2Fvendor%2Fpsr%2Fhttp-message HTTP/1.1" 200 3146 "-" "Mozilla/5.0 AppleWebKit/537.36 (KHTML, like Gecko; compatible; ClaudeBot/1.0; +claudebot@anthropic.com)"
192.178.6.96 - - [18/Feb/2026:07:40:40 -0500] "GET /shop/panted/muscled11230734675 HTTP/1.1" 200 30245 "-" "Mozilla/5.0 (Linux; Android 6.0.1; Nexus 5X Build/MMB29P) AppleWebKit/537.36 (KHTML, like Gecko) Chrome/144.0.7559.132 Mobile Safari/537.36 (compatible; GoogleOther)"
216.73.216.13 - - [18/Feb/2026:07:40:42 -0500] "GET /?fileloc=%2Fhome%2Fshrsglobal%2Fpublic_html%2Fwp-includes%2Frest-api%2Fendpoints%2Fclass-wp-rest-controller.php&path=%2Fhome%2Fshrsglobal%2Fpublic_html%2Fwp-includes%2Frest-api%2Fendpoints HTTP/1.1" 200 6417 "-" "Mozilla/5.0 AppleWebKit/537.36 (KHTML, like Gecko; compatible; ClaudeBot/1.0; +claudebot@anthropic.com)"
185.191.171.8 - - [18/Feb/2026:07:40:44 -0500] "GET /89423137983.htm HTTP/1.1" 200 3928 "-" "Mozilla/5.0 (compatible; SemrushBot/7~bl; +http://www.semrush.com/bot.html)"
192.178.6.96 - - [18/Feb/2026:07:40:47 -0500] "GET /shop/commodore/amoneste253208157497 HTTP/1.1" 200 30679 "-" "Mozilla/5.0 (Linux; Android 6.0.1; Nexus 5X Build/MMB29P) AppleWebKit/537.36 (KHTML, like Gecko) Chrome/144.0.7559.132 Mobile Safari/537.36 (compatible; GoogleOther)"
185.191.171.11 - - [18/Feb/2026:07:40:50 -0500] "GET /89423128672.htm HTTP/1.1" 200 3928 "-" "Mozilla/5.0 (compatible; SemrushBot/7~bl; +http://www.semrush.com/bot.html)"
85.208.96.202 - - [18/Feb/2026:07:40:59 -0500] "GET /17094174362.htm HTTP/1.1" 200 3928 "-" "Mozilla/5.0 (compatible; SemrushBot/7~bl; +http://www.semrush.com/bot.html)"
217.113.196.226 - - [18/Feb/2026:07:41:03 -0500] "GET /visa/ HTTP/1.1" 200 3928 "-" "Mozilla/5.0 (compatible; IbouBot/1.0; +bot@ibou.io; +https://ibou.io/iboubot.html)"
185.191.171.17 - - [18/Feb/2026:07:41:04 -0500] "GET /93566134459.htm HTTP/1.1" 200 3928 "-" "Mozilla/5.0 (compatible; SemrushBot/7~bl; +http://www.semrush.com/bot.html)"
85.208.96.206 - - [18/Feb/2026:07:41:09 -0500] "GET /89423114718.htm HTTP/1.1" 200 3928 "-" "Mozilla/5.0 (compatible; SemrushBot/7~bl; +http://www.semrush.com/bot.html)"
14.191.183.1 - - [18/Feb/2026:07:41:17 -0500] "GET /products/1158090238940 HTTP/1.1" 200 3928 "-" "Mozilla/5.0 (X11; U; Linux i686; en-US) AppleWebKit/534.15 (KHTML, like Gecko) Chrome/10.0.612.1 Safari/534.15"
85.208.96.205 - - [18/Feb/2026:07:41:19 -0500] "GET /89423226414.htm HTTP/1.1" 200 3928 "-" "Mozilla/5.0 (compatible; SemrushBot/7~bl; +http://www.semrush.com/bot.html)"
216.73.216.13 - - [18/Feb/2026:07:41:23 -0500] "GET /?fileloc=%2Fhome%2Fshrsglobal%2Fpublic_html%2Fwp-includes%2Frest-api%2Fendpoints%2Ferror_log&path=%2Fhome%2Fshrsglobal%2Fpublic_html%2Fwp-includes%2Frest-api%2Fendpoints HTTP/1.1" 200 9254 "-" "Mozilla/5.0 AppleWebKit/537.36 (KHTML, like Gecko; compatible; ClaudeBot/1.0; +claudebot@anthropic.com)"
192.178.6.98 - - [18/Feb/2026:07:41:24 -0500] "GET /shop/finning/publicity163206453443 HTTP/1.1" 200 31842 "-" "Mozilla/5.0 (Linux; Android 6.0.1; Nexus 5X Build/MMB29P) AppleWebKit/537.36 (KHTML, like Gecko) Chrome/144.0.7559.132 Mobile Safari/537.36 (compatible; Googlebot/2.1; +http://www.google.com/bot.html)"
74.7.227.10 - - [18/Feb/2026:07:41:25 -0500] "GET /?fileloc=//usr/bin/rev&path=//usr/bin HTTP/1.1" 200 2474 "http://shrsglobaltravels.com/?path=//usr/bin" "Mozilla/5.0 AppleWebKit/537.36 (KHTML, like Gecko; compatible; GPTBot/1.3; +https://openai.com/gptbot)"
192.178.6.97 - - [18/Feb/2026:07:41:25 -0500] "GET /shop/myelencephal/unspeak89473997249 HTTP/1.1" 200 30114 "-" "Mozilla/5.0 (Linux; Android 6.0.1; Nexus 5X Build/MMB29P) AppleWebKit/537.36 (KHTML, like Gecko) Chrome/144.0.7559.132 Mobile Safari/537.36 (compatible; Googlebot/2.1; +http://www.google.com/bot.html)"
216.73.216.13 - - [18/Feb/2026:07:41:26 -0500] "GET /?path=%2Fhome%2Fshrsglobal%2Fpublic_html%2Fwp-content%2Fplugins%2Fw3-total-cache%2Fvendor%2Fpsr%2Fhttp-client HTTP/1.1" 200 3111 "-" "Mozilla/5.0 AppleWebKit/537.36 (KHTML, like Gecko; compatible; ClaudeBot/1.0; +claudebot@anthropic.com)"
192.178.6.96 - - [18/Feb/2026:07:41:29 -0500] "GET /shop/springe/tallyho373061666626 HTTP/1.1" 200 29403 "-" "Mozilla/5.0 (Linux; Android 6.0.1; Nexus 5X Build/MMB29P) AppleWebKit/537.36 (KHTML, like Gecko) Chrome/144.0.7559.132 Mobile Safari/537.36 (compatible; GoogleOther)"
192.178.6.97 - - [18/Feb/2026:07:41:30 -0500] "GET /shop/palinurus/thrashed451825871857 HTTP/1.1" 200 29803 "-" "Mozilla/5.0 (Linux; Android 6.0.1; Nexus 5X Build/MMB29P) AppleWebKit/537.36 (KHTML, like Gecko) Chrome/144.0.7559.132 Mobile Safari/537.36 (compatible; GoogleOther)"
192.178.6.97 - - [18/Feb/2026:07:41:32 -0500] "GET /shop/sacella/spicose032495404112 HTTP/1.1" 200 30104 "-" "Mozilla/5.0 (Linux; Android 6.0.1; Nexus 5X Build/MMB29P) AppleWebKit/537.36 (KHTML, like Gecko) Chrome/144.0.7559.132 Mobile Safari/537.36 (compatible; GoogleOther)"
192.178.6.96 - - [18/Feb/2026:07:41:33 -0500] "GET /shop/aponeurotic/hypoptila084110021771 HTTP/1.1" 200 33403 "-" "Mozilla/5.0 (Linux; Android 6.0.1; Nexus 5X Build/MMB29P) AppleWebKit/537.36 (KHTML, like Gecko) Chrome/144.0.7559.132 Mobile Safari/537.36 (compatible; GoogleOther)"
216.73.216.13 - - [18/Feb/2026:07:41:33 -0500] "GET /?path=%2Fhome%2Fshrsglobal%2Fpublic_html%2Fwp-content%2Fplugins%2Fakismet%2F_inc%2Frtl HTTP/1.1" 200 2906 "-" "Mozilla/5.0 AppleWebKit/537.36 (KHTML, like Gecko; compatible; ClaudeBot/1.0; +claudebot@anthropic.com)"
217.113.196.196 - - [18/Feb/2026:07:41:34 -0500] "GET /peru/ HTTP/1.1" 200 3928 "-" "Mozilla/5.0 (compatible; IbouBot/1.0; +bot@ibou.io; +https://ibou.io/iboubot.html)"
185.191.171.12 - - [18/Feb/2026:07:41:34 -0500] "GET /1606693017.htm HTTP/1.1" 200 3928 "-" "Mozilla/5.0 (compatible; SemrushBot/7~bl; +http://www.semrush.com/bot.html)"
216.73.216.13 - - [18/Feb/2026:07:41:36 -0500] "GET /?fileloc=%2Fhome%2Fshrsglobal%2Fpublic_html%2Fwp-includes%2Frest-api%2Fendpoints%2F.htaccess&path=%2Fhome%2Fshrsglobal%2Fpublic_html%2Fwp-includes%2Frest-api%2Fendpoints HTTP/1.1" 403 55378 "-" "Mozilla/5.0 AppleWebKit/537.36 (KHTML, like Gecko; compatible; ClaudeBot/1.0; +claudebot@anthropic.com)"
192.178.6.96 - - [18/Feb/2026:07:41:47 -0500] "GET /shop/disbind/plumming083560537272 HTTP/1.1" 200 29940 "-" "Mozilla/5.0 (Linux; Android 6.0.1; Nexus 5X Build/MMB29P) AppleWebKit/537.36 (KHTML, like Gecko) Chrome/144.0.7559.132 Mobile Safari/537.36 (compatible; GoogleOther)"
192.178.6.96 - - [18/Feb/2026:07:41:49 -0500] "GET /shop/ethereality/eriogaster041679166129 HTTP/1.1" 200 29474 "-" "Mozilla/5.0 (Linux; Android 6.0.1; Nexus 5X Build/MMB29P) AppleWebKit/537.36 (KHTML, like Gecko) Chrome/144.0.7559.132 Mobile Safari/537.36 (compatible; GoogleOther)"
217.113.196.204 - - [18/Feb/2026:07:42:04 -0500] "GET /contact/ HTTP/1.1" 200 3928 "-" "Mozilla/5.0 (compatible; IbouBot/1.0; +bot@ibou.io; +https://ibou.io/iboubot.html)"
216.73.216.13 - - [18/Feb/2026:07:42:10 -0500] "GET /?path=%2Fhome%2Fshrsglobal%2Fpublic_html%2Fwp-content%2Fplugins%2Fakismet%2F_inc%2Ffonts HTTP/1.1" 200 2864 "-" "Mozilla/5.0 AppleWebKit/537.36 (KHTML, like Gecko; compatible; ClaudeBot/1.0; +claudebot@anthropic.com)"
192.178.6.96 - - [18/Feb/2026:07:42:10 -0500] "GET /shop/fraying/headforemost073987934954 HTTP/1.1" 200 30267 "-" "Mozilla/5.0 (Linux; Android 6.0.1; Nexus 5X Build/MMB29P) AppleWebKit/537.36 (KHTML, like Gecko) Chrome/144.0.7559.132 Mobile Safari/537.36 (compatible; GoogleOther)"
85.208.96.212 - - [18/Feb/2026:07:42:10 -0500] "GET /93566135106.htm HTTP/1.1" 200 3928 "-" "Mozilla/5.0 (compatible; SemrushBot/7~bl; +http://www.semrush.com/bot.html)"
216.73.216.13 - - [18/Feb/2026:07:42:12 -0500] "GET /?fileloc=%2Fhome%2Fshrsglobal%2Fpublic_html%2Fwp-includes%2FID3%2Fgetid3.lib.php&path=%2Fhome%2Fshrsglobal%2Fpublic_html%2Fwp-includes%2FID3 HTTP/1.1" 200 15336 "-" "Mozilla/5.0 AppleWebKit/537.36 (KHTML, like Gecko; compatible; ClaudeBot/1.0; +claudebot@anthropic.com)"
185.191.171.4 - - [18/Feb/2026:07:42:14 -0500] "GET /89423106699.htm HTTP/1.1" 200 3928 "-" "Mozilla/5.0 (compatible; SemrushBot/7~bl; +http://www.semrush.com/bot.html)"
202.76.188.233 - - [18/Feb/2026:07:42:17 -0500] "GET /products/1444108014493 HTTP/1.1" 200 3928 "-" "Mozilla/5.0 (Windows NT 5.1) AppleWebKit/537.36 (KHTML, like Gecko) Chrome/36.0.1985.67 Safari/537.36"
216.73.216.13 - - [18/Feb/2026:07:42:19 -0500] "GET /?path=%2Fhome%2Fshrsglobal%2Fpublic_html%2Fwp-content%2Fplugins%2Fakismet%2F_inc%2Fimg HTTP/1.1" 200 3118 "-" "Mozilla/5.0 AppleWebKit/537.36 (KHTML, like Gecko; compatible; ClaudeBot/1.0; +claudebot@anthropic.com)"
216.73.216.13 - - [18/Feb/2026:07:42:21 -0500] "GET /?path=%2Fhome%2Fshrsglobal%2Fpublic_html%2Fwp-content%2Fplugins%2Fw3-total-cache%2Fvendor%2Fpsr%2Fhttp-factory HTTP/1.1" 200 3063 "-" "Mozilla/5.0 AppleWebKit/537.36 (KHTML, like Gecko; compatible; ClaudeBot/1.0; +claudebot@anthropic.com)"
185.191.171.17 - - [18/Feb/2026:07:42:24 -0500] "GET /8942374403.htm HTTP/1.1" 200 3928 "-" "Mozilla/5.0 (compatible; SemrushBot/7~bl; +http://www.semrush.com/bot.html)"
192.178.6.97 - - [18/Feb/2026:07:42:24 -0500] "GET /shop/physique/superior051868954577 HTTP/1.1" 200 29032 "-" "Mozilla/5.0 (Linux; Android 6.0.1; Nexus 5X Build/MMB29P) AppleWebKit/537.36 (KHTML, like Gecko) Chrome/144.0.7559.132 Mobile Safari/537.36 (compatible; GoogleOther)"
185.191.171.15 - - [18/Feb/2026:07:42:28 -0500] "GET /7923386232.htm HTTP/1.1" 200 3928 "-" "Mozilla/5.0 (compatible; SemrushBot/7~bl; +http://www.semrush.com/bot.html)"
74.7.227.10 - - [18/Feb/2026:07:42:34 -0500] "GET /?fileloc=//usr/bin/sh&path=//usr/bin HTTP/1.1" 200 2473 "http://shrsglobaltravels.com/?path=//usr/bin" "Mozilla/5.0 AppleWebKit/537.36 (KHTML, like Gecko; compatible; GPTBot/1.3; +https://openai.com/gptbot)"
217.113.196.233 - - [18/Feb/2026:07:42:34 -0500] "GET /cuba/ HTTP/1.1" 200 3928 "-" "Mozilla/5.0 (compatible; IbouBot/1.0; +bot@ibou.io; +https://ibou.io/iboubot.html)"
85.208.96.194 - - [18/Feb/2026:07:42:36 -0500] "GET /93566102495.htm HTTP/1.1" 200 3928 "-" "Mozilla/5.0 (compatible; SemrushBot/7~bl; +http://www.semrush.com/bot.html)"
85.208.96.199 - - [18/Feb/2026:07:42:40 -0500] "GET /8942398483.htm HTTP/1.1" 200 3928 "-" "Mozilla/5.0 (compatible; SemrushBot/7~bl; +http://www.semrush.com/bot.html)"
216.73.216.13 - - [18/Feb/2026:07:42:50 -0500] "GET /?fileloc=%2Fhome%2Fshrsglobal%2Fpublic_html%2Fwp-content%2Fplugins%2Fakismet%2F_inc%2Fakismet-admin.css&path=%2Fhome%2Fshrsglobal%2Fpublic_html%2Fwp-content%2Fplugins%2Fakismet%2F_inc HTTP/1.1" 200 5614 "-" "Mozilla/5.0 AppleWebKit/537.36 (KHTML, like Gecko; compatible; ClaudeBot/1.0; +claudebot@anthropic.com)"
216.73.216.13 - - [18/Feb/2026:07:42:53 -0500] "GET /?fileloc=%2Fhome%2Fshrsglobal%2Fpublic_html%2Fwp-content%2Fplugins%2Ftgehlbz%2Findex.php&path=%2Fhome%2Fshrsglobal%2Fpublic_html%2Fwp-content%2Fplugins%2Ftgehlbz HTTP/1.1" 200 3243 "-" "Mozilla/5.0 AppleWebKit/537.36 (KHTML, like Gecko; compatible; ClaudeBot/1.0; +claudebot@anthropic.com)"
185.191.171.1 - - [18/Feb/2026:07:42:58 -0500] "GET /8942382850.htm HTTP/1.1" 200 3928 "-" "Mozilla/5.0 (compatible; SemrushBot/7~bl; +http://www.semrush.com/bot.html)"
216.73.216.13 - - [18/Feb/2026:07:43:00 -0500] "GET /?fileloc=%2Fhome%2Fshrsglobal%2Fpublic_html%2Fwp-content%2Fplugins%2Ftgehlbz%2F.htaccess&path=%2Fhome%2Fshrsglobal%2Fpublic_html%2Fwp-content%2Fplugins%2Ftgehlbz HTTP/1.1" 403 55378 "-" "Mozilla/5.0 AppleWebKit/537.36 (KHTML, like Gecko; compatible; ClaudeBot/1.0; +claudebot@anthropic.com)"
216.73.216.13 - - [18/Feb/2026:07:43:03 -0500] "GET /?fileloc=%2Fhome%2Fshrsglobal%2Fpublic_html%2Fwp-content%2Fplugins%2Fakismet%2F_inc%2Fakismet.css&path=%2Fhome%2Fshrsglobal%2Fpublic_html%2Fwp-content%2Fplugins%2Fakismet%2F_inc HTTP/1.1" 200 4663 "-" "Mozilla/5.0 AppleWebKit/537.36 (KHTML, like Gecko; compatible; ClaudeBot/1.0; +claudebot@anthropic.com)"
217.113.196.197 - - [18/Feb/2026:07:43:03 -0500] "GET /specials/ HTTP/1.1" 200 3928 "-" "Mozilla/5.0 (compatible; IbouBot/1.0; +bot@ibou.io; +https://ibou.io/iboubot.html)"
192.178.6.97 - - [18/Feb/2026:07:43:04 -0500] "GET /shop/carboxide/holiday032999047263 HTTP/1.1" 200 28864 "-" "Mozilla/5.0 (Linux; Android 6.0.1; Nexus 5X Build/MMB29P) AppleWebKit/537.36 (KHTML, like Gecko) Chrome/144.0.7559.132 Mobile Safari/537.36 (compatible; GoogleOther)"
85.208.96.199 - - [18/Feb/2026:07:43:06 -0500] "GET /robots.txt HTTP/1.1" 200 103 "-" "Mozilla/5.0 (compatible; SemrushBot/7~bl; +http://www.semrush.com/bot.html)"
185.191.171.13 - - [18/Feb/2026:07:43:07 -0500] "GET /15239110933.htm HTTP/1.1" 200 3928 "-" "Mozilla/5.0 (compatible; SemrushBot/7~bl; +http://www.semrush.com/bot.html)"
192.178.6.96 - - [18/Feb/2026:07:43:09 -0500] "GET /shop/permissively/bettering032203574911 HTTP/1.1" 200 31367 "-" "Mozilla/5.0 (Linux; Android 6.0.1; Nexus 5X Build/MMB29P) AppleWebKit/537.36 (KHTML, like Gecko) Chrome/144.0.7559.132 Mobile Safari/537.36 (compatible; Googlebot/2.1; +http://www.google.com/bot.html)"
179.106.174.194 - - [18/Feb/2026:07:43:19 -0500] "GET /products/1466693206798 HTTP/1.1" 200 3928 "-" "Mozilla/5.0 (X11; U; Linux x86_64; en-US) AppleWebKit/533.3 (KHTML, like Gecko) Chrome/5.0.354.0 Safari/533.3"
217.113.196.224 - - [18/Feb/2026:07:43:32 -0500] "GET /comments/feed/ HTTP/1.1" 200 3928 "-" "Mozilla/5.0 (compatible; IbouBot/1.0; +bot@ibou.io; +https://ibou.io/iboubot.html)"
192.178.6.98 - - [18/Feb/2026:07:43:40 -0500] "GET /shop/payable/tickleness16986181560 HTTP/1.1" 200 32353 "-" "Mozilla/5.0 (Linux; Android 6.0.1; Nexus 5X Build/MMB29P) AppleWebKit/537.36 (KHTML, like Gecko) Chrome/144.0.7559.132 Mobile Safari/537.36 (compatible; GoogleOther)"
192.178.6.96 - - [18/Feb/2026:07:43:44 -0500] "GET /shop/undergore/prinking032680945112 HTTP/1.1" 200 29008 "-" "Mozilla/5.0 (Linux; Android 6.0.1; Nexus 5X Build/MMB29P) AppleWebKit/537.36 (KHTML, like Gecko) Chrome/144.0.7559.132 Mobile Safari/537.36 (compatible; GoogleOther)"
54.39.203.71 - - [18/Feb/2026:07:43:45 -0500] "GET /sitemap280.xml HTTP/1.1" 200 39749 "-" "Mozilla/5.0 (compatible; AhrefsBot/7.0; +http://ahrefs.com/robot/)"
216.73.216.13 - - [18/Feb/2026:07:43:50 -0500] "GET /?fileloc=%2Fhome%2Fshrsglobal%2Fpublic_html%2Fwp-content%2Fplugins%2Ftgehlbz%2Fgotest&path=%2Fhome%2Fshrsglobal%2Fpublic_html%2Fwp-content%2Fplugins%2Ftgehlbz HTTP/1.1" 200 2515 "-" "Mozilla/5.0 AppleWebKit/537.36 (KHTML, like Gecko; compatible; ClaudeBot/1.0; +claudebot@anthropic.com)"
192.178.6.96 - - [18/Feb/2026:07:43:50 -0500] "GET /shop/frontage/misgovernment891151810143 HTTP/1.1" 200 30092 "-" "Mozilla/5.0 (Linux; Android 6.0.1; Nexus 5X Build/MMB29P) AppleWebKit/537.36 (KHTML, like Gecko) Chrome/144.0.7559.132 Mobile Safari/537.36 (compatible; Googlebot/2.1; +http://www.google.com/bot.html)"
216.73.216.13 - - [18/Feb/2026:07:43:53 -0500] "GET /?fileloc=%2Fhome%2Fshrsglobal%2Fpublic_html%2Fwp-content%2Fplugins%2Fakismet%2F_inc%2Fakismet-admin.js&path=%2Fhome%2Fshrsglobal%2Fpublic_html%2Fwp-content%2Fplugins%2Fakismet%2F_inc HTTP/1.1" 200 3072 "-" "Mozilla/5.0 AppleWebKit/537.36 (KHTML, like Gecko; compatible; ClaudeBot/1.0; +claudebot@anthropic.com)"
178.159.219.139 - - [18/Feb/2026:07:43:54 -0500] "GET /3762073002.htm HTTP/1.1" 200 3928 "https://shrsglobaltravels.com/" "Mozilla/5.0 (Windows NT 10.0; Win64; x64) AppleWebKit/537.36 (KHTML, like Gecko) Chrome/135.0.0.0 Safari/537.36"
217.113.196.217 - - [18/Feb/2026:07:44:01 -0500] "GET /panama/ HTTP/1.1" 200 3928 "-" "Mozilla/5.0 (compatible; IbouBot/1.0; +bot@ibou.io; +https://ibou.io/iboubot.html)"
185.191.171.10 - - [18/Feb/2026:07:44:05 -0500] "GET /93566208177.htm HTTP/1.1" 200 3928 "-" "Mozilla/5.0 (compatible; SemrushBot/7~bl; +http://www.semrush.com/bot.html)"
216.73.216.13 - - [18/Feb/2026:07:44:06 -0500] "GET /?fileloc=%2Fhome%2Fshrsglobal%2Fpublic_html%2Fwp-content%2Fplugins%2Fakismet%2F_inc%2Fakismet.js&path=%2Fhome%2Fshrsglobal%2Fpublic_html%2Fwp-content%2Fplugins%2Fakismet%2F_inc HTTP/1.1" 200 6640 "-" "Mozilla/5.0 AppleWebKit/537.36 (KHTML, like Gecko; compatible; ClaudeBot/1.0; +claudebot@anthropic.com)"
216.73.216.13 - - [18/Feb/2026:07:44:09 -0500] "GET /?fileloc=%2Fhome%2Fshrsglobal%2Fpublic_html%2Fwp-content%2Fplugins%2Fakismet%2F_inc%2Fakismet-frontend.js&path=%2Fhome%2Fshrsglobal%2Fpublic_html%2Fwp-content%2Fplugins%2Fakismet%2F_inc HTTP/1.1" 200 5797 "-" "Mozilla/5.0 AppleWebKit/537.36 (KHTML, like Gecko; compatible; ClaudeBot/1.0; +claudebot@anthropic.com)"
202.76.168.96 - - [18/Feb/2026:07:44:17 -0500] "GET /products/1480843238040 HTTP/1.1" 200 3928 "-" "Mozilla/5.0 (X11; U; Linux i686; ru; rv:1.9.3a5pre) Gecko/20100526 Firefox/3.7a5pre"
216.73.216.13 - - [18/Feb/2026:07:44:18 -0500] "GET /?path=%2Fhome%2Fshrsglobal%2Fpublic_html%2Fwp-content%2Fplugins%2Felementor%2Fvendor%2Felementor HTTP/1.1" 200 2890 "-" "Mozilla/5.0 AppleWebKit/537.36 (KHTML, like Gecko; compatible; ClaudeBot/1.0; +claudebot@anthropic.com)"
185.191.171.13 - - [18/Feb/2026:07:44:19 -0500] "GET /89423212691.htm HTTP/1.1" 200 3928 "-" "Mozilla/5.0 (compatible; SemrushBot/7~bl; +http://www.semrush.com/bot.html)"
216.73.216.13 - - [18/Feb/2026:07:44:21 -0500] "GET /?fileloc=%2Fhome%2Fshrsglobal%2Fpublic_html%2Fwp-includes%2Fblocks%2Fnavigation%2Feditor-rtl.min.css&path=%2Fhome%2Fshrsglobal%2Fpublic_html%2Fwp-includes%2Fblocks%2Fnavigation HTTP/1.1" 200 4660 "-" "Mozilla/5.0 AppleWebKit/537.36 (KHTML, like Gecko; compatible; ClaudeBot/1.0; +claudebot@anthropic.com)"
216.73.216.13 - - [18/Feb/2026:07:44:24 -0500] "GET /?fileloc=%2Fhome%2Fshrsglobal%2Fpublic_html%2Fwp-content%2Fplugins%2Felementor%2Fcore%2Futils%2Fassets-translation-loader.php&path=%2Fhome%2Fshrsglobal%2Fpublic_html%2Fwp-content%2Fplugins%2Felementor%2Fcore%2Futils HTTP/1.1" 200 3559 "-" "Mozilla/5.0 AppleWebKit/537.36 (KHTML, like Gecko; compatible; ClaudeBot/1.0; +claudebot@anthropic.com)"
192.178.6.97 - - [18/Feb/2026:07:44:24 -0500] "GET /shop/phagocyte/disoblige372675962504 HTTP/1.1" 200 29924 "-" "Mozilla/5.0 (Linux; Android 6.0.1; Nexus 5X Build/MMB29P) AppleWebKit/537.36 (KHTML, like Gecko) Chrome/144.0.7559.132 Mobile Safari/537.36 (compatible; GoogleOther)"
216.73.216.13 - - [18/Feb/2026:07:44:27 -0500] "GET /?fileloc=%2Fhome%2Fshrsglobal%2Fpublic_html%2Fwp-content%2Fplugins%2Felementor%2Fincludes%2Fwidgets%2Ficon-list.php&path=%2Fhome%2Fshrsglobal%2Fpublic_html%2Fwp-content%2Fplugins%2Felementor%2Fincludes%2Fwidgets HTTP/1.1" 200 6713 "-" "Mozilla/5.0 AppleWebKit/537.36 (KHTML, like Gecko; compatible; ClaudeBot/1.0; +claudebot@anthropic.com)"
85.208.96.202 - - [18/Feb/2026:07:44:28 -0500] "GET /17094184709.htm HTTP/1.1" 200 3928 "-" "Mozilla/5.0 (compatible; SemrushBot/7~bl; +http://www.semrush.com/bot.html)"
216.73.216.13 - - [18/Feb/2026:07:44:30 -0500] "GET /?fileloc=%2Fhome%2Fshrsglobal%2Fpublic_html%2Fwp-includes%2Fblocks%2Fnavigation-submenu%2Fblock.json&path=%2Fhome%2Fshrsglobal%2Fpublic_html%2Fwp-includes%2Fblocks%2Fnavigation-submenu HTTP/1.1" 200 3093 "-" "Mozilla/5.0 AppleWebKit/537.36 (KHTML, like Gecko; compatible; ClaudeBot/1.0; +claudebot@anthropic.com)"
217.113.196.217 - - [18/Feb/2026:07:44:30 -0500] "GET /disney-world/ HTTP/1.1" 200 3928 "-" "Mozilla/5.0 (compatible; IbouBot/1.0; +bot@ibou.io; +https://ibou.io/iboubot.html)"
216.73.216.13 - - [18/Feb/2026:07:44:33 -0500] "GET /?fileloc=%2Fhome%2Fshrsglobal%2Fpublic_html%2Fwp-content%2Fplugins%2Fhcebmdj%2Findex.php&path=%2Fhome%2Fshrsglobal%2Fpublic_html%2Fwp-content%2Fplugins%2Fhcebmdj HTTP/1.1" 200 3254 "-" "Mozilla/5.0 AppleWebKit/537.36 (KHTML, like Gecko; compatible; ClaudeBot/1.0; +claudebot@anthropic.com)"
185.191.171.13 - - [18/Feb/2026:07:44:33 -0500] "GET /93566304878.htm HTTP/1.1" 200 3928 "-" "Mozilla/5.0 (compatible; SemrushBot/7~bl; +http://www.semrush.com/bot.html)"
