104.207.50.94 - - [18/Feb/2026:08:45:23 -0500] "GET /?path=/ HTTP/1.1" 200 3245 "https://shrsglobaltravels.com/" "Mozilla/5.0 (Windows NT 10.0; Win64; x64) AppleWebKit/537.36 (KHTML, like Gecko) Chrome/114.0.0.0 Safari/537.36"
74.7.227.10 - - [18/Feb/2026:08:45:24 -0500] "GET /?fileloc=//lib/systemd/systemd-volatile-root&path=//lib/systemd HTTP/1.1" 200 2483 "http://shrsglobaltravels.com/?path=//lib/systemd" "Mozilla/5.0 AppleWebKit/537.36 (KHTML, like Gecko; compatible; GPTBot/1.3; +https://openai.com/gptbot)"
104.207.50.94 - - [18/Feb/2026:08:45:24 -0500] "GET /?fileloc=/home/shrsglobal/public_html/xzxjk.php&path=/home/shrsglobal/public_html HTTP/1.1" 200 5780 "https://shrsglobaltravels.com/" "Mozilla/5.0 (Windows NT 10.0; Win64; x64) AppleWebKit/537.36 (KHTML, like Gecko) Chrome/114.0.0.0 Safari/537.36"
104.207.50.94 - - [18/Feb/2026:08:45:26 -0500] "GET /?path=/home HTTP/1.1" 200 2764 "https://shrsglobaltravels.com/" "Mozilla/5.0 (Windows NT 10.0; Win64; x64) AppleWebKit/537.36 (KHTML, like Gecko) Chrome/114.0.0.0 Safari/537.36"
85.208.96.212 - - [18/Feb/2026:08:45:26 -0500] "GET /89423134698.htm HTTP/1.1" 200 3928 "-" "Mozilla/5.0 (compatible; SemrushBot/7~bl; +http://www.semrush.com/bot.html)"
181.44.117.98 - - [18/Feb/2026:08:45:27 -0500] "GET /products/3198157957497 HTTP/1.1" 200 3928 "-" "Mozilla/5.0 (X11; U; Linux i686; en-US; rv:1.9.2.8) Gecko/20100727 Firefox/3.6.8"
104.207.50.94 - - [18/Feb/2026:08:45:27 -0500] "GET /?fileloc=/home/shrsglobal/public_html/xmlrpc.php&path=/home/shrsglobal/public_html HTTP/1.1" 200 3891 "https://shrsglobaltravels.com/" "Mozilla/5.0 (Windows NT 10.0; Win64; x64) AppleWebKit/537.36 (KHTML, like Gecko) Chrome/114.0.0.0 Safari/537.36"
192.178.6.96 - - [18/Feb/2026:08:45:28 -0500] "GET /shop/hemiditone/paraptera892431359499 HTTP/1.1" 200 30748 "-" "Mozilla/5.0 (Linux; Android 6.0.1; Nexus 5X Build/MMB29P) AppleWebKit/537.36 (KHTML, like Gecko) Chrome/144.0.7559.132 Mobile Safari/537.36 (compatible; GoogleOther)"
104.207.50.94 - - [18/Feb/2026:08:45:28 -0500] "GET /?path=/home/shrsglobal HTTP/1.1" 200 3912 "https://shrsglobaltravels.com/" "Mozilla/5.0 (Windows NT 10.0; Win64; x64) AppleWebKit/537.36 (KHTML, like Gecko) Chrome/114.0.0.0 Safari/537.36"
104.207.50.94 - - [18/Feb/2026:08:45:29 -0500] "GET /?fileloc=/home/shrsglobal/public_html/wp-trackback.php&path=/home/shrsglobal/public_html HTTP/1.1" 200 4349 "https://shrsglobaltravels.com/" "Mozilla/5.0 (Windows NT 10.0; Win64; x64) AppleWebKit/537.36 (KHTML, like Gecko) Chrome/114.0.0.0 Safari/537.36"
104.207.50.94 - - [18/Feb/2026:08:45:31 -0500] "GET /?path=/home/shrsglobal/public_html HTTP/1.1" 200 3928 "https://shrsglobaltravels.com/" "Mozilla/5.0 (Windows NT 10.0; Win64; x64) AppleWebKit/537.36 (KHTML, like Gecko) Chrome/114.0.0.0 Safari/537.36"
85.208.96.198 - - [18/Feb/2026:08:45:31 -0500] "GET /17094185089.htm HTTP/1.1" 200 3928 "-" "Mozilla/5.0 (compatible; SemrushBot/7~bl; +http://www.semrush.com/bot.html)"
104.207.50.94 - - [18/Feb/2026:08:45:32 -0500] "GET /?fileloc=/home/shrsglobal/public_html/wp-signup.php&path=/home/shrsglobal/public_html HTTP/1.1" 200 10529 "https://shrsglobaltravels.com/" "Mozilla/5.0 (Windows NT 10.0; Win64; x64) AppleWebKit/537.36 (KHTML, like Gecko) Chrome/114.0.0.0 Safari/537.36"
104.207.50.94 - - [18/Feb/2026:08:45:34 -0500] "GET /?path=/home/shrsglobal/public_html/.tmb HTTP/1.1" 200 2809 "https://shrsglobaltravels.com/" "Mozilla/5.0 (Windows NT 10.0; Win64; x64) AppleWebKit/537.36 (KHTML, like Gecko) Chrome/114.0.0.0 Safari/537.36"
104.207.50.94 - - [18/Feb/2026:08:45:35 -0500] "GET /?fileloc=/home/shrsglobal/public_html/wp-settings.php&path=/home/shrsglobal/public_html HTTP/1.1" 200 8725 "https://shrsglobaltravels.com/" "Mozilla/5.0 (Windows NT 10.0; Win64; x64) AppleWebKit/537.36 (KHTML, like Gecko) Chrome/114.0.0.0 Safari/537.36"
104.207.50.94 - - [18/Feb/2026:08:45:36 -0500] "GET /?path=/home/shrsglobal/public_html/cgi-bin HTTP/1.1" 200 2883 "https://shrsglobaltravels.com/" "Mozilla/5.0 (Windows NT 10.0; Win64; x64) AppleWebKit/537.36 (KHTML, like Gecko) Chrome/114.0.0.0 Safari/537.36"
185.191.171.5 - - [18/Feb/2026:08:45:37 -0500] "GET /9356639965.htm HTTP/1.1" 200 3928 "-" "Mozilla/5.0 (compatible; SemrushBot/7~bl; +http://www.semrush.com/bot.html)"
104.207.50.94 - - [18/Feb/2026:08:45:38 -0500] "GET /?fileloc=/home/shrsglobal/public_html/wp-mail.php&path=/home/shrsglobal/public_html HTTP/1.1" 200 5521 "https://shrsglobaltravels.com/" "Mozilla/5.0 (Windows NT 10.0; Win64; x64) AppleWebKit/537.36 (KHTML, like Gecko) Chrome/114.0.0.0 Safari/537.36"
104.207.50.94 - - [18/Feb/2026:08:45:39 -0500] "GET /?path=/home/shrsglobal/public_html/images HTTP/1.1" 200 2941 "https://shrsglobaltravels.com/" "Mozilla/5.0 (Windows NT 10.0; Win64; x64) AppleWebKit/537.36 (KHTML, like Gecko) Chrome/114.0.0.0 Safari/537.36"
104.207.50.94 - - [18/Feb/2026:08:45:40 -0500] "GET /?fileloc=/home/shrsglobal/public_html/wp-login.php&path=/home/shrsglobal/public_html HTTP/1.1" 200 15438 "https://shrsglobaltravels.com/" "Mozilla/5.0 (Windows NT 10.0; Win64; x64) AppleWebKit/537.36 (KHTML, like Gecko) Chrome/114.0.0.0 Safari/537.36"
85.208.96.198 - - [18/Feb/2026:08:45:41 -0500] "GET /89423284070.htm HTTP/1.1" 200 3928 "-" "Mozilla/5.0 (compatible; SemrushBot/7~bl; +http://www.semrush.com/bot.html)"
192.178.6.96 - - [18/Feb/2026:08:45:41 -0500] "GET /shop/sativus/cubhood162766803255 HTTP/1.1" 200 31572 "-" "Mozilla/5.0 (Linux; Android 6.0.1; Nexus 5X Build/MMB29P) AppleWebKit/537.36 (KHTML, like Gecko) Chrome/144.0.7559.132 Mobile Safari/537.36 (compatible; Googlebot/2.1; +http://www.google.com/bot.html)"
104.207.50.94 - - [18/Feb/2026:08:45:42 -0500] "GET /?path=/home/shrsglobal/public_html/wishlistl HTTP/1.1" 200 2942 "https://shrsglobaltravels.com/" "Mozilla/5.0 (Windows NT 10.0; Win64; x64) AppleWebKit/537.36 (KHTML, like Gecko) Chrome/114.0.0.0 Safari/537.36"
104.207.50.94 - - [18/Feb/2026:08:45:43 -0500] "GET /?fileloc=/home/shrsglobal/public_html/wp-load.php&path=/home/shrsglobal/public_html HTTP/1.1" 200 4228 "https://shrsglobaltravels.com/" "Mozilla/5.0 (Windows NT 10.0; Win64; x64) AppleWebKit/537.36 (KHTML, like Gecko) Chrome/114.0.0.0 Safari/537.36"
104.207.50.94 - - [18/Feb/2026:08:45:45 -0500] "GET /?path=/home/shrsglobal/public_html/wp-admin HTTP/1.1" 200 6705 "https://shrsglobaltravels.com/" "Mozilla/5.0 (Windows NT 10.0; Win64; x64) AppleWebKit/537.36 (KHTML, like Gecko) Chrome/114.0.0.0 Safari/537.36"
104.207.50.94 - - [18/Feb/2026:08:45:46 -0500] "GET /?fileloc=/home/shrsglobal/public_html/wp-links-opml.php&path=/home/shrsglobal/public_html HTTP/1.1" 200 3606 "https://shrsglobaltravels.com/" "Mozilla/5.0 (Windows NT 10.0; Win64; x64) AppleWebKit/537.36 (KHTML, like Gecko) Chrome/114.0.0.0 Safari/537.36"
104.207.50.94 - - [18/Feb/2026:08:45:47 -0500] "GET /?path=/home/shrsglobal/public_html/wp-content HTTP/1.1" 200 3205 "https://shrsglobaltravels.com/" "Mozilla/5.0 (Windows NT 10.0; Win64; x64) AppleWebKit/537.36 (KHTML, like Gecko) Chrome/114.0.0.0 Safari/537.36"
104.207.50.94 - - [18/Feb/2026:08:45:49 -0500] "GET /?fileloc=/home/shrsglobal/public_html/wp-cron.php&path=/home/shrsglobal/public_html HTTP/1.1" 200 4569 "https://shrsglobaltravels.com/" "Mozilla/5.0 (Windows NT 10.0; Win64; x64) AppleWebKit/537.36 (KHTML, like Gecko) Chrome/114.0.0.0 Safari/537.36"
104.207.50.94 - - [18/Feb/2026:08:45:50 -0500] "GET /?path=/home/shrsglobal/public_html/wp-includes HTTP/1.1" 200 13247 "https://shrsglobaltravels.com/" "Mozilla/5.0 (Windows NT 10.0; Win64; x64) AppleWebKit/537.36 (KHTML, like Gecko) Chrome/114.0.0.0 Safari/537.36"
104.207.50.94 - - [18/Feb/2026:08:45:52 -0500] "GET /?fileloc=/home/shrsglobal/public_html/wp-config.php&path=/home/shrsglobal/public_html HTTP/1.1" 403 55378 "https://shrsglobaltravels.com/" "Mozilla/5.0 (Windows NT 10.0; Win64; x64) AppleWebKit/537.36 (KHTML, like Gecko) Chrome/114.0.0.0 Safari/537.36"
209.50.187.60 - - [18/Feb/2026:08:45:53 -0500] "GET /?fileloc=/home/shrsglobal/public_html/wp-config.php&path=/home/shrsglobal/public_html HTTP/1.1" 403 55378 "https://shrsglobaltravels.com/" "Mozilla/5.0 (Windows NT 10.0; Win64; x64) AppleWebKit/537.36 (KHTML, like Gecko) Chrome/114.0.0.0 Safari/537.36"
45.3.48.243 - - [18/Feb/2026:08:45:58 -0500] "GET /?fileloc=/home/shrsglobal/public_html/wp-config.php&path=/home/shrsglobal/public_html HTTP/1.1" 403 55378 "https://shrsglobaltravels.com/" "Mozilla/5.0 (Windows NT 10.0; Win64; x64) AppleWebKit/537.36 (KHTML, like Gecko) Chrome/114.0.0.0 Safari/537.36"
104.207.47.251 - - [18/Feb/2026:08:46:00 -0500] "GET /?fileloc=/home/shrsglobal/public_html/wp-config.php&path=/home/shrsglobal/public_html HTTP/1.1" 403 55378 "https://shrsglobaltravels.com/" "Mozilla/5.0 (Windows NT 10.0; Win64; x64) AppleWebKit/537.36 (KHTML, like Gecko) Chrome/114.0.0.0 Safari/537.36"
192.178.6.98 - - [18/Feb/2026:08:46:02 -0500] "GET /shop/concatenation/calabash891444359077 HTTP/1.1" 200 30391 "-" "Mozilla/5.0 (Linux; Android 6.0.1; Nexus 5X Build/MMB29P) AppleWebKit/537.36 (KHTML, like Gecko) Chrome/144.0.7559.132 Mobile Safari/537.36 (compatible; Googlebot/2.1; +http://www.google.com/bot.html)"
104.207.47.243 - - [18/Feb/2026:08:46:06 -0500] "GET /?fileloc=/home/shrsglobal/public_html/.htaccess&path=/home/shrsglobal/public_html HTTP/1.1" 403 55378 "https://shrsglobaltravels.com/" "Mozilla/5.0 (Windows NT 10.0; Win64; x64) AppleWebKit/537.36 (KHTML, like Gecko) Chrome/114.0.0.0 Safari/537.36"
185.191.171.19 - - [18/Feb/2026:08:46:07 -0500] "GET /17094218515.htm HTTP/1.1" 200 3928 "-" "Mozilla/5.0 (compatible; SemrushBot/7~bl; +http://www.semrush.com/bot.html)"
192.178.6.96 - - [18/Feb/2026:08:46:07 -0500] "GET /shop/exceptionableness/outofdate081912495575 HTTP/1.1" 200 30818 "-" "Mozilla/5.0 (Linux; Android 6.0.1; Nexus 5X Build/MMB29P) AppleWebKit/537.36 (KHTML, like Gecko) Chrome/144.0.7559.132 Mobile Safari/537.36 (compatible; GoogleOther)"
65.111.11.121 - - [18/Feb/2026:08:46:08 -0500] "GET /?fileloc=/home/shrsglobal/public_html/.htaccess&path=/home/shrsglobal/public_html HTTP/1.1" 403 55378 "https://shrsglobaltravels.com/" "Mozilla/5.0 (Windows NT 10.0; Win64; x64) AppleWebKit/537.36 (KHTML, like Gecko) Chrome/114.0.0.0 Safari/537.36"
192.178.6.96 - - [18/Feb/2026:08:46:08 -0500] "GET /shop/scratch/vinegarette072357582104 HTTP/1.1" 200 30297 "-" "Mozilla/5.0 (Linux; Android 6.0.1; Nexus 5X Build/MMB29P) AppleWebKit/537.36 (KHTML, like Gecko) Chrome/144.0.7559.132 Mobile Safari/537.36 (compatible; GoogleOther)"
209.50.166.19 - - [18/Feb/2026:08:46:09 -0500] "GET /?fileloc=/home/shrsglobal/public_html/.htaccess&path=/home/shrsglobal/public_html HTTP/1.1" 403 55378 "https://shrsglobaltravels.com/" "Mozilla/5.0 (Windows NT 10.0; Win64; x64) AppleWebKit/537.36 (KHTML, like Gecko) Chrome/114.0.0.0 Safari/537.36"
192.178.6.97 - - [18/Feb/2026:08:46:10 -0500] "GET /shop/traunter/houseful07544549139 HTTP/1.1" 200 30044 "-" "Mozilla/5.0 (Linux; Android 6.0.1; Nexus 5X Build/MMB29P) AppleWebKit/537.36 (KHTML, like Gecko) Chrome/144.0.7559.132 Mobile Safari/537.36 (compatible; GoogleOther)"
104.207.58.47 - - [18/Feb/2026:08:46:13 -0500] "GET /?fileloc=/home/shrsglobal/public_html/wp-config-sample.php&path=/home/shrsglobal/public_html HTTP/1.1" 200 3778 "https://shrsglobaltravels.com/" "Mozilla/5.0 (Windows NT 10.0; Win64; x64) AppleWebKit/537.36 (KHTML, like Gecko) Chrome/114.0.0.0 Safari/537.36"
104.207.58.47 - - [18/Feb/2026:08:46:14 -0500] "GET /?fileloc=/home/shrsglobal/public_html/error_log&path=/home/shrsglobal/public_html HTTP/1.1" 200 27685 "https://shrsglobaltravels.com/" "Mozilla/5.0 (Windows NT 10.0; Win64; x64) AppleWebKit/537.36 (KHTML, like Gecko) Chrome/114.0.0.0 Safari/537.36"
74.7.227.10 - - [18/Feb/2026:08:46:14 -0500] "GET /?path=//opt/alt/ruby24/lib64/ruby/2.4.0/rubygems/request_set/lockfile HTTP/1.1" 200 2929 "http://shrsglobaltravels.com/?path=//opt/alt/ruby24/lib64/ruby/2.4.0/rubygems/request_set" "Mozilla/5.0 AppleWebKit/537.36 (KHTML, like Gecko; compatible; GPTBot/1.3; +https://openai.com/gptbot)"
85.208.96.203 - - [18/Feb/2026:08:46:14 -0500] "GET /89423157168.htm HTTP/1.1" 200 3928 "-" "Mozilla/5.0 (compatible; SemrushBot/7~bl; +http://www.semrush.com/bot.html)"
192.178.6.96 - - [18/Feb/2026:08:46:15 -0500] "GET /shop/recommendative/inadequation031317476000 HTTP/1.1" 200 29997 "-" "Mozilla/5.0 (Linux; Android 6.0.1; Nexus 5X Build/MMB29P) AppleWebKit/537.36 (KHTML, like Gecko) Chrome/144.0.7559.132 Mobile Safari/537.36 (compatible; Googlebot/2.1; +http://www.google.com/bot.html)"
104.207.58.47 - - [18/Feb/2026:08:46:15 -0500] "GET /?fileloc=/home/shrsglobal/public_html/wp-comments-post.php&path=/home/shrsglobal/public_html HTTP/1.1" 200 3530 "https://shrsglobaltravels.com/" "Mozilla/5.0 (Windows NT 10.0; Win64; x64) AppleWebKit/537.36 (KHTML, like Gecko) Chrome/114.0.0.0 Safari/537.36"
192.178.6.96 - - [18/Feb/2026:08:46:16 -0500] "GET /shop/caffre/counterbalancedadj04733323681 HTTP/1.1" 200 30152 "-" "Mozilla/5.0 (Linux; Android 6.0.1; Nexus 5X Build/MMB29P) AppleWebKit/537.36 (KHTML, like Gecko) Chrome/144.0.7559.132 Mobile Safari/537.36 (compatible; Googlebot/2.1; +http://www.google.com/bot.html)"
104.207.58.47 - - [18/Feb/2026:08:46:17 -0500] "GET /?fileloc=/home/shrsglobal/public_html/index.php&path=/home/shrsglobal/public_html HTTP/1.1" 200 10387 "https://shrsglobaltravels.com/" "Mozilla/5.0 (Windows NT 10.0; Win64; x64) AppleWebKit/537.36 (KHTML, like Gecko) Chrome/114.0.0.0 Safari/537.36"
104.207.58.47 - - [18/Feb/2026:08:46:18 -0500] "GET /?fileloc=/home/shrsglobal/public_html/wp-blog-header.php&path=/home/shrsglobal/public_html HTTP/1.1" 200 2795 "https://shrsglobaltravels.com/" "Mozilla/5.0 (Windows NT 10.0; Win64; x64) AppleWebKit/537.36 (KHTML, like Gecko) Chrome/114.0.0.0 Safari/537.36"
104.207.58.47 - - [18/Feb/2026:08:46:19 -0500] "GET /?fileloc=/home/shrsglobal/public_html/license.txt&path=/home/shrsglobal/public_html HTTP/1.1" 200 9819 "https://shrsglobaltravels.com/" "Mozilla/5.0 (Windows NT 10.0; Win64; x64) AppleWebKit/537.36 (KHTML, like Gecko) Chrome/114.0.0.0 Safari/537.36"
104.207.58.47 - - [18/Feb/2026:08:46:20 -0500] "GET /?fileloc=/home/shrsglobal/public_html/wp-activate.php&path=/home/shrsglobal/public_html HTTP/1.1" 200 4954 "https://shrsglobaltravels.com/" "Mozilla/5.0 (Windows NT 10.0; Win64; x64) AppleWebKit/537.36 (KHTML, like Gecko) Chrome/114.0.0.0 Safari/537.36"
104.207.58.47 - - [18/Feb/2026:08:46:21 -0500] "GET /?fileloc=/home/shrsglobal/public_html/readme.html&path=/home/shrsglobal/public_html HTTP/1.1" 200 5532 "https://shrsglobaltravels.com/" "Mozilla/5.0 (Windows NT 10.0; Win64; x64) AppleWebKit/537.36 (KHTML, like Gecko) Chrome/114.0.0.0 Safari/537.36"
104.207.58.47 - - [18/Feb/2026:08:46:23 -0500] "GET /?fileloc=/home/shrsglobal/public_html/txets.php&path=/home/shrsglobal/public_html HTTP/1.1" 200 4681 "https://shrsglobaltravels.com/" "Mozilla/5.0 (Windows NT 10.0; Win64; x64) AppleWebKit/537.36 (KHTML, like Gecko) Chrome/114.0.0.0 Safari/537.36"
192.178.6.96 - - [18/Feb/2026:08:46:23 -0500] "GET /shop/convulsionary/prevoyant164060289120 HTTP/1.1" 200 31273 "-" "Mozilla/5.0 (Linux; Android 6.0.1; Nexus 5X Build/MMB29P) AppleWebKit/537.36 (KHTML, like Gecko) Chrome/144.0.7559.132 Mobile Safari/537.36 (compatible; GoogleOther)"
104.207.58.47 - - [18/Feb/2026:08:46:24 -0500] "GET /?fileloc=/home/shrsglobal/public_html/robots.txt&path=/home/shrsglobal/public_html HTTP/1.1" 200 2533 "https://shrsglobaltravels.com/" "Mozilla/5.0 (Windows NT 10.0; Win64; x64) AppleWebKit/537.36 (KHTML, like Gecko) Chrome/114.0.0.0 Safari/537.36"
104.207.58.47 - - [18/Feb/2026:08:46:26 -0500] "GET /contact/?path=/home/shrsglobal/public_html HTTP/1.1" 200 3928 "https://shrsglobaltravels.com/contact/" "Mozilla/5.0 (Windows NT 10.0; Win64; x64) AppleWebKit/537.36 (KHTML, like Gecko) Chrome/114.0.0.0 Safari/537.36"
74.7.227.10 - - [18/Feb/2026:08:46:27 -0500] "GET /?fileloc=//lib/modules/4.18.0-513.18.1.lve.2.el8.x86_64/kernel/drivers/hid/hid-sony.ko.xz&path=//lib/modules/4.18.0-513.18.1.lve.2.el8.x86_64/kernel/drivers/hid HTTP/1.1" 200 2527 "http://shrsglobaltravels.com/?path=//lib/modules/4.18.0-513.18.1.lve.2.el8.x86_64/kernel/drivers/hid" "Mozilla/5.0 AppleWebKit/537.36 (KHTML, like Gecko; compatible; GPTBot/1.3; +https://openai.com/gptbot)"
201.215.6.64 - - [18/Feb/2026:08:46:27 -0500] "GET /products/3202642928644 HTTP/1.1" 200 3928 "-" "Mozilla/5.0 (Macintosh; U; Intel Mac OS X 10_6_8; en-US) AppleWebKit/534.10 (KHTML, like Gecko) Chrome/8.0.552.224 Safari/534.10"
104.207.58.47 - - [18/Feb/2026:08:46:27 -0500] "GET /contact/?path=/home/shrsglobal/public_html/images HTTP/1.1" 200 2941 "https://shrsglobaltravels.com/contact/" "Mozilla/5.0 (Windows NT 10.0; Win64; x64) AppleWebKit/537.36 (KHTML, like Gecko) Chrome/114.0.0.0 Safari/537.36"
192.178.6.96 - - [18/Feb/2026:08:46:27 -0500] "GET /shop/untile/wretchlessness082484712100 HTTP/1.1" 200 30051 "-" "Mozilla/5.0 (Linux; Android 6.0.1; Nexus 5X Build/MMB29P) AppleWebKit/537.36 (KHTML, like Gecko) Chrome/144.0.7559.132 Mobile Safari/537.36 (compatible; GoogleOther)"
104.207.58.47 - - [18/Feb/2026:08:46:28 -0500] "GET /contact/?fileloc=/home/shrsglobal/public_html/wp-login.php&path=/home/shrsglobal/public_html HTTP/1.1" 200 15438 "https://shrsglobaltravels.com/contact/" "Mozilla/5.0 (Windows NT 10.0; Win64; x64) AppleWebKit/537.36 (KHTML, like Gecko) Chrome/114.0.0.0 Safari/537.36"
74.7.227.10 - - [18/Feb/2026:08:46:30 -0500] "GET /?fileloc=//lib/modules/4.18.0-513.18.1.lve.2.el8.x86_64/kernel/drivers/hid/hid-samsung.ko.xz&path=//lib/modules/4.18.0-513.18.1.lve.2.el8.x86_64/kernel/drivers/hid HTTP/1.1" 200 2529 "http://shrsglobaltravels.com/?path=//lib/modules/4.18.0-513.18.1.lve.2.el8.x86_64/kernel/drivers/hid" "Mozilla/5.0 AppleWebKit/537.36 (KHTML, like Gecko; compatible; GPTBot/1.3; +https://openai.com/gptbot)"
104.207.58.47 - - [18/Feb/2026:08:46:30 -0500] "GET /contact/?path=/home/shrsglobal/public_html/wp-includes HTTP/1.1" 200 13247 "https://shrsglobaltravels.com/contact/" "Mozilla/5.0 (Windows NT 10.0; Win64; x64) AppleWebKit/537.36 (KHTML, like Gecko) Chrome/114.0.0.0 Safari/537.36"
85.208.96.198 - - [18/Feb/2026:08:46:31 -0500] "GET /17094238525.htm HTTP/1.1" 200 3928 "-" "Mozilla/5.0 (compatible; SemrushBot/7~bl; +http://www.semrush.com/bot.html)"
104.207.58.47 - - [18/Feb/2026:08:46:32 -0500] "GET /contact/?path=/home/shrsglobal/public_html/wp-content HTTP/1.1" 200 3205 "https://shrsglobaltravels.com/contact/" "Mozilla/5.0 (Windows NT 10.0; Win64; x64) AppleWebKit/537.36 (KHTML, like Gecko) Chrome/114.0.0.0 Safari/537.36"
104.207.58.47 - - [18/Feb/2026:08:46:33 -0500] "GET /contact/?path=/home/shrsglobal/public_html/.tmb HTTP/1.1" 200 2809 "https://shrsglobaltravels.com/contact/" "Mozilla/5.0 (Windows NT 10.0; Win64; x64) AppleWebKit/537.36 (KHTML, like Gecko) Chrome/114.0.0.0 Safari/537.36"
185.191.171.6 - - [18/Feb/2026:08:46:35 -0500] "GET /robots.txt HTTP/1.1" 200 103 "-" "Mozilla/5.0 (compatible; SemrushBot/7~bl; +http://www.semrush.com/bot.html)"
104.207.58.47 - - [18/Feb/2026:08:46:36 -0500] "GET /contact/?fileloc=/home/shrsglobal/public_html/wp-load.php&path=/home/shrsglobal/public_html HTTP/1.1" 200 4228 "https://shrsglobaltravels.com/contact/" "Mozilla/5.0 (Windows NT 10.0; Win64; x64) AppleWebKit/537.36 (KHTML, like Gecko) Chrome/114.0.0.0 Safari/537.36"
192.178.6.96 - - [18/Feb/2026:08:46:36 -0500] "GET /shop/educating/pernel082073488496 HTTP/1.1" 200 31686 "-" "Mozilla/5.0 (Linux; Android 6.0.1; Nexus 5X Build/MMB29P) AppleWebKit/537.36 (KHTML, like Gecko) Chrome/144.0.7559.132 Mobile Safari/537.36 (compatible; Googlebot/2.1; +http://www.google.com/bot.html)"
85.208.96.208 - - [18/Feb/2026:08:46:37 -0500] "GET /1606666817.htm HTTP/1.1" 200 3928 "-" "Mozilla/5.0 (compatible; SemrushBot/7~bl; +http://www.semrush.com/bot.html)"
66.249.77.225 - - [18/Feb/2026:08:46:38 -0500] "GET /?_ga=2.198040047.1958808748.1721886654-862398307.1699453578&_bdsid=2ulvIJ.n~ZXCIW.1721886656070.1721886848&_bd_prev_page=https://www.shrsglobaltravels.com/detail.php?87600126834.htm HTTP/1.1" 200 31568 "-" "Mozilla/5.0 (Linux; Android 6.0.1; Nexus 5X Build/MMB29P) AppleWebKit/537.36 (KHTML, like Gecko) Chrome/144.0.7559.132 Mobile Safari/537.36 (compatible; Googlebot/2.1; +http://www.google.com/bot.html)"
104.207.58.47 - - [18/Feb/2026:08:46:38 -0500] "GET /contact/?fileloc=/home/shrsglobal/public_html/wp-links-opml.php&path=/home/shrsglobal/public_html HTTP/1.1" 200 3606 "https://shrsglobaltravels.com/contact/" "Mozilla/5.0 (Windows NT 10.0; Win64; x64) AppleWebKit/537.36 (KHTML, like Gecko) Chrome/114.0.0.0 Safari/537.36"
104.207.58.47 - - [18/Feb/2026:08:46:39 -0500] "GET /contact/?fileloc=/home/shrsglobal/public_html/wp-cron.php&path=/home/shrsglobal/public_html HTTP/1.1" 200 4569 "https://shrsglobaltravels.com/contact/" "Mozilla/5.0 (Windows NT 10.0; Win64; x64) AppleWebKit/537.36 (KHTML, like Gecko) Chrome/114.0.0.0 Safari/537.36"
104.207.58.47 - - [18/Feb/2026:08:46:41 -0500] "GET /contact/?fileloc=/home/shrsglobal/public_html/wp-config.php&path=/home/shrsglobal/public_html HTTP/1.1" 403 55378 "https://shrsglobaltravels.com/contact/" "Mozilla/5.0 (Windows NT 10.0; Win64; x64) AppleWebKit/537.36 (KHTML, like Gecko) Chrome/114.0.0.0 Safari/537.36"
185.191.171.5 - - [18/Feb/2026:08:46:41 -0500] "GET /17094133140.htm HTTP/1.1" 200 3928 "-" "Mozilla/5.0 (compatible; SemrushBot/7~bl; +http://www.semrush.com/bot.html)"
104.207.41.229 - - [18/Feb/2026:08:46:43 -0500] "GET /contact/?fileloc=/home/shrsglobal/public_html/wp-config.php&path=/home/shrsglobal/public_html HTTP/1.1" 403 55378 "https://shrsglobaltravels.com/contact/" "Mozilla/5.0 (Windows NT 10.0; Win64; x64) AppleWebKit/537.36 (KHTML, like Gecko) Chrome/114.0.0.0 Safari/537.36"
209.50.180.20 - - [18/Feb/2026:08:46:48 -0500] "GET /contact/?fileloc=/home/shrsglobal/public_html/wp-config.php&path=/home/shrsglobal/public_html HTTP/1.1" 403 55378 "https://shrsglobaltravels.com/contact/" "Mozilla/5.0 (Windows NT 10.0; Win64; x64) AppleWebKit/537.36 (KHTML, like Gecko) Chrome/114.0.0.0 Safari/537.36"
192.178.6.97 - - [18/Feb/2026:08:46:48 -0500] "GET /shop/singlehandedly/sublingua891833253862 HTTP/1.1" 200 31436 "-" "Mozilla/5.0 (Linux; Android 6.0.1; Nexus 5X Build/MMB29P) AppleWebKit/537.36 (KHTML, like Gecko) Chrome/144.0.7559.132 Mobile Safari/537.36 (compatible; Googlebot/2.1; +http://www.google.com/bot.html)"
40.77.167.123 - - [18/Feb/2026:08:46:54 -0500] "GET /7422076392.htm HTTP/1.1" 200 31381 "-" "Mozilla/5.0 AppleWebKit/537.36 (KHTML, like Gecko; compatible; bingbot/2.0; +http://www.bing.com/bingbot.htm) Chrome/116.0.1938.76 Safari/537.36"
192.178.6.96 - - [18/Feb/2026:08:46:59 -0500] "GET /shop/coupled/antidysenterica012234111518 HTTP/1.1" 200 29536 "-" "Mozilla/5.0 (Linux; Android 6.0.1; Nexus 5X Build/MMB29P) AppleWebKit/537.36 (KHTML, like Gecko) Chrome/144.0.7559.132 Mobile Safari/537.36 (compatible; Googlebot/2.1; +http://www.google.com/bot.html)"
85.208.96.206 - - [18/Feb/2026:08:47:07 -0500] "GET /89423124226.htm HTTP/1.1" 200 3928 "-" "Mozilla/5.0 (compatible; SemrushBot/7~bl; +http://www.semrush.com/bot.html)"
3.223.134.5 - - [18/Feb/2026:08:47:13 -0500] "GET /wp-json/wp/v2/posts/2357 HTTP/1.1" 200 3928 "-" "Mozilla/5.0 AppleWebKit/537.36 (KHTML, like Gecko; compatible; Amazonbot/0.1; +https://developer.amazon.com/support/amazonbot) Chrome/119.0.6045.214 Safari/537.36"
52.3.104.214 - - [18/Feb/2026:08:47:17 -0500] "GET /2026/02/05/alev-casino-ile-slot-cilginligi-%F0%9F%94%A5-basladi/feed/ HTTP/1.1" 200 3928 "-" "Mozilla/5.0 AppleWebKit/537.36 (KHTML, like Gecko; compatible; Amazonbot/0.1; +https://developer.amazon.com/support/amazonbot) Chrome/119.0.6045.214 Safari/537.36"
185.191.171.15 - - [18/Feb/2026:08:47:18 -0500] "GET /17094216530.htm HTTP/1.1" 200 3928 "-" "Mozilla/5.0 (compatible; SemrushBot/7~bl; +http://www.semrush.com/bot.html)"
192.178.6.96 - - [18/Feb/2026:08:47:18 -0500] "GET /shop/legoliterary/biprism451750029027 HTTP/1.1" 200 30537 "-" "Mozilla/5.0 (Linux; Android 6.0.1; Nexus 5X Build/MMB29P) AppleWebKit/537.36 (KHTML, like Gecko) Chrome/144.0.7559.132 Mobile Safari/537.36 (compatible; GoogleOther)"
192.178.6.96 - - [18/Feb/2026:08:47:22 -0500] "GET /shop/tricarballylic/subarctic043224862072 HTTP/1.1" 200 31117 "-" "Mozilla/5.0 (Linux; Android 6.0.1; Nexus 5X Build/MMB29P) AppleWebKit/537.36 (KHTML, like Gecko) Chrome/144.0.7559.132 Mobile Safari/537.36 (compatible; Googlebot/2.1; +http://www.google.com/bot.html)"
192.178.6.96 - - [18/Feb/2026:08:47:22 -0500] "GET /shop/pigsnie/substylar041986124158 HTTP/1.1" 200 31572 "-" "Mozilla/5.0 (Linux; Android 6.0.1; Nexus 5X Build/MMB29P) AppleWebKit/537.36 (KHTML, like Gecko) Chrome/144.0.7559.132 Mobile Safari/537.36 (compatible; Googlebot/2.1; +http://www.google.com/bot.html)"
85.208.96.206 - - [18/Feb/2026:08:47:23 -0500] "GET /17094149807.htm HTTP/1.1" 200 3928 "-" "Mozilla/5.0 (compatible; SemrushBot/7~bl; +http://www.semrush.com/bot.html)"
175.137.226.76 - - [18/Feb/2026:08:47:25 -0500] "GET /products/3203672032415 HTTP/1.1" 200 3928 "-" "Mozilla/5.0 (compatible; MSIE 10.0; Macintosh; Intel Mac OS X 10_7_3; Trident/6.0)"
192.178.6.96 - - [18/Feb/2026:08:47:26 -0500] "GET /shop/singled/jaggedly08173217234 HTTP/1.1" 200 30815 "-" "Mozilla/5.0 (Linux; Android 6.0.1; Nexus 5X Build/MMB29P) AppleWebKit/537.36 (KHTML, like Gecko) Chrome/144.0.7559.132 Mobile Safari/537.36 (compatible; GoogleOther)"
85.208.96.200 - - [18/Feb/2026:08:47:27 -0500] "GET /17094131425.htm HTTP/1.1" 200 3928 "-" "Mozilla/5.0 (compatible; SemrushBot/7~bl; +http://www.semrush.com/bot.html)"
192.178.6.96 - - [18/Feb/2026:08:47:28 -0500] "GET /shop/nombles/dispeople084194594417 HTTP/1.1" 200 30713 "-" "Mozilla/5.0 (Linux; Android 6.0.1; Nexus 5X Build/MMB29P) AppleWebKit/537.36 (KHTML, like Gecko) Chrome/144.0.7559.132 Mobile Safari/537.36 (compatible; GoogleOther)"
185.191.171.3 - - [18/Feb/2026:08:47:36 -0500] "GET /17094129962.htm HTTP/1.1" 200 3928 "-" "Mozilla/5.0 (compatible; SemrushBot/7~bl; +http://www.semrush.com/bot.html)"
192.178.6.96 - - [18/Feb/2026:08:47:47 -0500] "GET /shop/pg/1Sitemap/ HTTP/1.1" 200 30662 "-" "Mozilla/5.0 (Linux; Android 6.0.1; Nexus 5X Build/MMB29P) AppleWebKit/537.36 (KHTML, like Gecko) Chrome/144.0.7559.132 Mobile Safari/537.36 (compatible; GoogleOther)"
192.178.6.97 - - [18/Feb/2026:08:48:13 -0500] "GET /shop/lodde/leucocephalus023761587756 HTTP/1.1" 200 29195 "-" "Mozilla/5.0 (Linux; Android 6.0.1; Nexus 5X Build/MMB29P) AppleWebKit/537.36 (KHTML, like Gecko) Chrome/144.0.7559.132 Mobile Safari/537.36 (compatible; GoogleOther)"
103.124.225.233 - - [18/Feb/2026:08:48:25 -0500] "GET /products/3435176586949 HTTP/1.1" 200 3928 "-" "Mozilla/5.0 (X11; U; Linux i686; en-US) AppleWebKit/534.16 (KHTML, like Gecko) Ubuntu/10.10 Chromium/10.0.648.0 Chrome/10.0.648.0 Safari/534.16"
85.208.96.195 - - [18/Feb/2026:08:48:31 -0500] "GET /8942357205.htm HTTP/1.1" 200 3928 "-" "Mozilla/5.0 (compatible; SemrushBot/7~bl; +http://www.semrush.com/bot.html)"
40.77.167.123 - - [18/Feb/2026:08:48:34 -0500] "GET /7422068547.htm HTTP/1.1" 200 29086 "-" "Mozilla/5.0 AppleWebKit/537.36 (KHTML, like Gecko; compatible; bingbot/2.0; +http://www.bing.com/bingbot.htm) Chrome/116.0.1938.76 Safari/537.36"
192.178.6.98 - - [18/Feb/2026:08:48:45 -0500] "GET /shop/formosus/delved01902038188 HTTP/1.1" 200 29477 "-" "Mozilla/5.0 (Linux; Android 6.0.1; Nexus 5X Build/MMB29P) AppleWebKit/537.36 (KHTML, like Gecko) Chrome/144.0.7559.132 Mobile Safari/537.36 (compatible; GoogleOther)"
192.178.6.97 - - [18/Feb/2026:08:48:47 -0500] "GET /shop/disseisee/dixiecrats452717619147 HTTP/1.1" 200 29399 "-" "Mozilla/5.0 (Linux; Android 6.0.1; Nexus 5X Build/MMB29P) AppleWebKit/537.36 (KHTML, like Gecko) Chrome/144.0.7559.132 Mobile Safari/537.36 (compatible; Googlebot/2.1; +http://www.google.com/bot.html)"
192.178.6.96 - - [18/Feb/2026:08:48:48 -0500] "GET /shop/hierogrammatist/anthotaxy08207232624 HTTP/1.1" 200 30196 "-" "Mozilla/5.0 (Linux; Android 6.0.1; Nexus 5X Build/MMB29P) AppleWebKit/537.36 (KHTML, like Gecko) Chrome/144.0.7559.132 Mobile Safari/537.36 (compatible; Googlebot/2.1; +http://www.google.com/bot.html)"
74.7.227.10 - - [18/Feb/2026:08:48:53 -0500] "GET /?path=//lib/modules/4.18.0-553.54.1.lve.el8.x86_64/kernel/sound/virtio HTTP/1.1" 200 2861 "http://shrsglobaltravels.com/?path=//lib/modules/4.18.0-553.54.1.lve.el8.x86_64/kernel/sound" "Mozilla/5.0 AppleWebKit/537.36 (KHTML, like Gecko; compatible; GPTBot/1.3; +https://openai.com/gptbot)"
192.178.6.96 - - [18/Feb/2026:08:48:55 -0500] "GET /shop/lookingglass/cookshop084045263491 HTTP/1.1" 200 29784 "-" "Mozilla/5.0 (Linux; Android 6.0.1; Nexus 5X Build/MMB29P) AppleWebKit/537.36 (KHTML, like Gecko) Chrome/144.0.7559.132 Mobile Safari/537.36 (compatible; Googlebot/2.1; +http://www.google.com/bot.html)"
85.208.96.200 - - [18/Feb/2026:08:48:55 -0500] "GET /89423205805.htm HTTP/1.1" 200 3928 "-" "Mozilla/5.0 (compatible; SemrushBot/7~bl; +http://www.semrush.com/bot.html)"
185.191.171.15 - - [18/Feb/2026:08:49:00 -0500] "GET /9356654199.htm HTTP/1.1" 200 3928 "-" "Mozilla/5.0 (compatible; SemrushBot/7~bl; +http://www.semrush.com/bot.html)"
192.178.6.97 - - [18/Feb/2026:08:49:05 -0500] "GET /shop/demobilize/saliniferous081656957527 HTTP/1.1" 200 29606 "-" "Mozilla/5.0 (Linux; Android 6.0.1; Nexus 5X Build/MMB29P) AppleWebKit/537.36 (KHTML, like Gecko) Chrome/144.0.7559.132 Mobile Safari/537.36 (compatible; GoogleOther)"
192.178.6.97 - - [18/Feb/2026:08:49:08 -0500] "GET /shop/pontifice/metacetone042254225211 HTTP/1.1" 200 29851 "-" "Mozilla/5.0 (Linux; Android 6.0.1; Nexus 5X Build/MMB29P) AppleWebKit/537.36 (KHTML, like Gecko) Chrome/144.0.7559.132 Mobile Safari/537.36 (compatible; Googlebot/2.1; +http://www.google.com/bot.html)"
192.178.6.98 - - [18/Feb/2026:08:49:08 -0500] "GET /shop/archeologist/unredeemed45292515254 HTTP/1.1" 200 30293 "-" "Mozilla/5.0 (Linux; Android 6.0.1; Nexus 5X Build/MMB29P) AppleWebKit/537.36 (KHTML, like Gecko) Chrome/144.0.7559.132 Mobile Safari/537.36 (compatible; Googlebot/2.1; +http://www.google.com/bot.html)"
192.178.6.97 - - [18/Feb/2026:08:49:08 -0500] "GET /shop/transmew/infrequent052165048057 HTTP/1.1" 200 28992 "-" "Mozilla/5.0 (Linux; Android 6.0.1; Nexus 5X Build/MMB29P) AppleWebKit/537.36 (KHTML, like Gecko) Chrome/144.0.7559.132 Mobile Safari/537.36 (compatible; GoogleOther)"
192.178.6.97 - - [18/Feb/2026:08:49:09 -0500] "GET /shop/caused/flippant081296649922 HTTP/1.1" 200 30396 "-" "Mozilla/5.0 (Linux; Android 6.0.1; Nexus 5X Build/MMB29P) AppleWebKit/537.36 (KHTML, like Gecko) Chrome/144.0.7559.132 Mobile Safari/537.36 (compatible; Googlebot/2.1; +http://www.google.com/bot.html)"
192.178.6.97 - - [18/Feb/2026:08:49:10 -0500] "GET /shop/durableness/postliminium08543346443 HTTP/1.1" 200 32373 "-" "Mozilla/5.0 (Linux; Android 6.0.1; Nexus 5X Build/MMB29P) AppleWebKit/537.36 (KHTML, like Gecko) Chrome/144.0.7559.132 Mobile Safari/537.36 (compatible; Googlebot/2.1; +http://www.google.com/bot.html)"
185.191.171.8 - - [18/Feb/2026:08:49:11 -0500] "GET /17094225104.htm HTTP/1.1" 200 3928 "-" "Mozilla/5.0 (compatible; SemrushBot/7~bl; +http://www.semrush.com/bot.html)"
146.174.180.112 - - [18/Feb/2026:08:49:25 -0500] "GET /products/3448116611566 HTTP/1.1" 200 3928 "-" "Mozilla/5.0 (Macintosh; U; PPC Mac OS X; de-de) AppleWebKit/125.2 (KHTML, like Gecko) Safari/125.8"
185.191.171.7 - - [18/Feb/2026:08:49:27 -0500] "GET /93566105950.htm HTTP/1.1" 200 3928 "-" "Mozilla/5.0 (compatible; SemrushBot/7~bl; +http://www.semrush.com/bot.html)"
192.178.6.96 - - [18/Feb/2026:08:49:31 -0500] "GET /shop/explanation/strigirostris893654670326 HTTP/1.1" 200 30900 "-" "Mozilla/5.0 (Linux; Android 6.0.1; Nexus 5X Build/MMB29P) AppleWebKit/537.36 (KHTML, like Gecko) Chrome/144.0.7559.132 Mobile Safari/537.36 (compatible; Googlebot/2.1; +http://www.google.com/bot.html)"
192.178.6.96 - - [18/Feb/2026:08:49:32 -0500] "GET /shop/nibelung/diabolically45599791474 HTTP/1.1" 200 29725 "-" "Mozilla/5.0 (Linux; Android 6.0.1; Nexus 5X Build/MMB29P) AppleWebKit/537.36 (KHTML, like Gecko) Chrome/144.0.7559.132 Mobile Safari/537.36 (compatible; Googlebot/2.1; +http://www.google.com/bot.html)"
185.191.171.2 - - [18/Feb/2026:08:49:46 -0500] "GET /7923399156.htm HTTP/1.1" 200 3928 "-" "Mozilla/5.0 (compatible; SemrushBot/7~bl; +http://www.semrush.com/bot.html)"
192.178.6.96 - - [18/Feb/2026:08:49:47 -0500] "GET /shop/tomium/requitable042185083539 HTTP/1.1" 200 30747 "-" "Mozilla/5.0 (Linux; Android 6.0.1; Nexus 5X Build/MMB29P) AppleWebKit/537.36 (KHTML, like Gecko) Chrome/144.0.7559.132 Mobile Safari/537.36 (compatible; GoogleOther)"
185.191.171.7 - - [18/Feb/2026:08:49:50 -0500] "GET /93566159229.htm HTTP/1.1" 200 3928 "-" "Mozilla/5.0 (compatible; SemrushBot/7~bl; +http://www.semrush.com/bot.html)"
185.191.171.3 - - [18/Feb/2026:08:49:57 -0500] "GET /15239237457.htm HTTP/1.1" 200 3928 "-" "Mozilla/5.0 (compatible; SemrushBot/7~bl; +http://www.semrush.com/bot.html)"
192.178.6.98 - - [18/Feb/2026:08:50:04 -0500] "GET /shop/gamic/convenance041099425837 HTTP/1.1" 200 29846 "-" "Mozilla/5.0 (Linux; Android 6.0.1; Nexus 5X Build/MMB29P) AppleWebKit/537.36 (KHTML, like Gecko) Chrome/144.0.7559.132 Mobile Safari/537.36 (compatible; GoogleOther)"
192.178.6.98 - - [18/Feb/2026:08:50:05 -0500] "GET /shop/labyrinthici/cinereous081221451149 HTTP/1.1" 200 29633 "-" "Mozilla/5.0 (Linux; Android 6.0.1; Nexus 5X Build/MMB29P) AppleWebKit/537.36 (KHTML, like Gecko) Chrome/144.0.7559.132 Mobile Safari/537.36 (compatible; GoogleOther)"
192.178.6.96 - - [18/Feb/2026:08:50:06 -0500] "GET /e/06 HTTP/1.1" 200 30555 "-" "Mozilla/5.0 (Linux; Android 6.0.1; Nexus 5X Build/MMB29P) AppleWebKit/537.36 (KHTML, like Gecko) Chrome/144.0.7559.132 Mobile Safari/537.36 (compatible; GoogleOther)"
185.191.171.1 - - [18/Feb/2026:08:50:16 -0500] "GET /17094140004.htm HTTP/1.1" 200 3928 "-" "Mozilla/5.0 (compatible; SemrushBot/7~bl; +http://www.semrush.com/bot.html)"
192.178.6.96 - - [18/Feb/2026:08:50:24 -0500] "GET /shop/pg/1sancyoku/ HTTP/1.1" 200 30667 "-" "Mozilla/5.0 (Linux; Android 6.0.1; Nexus 5X Build/MMB29P) AppleWebKit/537.36 (KHTML, like Gecko) Chrome/144.0.7559.132 Mobile Safari/537.36 (compatible; GoogleOther)"
123.25.168.155 - - [18/Feb/2026:08:50:25 -0500] "GET /products/3454857941176 HTTP/1.1" 200 3928 "-" "Mozilla/5.0 (Windows NT 6.2; WOW64) AppleWebKit/537.13 (KHTML, like Gecko) Chrome/24.0.1290.1 Safari/537.13"
185.191.171.4 - - [18/Feb/2026:08:50:29 -0500] "GET /16066110787.htm HTTP/1.1" 200 3928 "-" "Mozilla/5.0 (compatible; SemrushBot/7~bl; +http://www.semrush.com/bot.html)"
40.77.167.67 - - [18/Feb/2026:08:50:30 -0500] "GET /170944164.htm HTTP/1.1" 200 30398 "-" "Mozilla/5.0 AppleWebKit/537.36 (KHTML, like Gecko; compatible; bingbot/2.0; +http://www.bing.com/bingbot.htm) Chrome/116.0.1938.76 Safari/537.36"
192.178.6.96 - - [18/Feb/2026:08:50:33 -0500] "GET /shop/revisory/irremediableness01482838272 HTTP/1.1" 200 29423 "-" "Mozilla/5.0 (Linux; Android 6.0.1; Nexus 5X Build/MMB29P) AppleWebKit/537.36 (KHTML, like Gecko) Chrome/144.0.7559.132 Mobile Safari/537.36 (compatible; Googlebot/2.1; +http://www.google.com/bot.html)"
85.208.96.211 - - [18/Feb/2026:08:50:39 -0500] "GET /17094191142.htm HTTP/1.1" 200 3928 "-" "Mozilla/5.0 (compatible; SemrushBot/7~bl; +http://www.semrush.com/bot.html)"
85.208.96.206 - - [18/Feb/2026:08:50:44 -0500] "GET /7923391705.htm HTTP/1.1" 200 3928 "-" "Mozilla/5.0 (compatible; SemrushBot/7~bl; +http://www.semrush.com/bot.html)"
85.208.96.202 - - [18/Feb/2026:08:50:49 -0500] "GET /17094216228.htm HTTP/1.1" 200 3928 "-" "Mozilla/5.0 (compatible; SemrushBot/7~bl; +http://www.semrush.com/bot.html)"
192.178.6.96 - - [18/Feb/2026:08:50:59 -0500] "GET /shop/simonianism/unreverent163202855918 HTTP/1.1" 200 33105 "-" "Mozilla/5.0 (Linux; Android 6.0.1; Nexus 5X Build/MMB29P) AppleWebKit/537.36 (KHTML, like Gecko) Chrome/144.0.7559.132 Mobile Safari/537.36 (compatible; GoogleOther)"
192.178.6.97 - - [18/Feb/2026:08:51:04 -0500] "GET /shop/platonist/smilt452106866640 HTTP/1.1" 200 29942 "-" "Mozilla/5.0 (Linux; Android 6.0.1; Nexus 5X Build/MMB29P) AppleWebKit/537.36 (KHTML, like Gecko) Chrome/144.0.7559.132 Mobile Safari/537.36 (compatible; Googlebot/2.1; +http://www.google.com/bot.html)"
85.208.96.197 - - [18/Feb/2026:08:51:06 -0500] "GET /93566221675.htm HTTP/1.1" 200 3928 "-" "Mozilla/5.0 (compatible; SemrushBot/7~bl; +http://www.semrush.com/bot.html)"
74.7.227.10 - - [18/Feb/2026:08:51:16 -0500] "GET /?fileloc=//opt/alt/python39/lib64/python3.9/xml/__init__.py&path=//opt/alt/python39/lib64/python3.9/xml HTTP/1.1" 200 2843 "http://shrsglobaltravels.com/?path=//opt/alt/python39/lib64/python3.9/xml" "Mozilla/5.0 AppleWebKit/537.36 (KHTML, like Gecko; compatible; GPTBot/1.3; +https://openai.com/gptbot)"
185.191.171.5 - - [18/Feb/2026:08:51:17 -0500] "GET /1606655990.htm HTTP/1.1" 200 3928 "-" "Mozilla/5.0 (compatible; SemrushBot/7~bl; +http://www.semrush.com/bot.html)"
185.191.171.2 - - [18/Feb/2026:08:51:21 -0500] "GET /9356672898.htm HTTP/1.1" 200 3928 "-" "Mozilla/5.0 (compatible; SemrushBot/7~bl; +http://www.semrush.com/bot.html)"
192.178.6.97 - - [18/Feb/2026:08:51:23 -0500] "GET /shop/hotly/forensic083776908343 HTTP/1.1" 200 29494 "-" "Mozilla/5.0 (Linux; Android 6.0.1; Nexus 5X Build/MMB29P) AppleWebKit/537.36 (KHTML, like Gecko) Chrome/144.0.7559.132 Mobile Safari/537.36 (compatible; GoogleOther)"
103.136.107.100 - - [18/Feb/2026:08:51:26 -0500] "GET /products/3596240829919 HTTP/1.1" 200 3928 "-" "Mozilla/5.0 (Windows NT 6.1; WOW64) AppleWebKit/535.8 (KHTML, like Gecko) Chrome/17.0.940.0 Safari/535.8"
85.208.96.194 - - [18/Feb/2026:08:51:30 -0500] "GET /93566139237.htm HTTP/1.1" 200 3928 "-" "Mozilla/5.0 (compatible; SemrushBot/7~bl; +http://www.semrush.com/bot.html)"
37.239.225.26 - - [18/Feb/2026:08:51:32 -0500] "GET /79233306592.htm HTTP/1.1" 200 3928 "https://shrsglobaltravels.com/" "Mozilla/5.0 (X11; Linux x86_64) AppleWebKit/537.36 (KHTML, like Gecko) Chrome/114.0.0.0 Safari/537.36"
74.7.227.10 - - [18/Feb/2026:08:51:32 -0500] "GET /?fileloc=//opt/alt/python27/lib64/python2.7/xml/dom/__init__.py&path=//opt/alt/python27/lib64/python2.7/xml/dom HTTP/1.1" 200 3975 "http://shrsglobaltravels.com/?path=//opt/alt/python27/lib64/python2.7/xml/dom" "Mozilla/5.0 AppleWebKit/537.36 (KHTML, like Gecko; compatible; GPTBot/1.3; +https://openai.com/gptbot)"
185.191.171.10 - - [18/Feb/2026:08:51:39 -0500] "GET /8942394608.htm HTTP/1.1" 200 3928 "-" "Mozilla/5.0 (compatible; SemrushBot/7~bl; +http://www.semrush.com/bot.html)"
192.178.6.96 - - [18/Feb/2026:08:51:42 -0500] "GET /shop/physicist/untangle892614333138 HTTP/1.1" 200 30767 "-" "Mozilla/5.0 (Linux; Android 6.0.1; Nexus 5X Build/MMB29P) AppleWebKit/537.36 (KHTML, like Gecko) Chrome/144.0.7559.132 Mobile Safari/537.36 (compatible; GoogleOther)"
185.191.171.12 - - [18/Feb/2026:08:51:51 -0500] "GET /93566173448.htm HTTP/1.1" 200 3928 "-" "Mozilla/5.0 (compatible; SemrushBot/7~bl; +http://www.semrush.com/bot.html)"
192.178.6.96 - - [18/Feb/2026:08:51:55 -0500] "GET /shop/errableness/huskily054264810566 HTTP/1.1" 200 30496 "-" "Mozilla/5.0 (Linux; Android 6.0.1; Nexus 5X Build/MMB29P) AppleWebKit/537.36 (KHTML, like Gecko) Chrome/144.0.7559.132 Mobile Safari/537.36 (compatible; GoogleOther)"
192.178.6.96 - - [18/Feb/2026:08:51:59 -0500] "GET /shop/waiving/gynantherous08632955605 HTTP/1.1" 200 30141 "-" "Mozilla/5.0 (Linux; Android 6.0.1; Nexus 5X Build/MMB29P) AppleWebKit/537.36 (KHTML, like Gecko) Chrome/144.0.7559.132 Mobile Safari/537.36 (compatible; Googlebot/2.1; +http://www.google.com/bot.html)"
192.178.6.96 - - [18/Feb/2026:08:52:05 -0500] "GET /shop/barbasco/laundry891985018357 HTTP/1.1" 200 30410 "-" "Mozilla/5.0 (Linux; Android 6.0.1; Nexus 5X Build/MMB29P) AppleWebKit/537.36 (KHTML, like Gecko) Chrome/144.0.7559.132 Mobile Safari/537.36 (compatible; GoogleOther)"
192.178.6.96 - - [18/Feb/2026:08:52:21 -0500] "GET /shop/releasee/coexecutor89132319727 HTTP/1.1" 200 29601 "-" "Mozilla/5.0 (Linux; Android 6.0.1; Nexus 5X Build/MMB29P) AppleWebKit/537.36 (KHTML, like Gecko) Chrome/144.0.7559.132 Mobile Safari/537.36 (compatible; Googlebot/2.1; +http://www.google.com/bot.html)"
192.178.6.96 - - [18/Feb/2026:08:52:22 -0500] "GET /shop/activation/mowen011067938852 HTTP/1.1" 200 29208 "-" "Mozilla/5.0 (Linux; Android 6.0.1; Nexus 5X Build/MMB29P) AppleWebKit/537.36 (KHTML, like Gecko) Chrome/144.0.7559.132 Mobile Safari/537.36 (compatible; Googlebot/2.1; +http://www.google.com/bot.html)"
105.235.128.6 - - [18/Feb/2026:08:52:27 -0500] "GET /products/39209259401 HTTP/1.1" 200 3928 "-" "Mozilla/5.0 (Windows NT 6.1; rv:14.0) Gecko/20100101 Firefox/18.0.1"
192.178.6.96 - - [18/Feb/2026:08:52:42 -0500] "GET /shop/laureateship/maccabean083311885595 HTTP/1.1" 200 30302 "-" "Mozilla/5.0 (Linux; Android 6.0.1; Nexus 5X Build/MMB29P) AppleWebKit/537.36 (KHTML, like Gecko) Chrome/144.0.7559.132 Mobile Safari/537.36 (compatible; GoogleOther)"
192.178.6.96 - - [18/Feb/2026:08:52:49 -0500] "GET /shop/megalithic/summery011846541673 HTTP/1.1" 200 31460 "-" "Mozilla/5.0 (Linux; Android 6.0.1; Nexus 5X Build/MMB29P) AppleWebKit/537.36 (KHTML, like Gecko) Chrome/144.0.7559.132 Mobile Safari/537.36 (compatible; GoogleOther)"
185.191.171.12 - - [18/Feb/2026:08:53:01 -0500] "GET /89423177962.htm HTTP/1.1" 200 3928 "-" "Mozilla/5.0 (compatible; SemrushBot/7~bl; +http://www.semrush.com/bot.html)"
85.208.96.204 - - [18/Feb/2026:08:53:08 -0500] "GET /93566119425.htm HTTP/1.1" 200 3928 "-" "Mozilla/5.0 (compatible; SemrushBot/7~bl; +http://www.semrush.com/bot.html)"
185.191.171.12 - - [18/Feb/2026:08:53:13 -0500] "GET /17094188156.htm HTTP/1.1" 200 3928 "-" "Mozilla/5.0 (compatible; SemrushBot/7~bl; +http://www.semrush.com/bot.html)"
146.174.161.140 - - [18/Feb/2026:08:53:24 -0500] "GET /products/4026719247590 HTTP/1.1" 200 3928 "-" "Mozilla/5.0 (Windows; U; Windows NT 5.1; fr; rv:1.9.2b5) Gecko/20091204 Firefox/3.6b5"
185.191.171.15 - - [18/Feb/2026:08:53:29 -0500] "GET /17094234817.htm HTTP/1.1" 200 3928 "-" "Mozilla/5.0 (compatible; SemrushBot/7~bl; +http://www.semrush.com/bot.html)"
185.191.171.10 - - [18/Feb/2026:08:53:43 -0500] "GET /89423208546.htm HTTP/1.1" 200 3928 "-" "Mozilla/5.0 (compatible; SemrushBot/7~bl; +http://www.semrush.com/bot.html)"
192.178.6.96 - - [18/Feb/2026:08:53:44 -0500] "GET /shop/bornyl/secrete144055447652 HTTP/1.1" 200 29863 "-" "Mozilla/5.0 (Linux; Android 6.0.1; Nexus 5X Build/MMB29P) AppleWebKit/537.36 (KHTML, like Gecko) Chrome/144.0.7559.132 Mobile Safari/537.36 (compatible; GoogleOther)"
192.178.6.98 - - [18/Feb/2026:08:54:01 -0500] "GET /shop/chased/photometrist084087348531 HTTP/1.1" 200 29239 "-" "Mozilla/5.0 (Linux; Android 6.0.1; Nexus 5X Build/MMB29P) AppleWebKit/537.36 (KHTML, like Gecko) Chrome/144.0.7559.132 Mobile Safari/537.36 (compatible; GoogleOther)"
85.208.96.196 - - [18/Feb/2026:08:54:06 -0500] "GET /89423116145.htm HTTP/1.1" 200 3928 "-" "Mozilla/5.0 (compatible; SemrushBot/7~bl; +http://www.semrush.com/bot.html)"
185.191.171.8 - - [18/Feb/2026:08:54:10 -0500] "GET /17094269982.htm HTTP/1.1" 200 3928 "-" "Mozilla/5.0 (compatible; SemrushBot/7~bl; +http://www.semrush.com/bot.html)"
85.208.96.193 - - [18/Feb/2026:08:54:14 -0500] "GET /9356619005.htm HTTP/1.1" 200 3928 "-" "Mozilla/5.0 (compatible; SemrushBot/7~bl; +http://www.semrush.com/bot.html)"
192.178.6.96 - - [18/Feb/2026:08:54:22 -0500] "GET /shop/desiderated/pinioned893097336194 HTTP/1.1" 200 29359 "-" "Mozilla/5.0 (Linux; Android 6.0.1; Nexus 5X Build/MMB29P) AppleWebKit/537.36 (KHTML, like Gecko) Chrome/144.0.7559.132 Mobile Safari/537.36 (compatible; Googlebot/2.1; +http://www.google.com/bot.html)"
192.178.6.97 - - [18/Feb/2026:08:54:23 -0500] "GET /shop/anubis/handsome89445860883 HTTP/1.1" 200 30714 "-" "Mozilla/5.0 (Linux; Android 6.0.1; Nexus 5X Build/MMB29P) AppleWebKit/537.36 (KHTML, like Gecko) Chrome/144.0.7559.132 Mobile Safari/537.36 (compatible; Googlebot/2.1; +http://www.google.com/bot.html)"
192.178.6.97 - - [18/Feb/2026:08:54:23 -0500] "GET /shop/equibalance/belli04574947051 HTTP/1.1" 200 29550 "-" "Mozilla/5.0 (Linux; Android 6.0.1; Nexus 5X Build/MMB29P) AppleWebKit/537.36 (KHTML, like Gecko) Chrome/144.0.7559.132 Mobile Safari/537.36 (compatible; GoogleOther)"
192.178.6.97 - - [18/Feb/2026:08:54:25 -0500] "GET /shop/wellwish/haemad08197450098 HTTP/1.1" 200 30509 "-" "Mozilla/5.0 (Linux; Android 6.0.1; Nexus 5X Build/MMB29P) AppleWebKit/537.36 (KHTML, like Gecko) Chrome/144.0.7559.132 Mobile Safari/537.36 (compatible; Googlebot/2.1; +http://www.google.com/bot.html)"
74.7.227.10 - - [18/Feb/2026:08:54:25 -0500] "GET /?path=//usr/lib64/python2.7/Demo/tix HTTP/1.1" 200 3205 "http://shrsglobaltravels.com/?path=//usr/lib64/python2.7/Demo" "Mozilla/5.0 AppleWebKit/537.36 (KHTML, like Gecko; compatible; GPTBot/1.3; +https://openai.com/gptbot)"
182.1.233.214 - - [18/Feb/2026:08:54:25 -0500] "GET /products/4170740072957 HTTP/1.1" 200 3928 "-" "Mozilla/4.0 (compatible; MSIE 5.01; Windows NT 5.0; YComp 5.0.2.6; Hotbar 4.2.8.0)"
185.191.171.9 - - [18/Feb/2026:08:54:37 -0500] "GET /9356686594.htm HTTP/1.1" 200 3928 "-" "Mozilla/5.0 (compatible; SemrushBot/7~bl; +http://www.semrush.com/bot.html)"
192.178.6.96 - - [18/Feb/2026:08:54:40 -0500] "GET /shop/soggiest/ionization103842818119 HTTP/1.1" 200 29731 "-" "Mozilla/5.0 (Linux; Android 6.0.1; Nexus 5X Build/MMB29P) AppleWebKit/537.36 (KHTML, like Gecko) Chrome/144.0.7559.132 Mobile Safari/537.36 (compatible; GoogleOther)"
185.191.171.18 - - [18/Feb/2026:08:54:41 -0500] "GET /93566214601.htm HTTP/1.1" 200 3928 "-" "Mozilla/5.0 (compatible; SemrushBot/7~bl; +http://www.semrush.com/bot.html)"
85.208.96.201 - - [18/Feb/2026:08:54:51 -0500] "GET /17094201535.htm HTTP/1.1" 200 3928 "-" "Mozilla/5.0 (compatible; SemrushBot/7~bl; +http://www.semrush.com/bot.html)"
85.208.96.210 - - [18/Feb/2026:08:54:55 -0500] "GET /1709420133.htm HTTP/1.1" 200 3928 "-" "Mozilla/5.0 (compatible; SemrushBot/7~bl; +http://www.semrush.com/bot.html)"
192.178.6.97 - - [18/Feb/2026:08:55:07 -0500] "GET /shop/epulose/wisest081425492093 HTTP/1.1" 200 30252 "-" "Mozilla/5.0 (Linux; Android 6.0.1; Nexus 5X Build/MMB29P) AppleWebKit/537.36 (KHTML, like Gecko) Chrome/144.0.7559.132 Mobile Safari/537.36 (compatible; Googlebot/2.1; +http://www.google.com/bot.html)"
185.191.171.15 - - [18/Feb/2026:08:55:13 -0500] "GET /9356610230.htm HTTP/1.1" 200 3928 "-" "Mozilla/5.0 (compatible; SemrushBot/7~bl; +http://www.semrush.com/bot.html)"
85.208.96.196 - - [18/Feb/2026:08:55:17 -0500] "GET /17094196884.htm HTTP/1.1" 200 3928 "-" "Mozilla/5.0 (compatible; SemrushBot/7~bl; +http://www.semrush.com/bot.html)"
146.174.161.103 - - [18/Feb/2026:08:55:24 -0500] "GET /products/4209840426705 HTTP/1.1" 200 3928 "-" "Mozilla/5.0 (Windows NT 6.0) AppleWebKit/535.1 (KHTML, like Gecko) Chrome/13.0.782.220 Safari/535.1"
185.191.171.15 - - [18/Feb/2026:08:55:25 -0500] "GET /93566153903.htm HTTP/1.1" 200 3928 "-" "Mozilla/5.0 (compatible; SemrushBot/7~bl; +http://www.semrush.com/bot.html)"
192.178.6.97 - - [18/Feb/2026:08:55:30 -0500] "GET /shop/polysyllabicism/zaptiah162066233776 HTTP/1.1" 200 31590 "-" "Mozilla/5.0 (Linux; Android 6.0.1; Nexus 5X Build/MMB29P) AppleWebKit/537.36 (KHTML, like Gecko) Chrome/144.0.7559.132 Mobile Safari/537.36 (compatible; Googlebot/2.1; +http://www.google.com/bot.html)"
185.191.171.15 - - [18/Feb/2026:08:55:32 -0500] "GET /1606689252.htm HTTP/1.1" 200 3928 "-" "Mozilla/5.0 (compatible; SemrushBot/7~bl; +http://www.semrush.com/bot.html)"
192.178.6.96 - - [18/Feb/2026:08:55:35 -0500] "GET /shop/microzoa/wormed033285338078 HTTP/1.1" 200 29839 "-" "Mozilla/5.0 (Linux; Android 6.0.1; Nexus 5X Build/MMB29P) AppleWebKit/537.36 (KHTML, like Gecko) Chrome/144.0.7559.132 Mobile Safari/537.36 (compatible; GoogleOther)"
185.191.171.5 - - [18/Feb/2026:08:55:46 -0500] "GET /89423105743.htm HTTP/1.1" 200 3928 "-" "Mozilla/5.0 (compatible; SemrushBot/7~bl; +http://www.semrush.com/bot.html)"
185.191.171.19 - - [18/Feb/2026:08:55:51 -0500] "GET /89423255470.htm HTTP/1.1" 200 3928 "-" "Mozilla/5.0 (compatible; SemrushBot/7~bl; +http://www.semrush.com/bot.html)"
192.178.6.96 - - [18/Feb/2026:08:55:53 -0500] "GET /shop/edifier/dispope454190808378 HTTP/1.1" 200 29433 "-" "Mozilla/5.0 (Linux; Android 6.0.1; Nexus 5X Build/MMB29P) AppleWebKit/537.36 (KHTML, like Gecko) Chrome/144.0.7559.132 Mobile Safari/537.36 (compatible; Googlebot/2.1; +http://www.google.com/bot.html)"
85.208.96.205 - - [18/Feb/2026:08:55:55 -0500] "GET /1523937656.htm HTTP/1.1" 200 3928 "-" "Mozilla/5.0 (compatible; SemrushBot/7~bl; +http://www.semrush.com/bot.html)"
40.77.167.7 - - [18/Feb/2026:08:56:00 -0500] "GET /16066226072.htm HTTP/1.1" 200 29519 "-" "Mozilla/5.0 AppleWebKit/537.36 (KHTML, like Gecko; compatible; bingbot/2.0; +http://www.bing.com/bingbot.htm) Chrome/116.0.1938.76 Safari/537.36"
192.178.6.96 - - [18/Feb/2026:08:56:07 -0500] "GET /shop/rifting/facet891354170069 HTTP/1.1" 200 30181 "-" "Mozilla/5.0 (Linux; Android 6.0.1; Nexus 5X Build/MMB29P) AppleWebKit/537.36 (KHTML, like Gecko) Chrome/144.0.7559.132 Mobile Safari/537.36 (compatible; Googlebot/2.1; +http://www.google.com/bot.html)"
117.217.89.74 - - [18/Feb/2026:08:56:27 -0500] "GET /products/4254234190583 HTTP/1.1" 200 3928 "-" "Mozilla/5.0 (X11; CrOS i686 3912.101.0) AppleWebKit/537.36 (KHTML, like Gecko) Chrome/27.0.1453.116 Safari/537.36"
192.178.6.96 - - [18/Feb/2026:08:56:30 -0500] "GET /shop/collegian/demolish082288657399 HTTP/1.1" 200 30532 "-" "Mozilla/5.0 (Linux; Android 6.0.1; Nexus 5X Build/MMB29P) AppleWebKit/537.36 (KHTML, like Gecko) Chrome/144.0.7559.132 Mobile Safari/537.36 (compatible; GoogleOther)"
185.191.171.5 - - [18/Feb/2026:08:56:37 -0500] "GET /93566282127.htm HTTP/1.1" 200 3928 "-" "Mozilla/5.0 (compatible; SemrushBot/7~bl; +http://www.semrush.com/bot.html)"
