192.178.6.96 - - [18/Feb/2026:10:10:41 -0500] "GET /shop/boydekin/unquestionable161931560692 HTTP/1.1" 200 31457 "-" "Mozilla/5.0 (Linux; Android 6.0.1; Nexus 5X Build/MMB29P) AppleWebKit/537.36 (KHTML, like Gecko) Chrome/144.0.7559.132 Mobile Safari/537.36 (compatible; GoogleOther)"
85.208.96.198 - - [18/Feb/2026:10:10:48 -0500] "GET /15239114437.htm HTTP/1.1" 200 3928 "-" "Mozilla/5.0 (compatible; SemrushBot/7~bl; +http://www.semrush.com/bot.html)"
185.191.171.10 - - [18/Feb/2026:10:10:59 -0500] "GET /8942376522.htm HTTP/1.1" 200 3928 "-" "Mozilla/5.0 (compatible; SemrushBot/7~bl; +http://www.semrush.com/bot.html)"
167.114.139.253 - - [18/Feb/2026:10:11:05 -0500] "GET /specials/ HTTP/1.1" 200 3928 "-" "Mozilla/5.0 (compatible; AhrefsBot/7.0; +http://ahrefs.com/robot/)"
192.178.6.97 - - [18/Feb/2026:10:11:20 -0500] "GET /shop/gonys/maxwell114014714485 HTTP/1.1" 200 30151 "-" "Mozilla/5.0 (Linux; Android 6.0.1; Nexus 5X Build/MMB29P) AppleWebKit/537.36 (KHTML, like Gecko) Chrome/144.0.7559.132 Mobile Safari/537.36 (compatible; GoogleOther)"
192.178.6.96 - - [18/Feb/2026:10:11:21 -0500] "GET /shop/subtraction/interstitial16714734190 HTTP/1.1" 200 32097 "-" "Mozilla/5.0 (Linux; Android 6.0.1; Nexus 5X Build/MMB29P) AppleWebKit/537.36 (KHTML, like Gecko) Chrome/144.0.7559.132 Mobile Safari/537.36 (compatible; GoogleOther)"
85.208.96.210 - - [18/Feb/2026:10:11:26 -0500] "GET /robots.txt HTTP/1.1" 200 103 "-" "Mozilla/5.0 (compatible; SemrushBot/7~bl; +http://www.semrush.com/bot.html)"
185.191.171.9 - - [18/Feb/2026:10:11:27 -0500] "GET /89423105751.htm HTTP/1.1" 200 3928 "-" "Mozilla/5.0 (compatible; SemrushBot/7~bl; +http://www.semrush.com/bot.html)"
185.191.171.10 - - [18/Feb/2026:10:11:31 -0500] "GET /93566117502.htm HTTP/1.1" 200 3928 "-" "Mozilla/5.0 (compatible; SemrushBot/7~bl; +http://www.semrush.com/bot.html)"
146.174.188.127 - - [18/Feb/2026:10:11:34 -0500] "GET /products/2609746001375 HTTP/1.1" 200 3928 "-" "Mozilla/5.0 (Windows; U; Windows NT 6.1; en-US) AppleWebKit/534.13 (KHTML, like Gecko) Chrome/9.0.597.19 Safari/534.13"
192.178.6.96 - - [18/Feb/2026:10:11:36 -0500] "GET /shop/coefficients/sorter033955586204 HTTP/1.1" 200 29725 "-" "Mozilla/5.0 (Linux; Android 6.0.1; Nexus 5X Build/MMB29P) AppleWebKit/537.36 (KHTML, like Gecko) Chrome/144.0.7559.132 Mobile Safari/537.36 (compatible; GoogleOther)"
192.178.6.96 - - [18/Feb/2026:10:11:42 -0500] "GET /shop/naumachy/unbitted451538311842 HTTP/1.1" 200 30674 "-" "Mozilla/5.0 (Linux; Android 6.0.1; Nexus 5X Build/MMB29P) AppleWebKit/537.36 (KHTML, like Gecko) Chrome/144.0.7559.132 Mobile Safari/537.36 (compatible; GoogleOther)"
74.7.227.10 - - [18/Feb/2026:10:11:47 -0500] "GET /?path=//opt/alt/php81/link HTTP/1.1" 200 2785 "http://shrsglobaltravels.com/?path=//opt/alt/php81" "Mozilla/5.0 AppleWebKit/537.36 (KHTML, like Gecko; compatible; GPTBot/1.3; +https://openai.com/gptbot)"
85.208.96.197 - - [18/Feb/2026:10:11:47 -0500] "GET /93566150642.htm HTTP/1.1" 200 3928 "-" "Mozilla/5.0 (compatible; SemrushBot/7~bl; +http://www.semrush.com/bot.html)"
192.178.6.96 - - [18/Feb/2026:10:11:47 -0500] "GET /shop/mikmaks/stereometrically452156790490 HTTP/1.1" 200 30749 "-" "Mozilla/5.0 (Linux; Android 6.0.1; Nexus 5X Build/MMB29P) AppleWebKit/537.36 (KHTML, like Gecko) Chrome/144.0.7559.132 Mobile Safari/537.36 (compatible; GoogleOther)"
85.208.96.201 - - [18/Feb/2026:10:11:55 -0500] "GET /93566174581.htm HTTP/1.1" 200 3928 "-" "Mozilla/5.0 (compatible; SemrushBot/7~bl; +http://www.semrush.com/bot.html)"
85.208.96.196 - - [18/Feb/2026:10:11:58 -0500] "GET /1709414633.htm HTTP/1.1" 200 3928 "-" "Mozilla/5.0 (compatible; SemrushBot/7~bl; +http://www.semrush.com/bot.html)"
192.178.6.97 - - [18/Feb/2026:10:12:26 -0500] "GET /shop/semilunary/conjugating082748799038 HTTP/1.1" 200 29861 "-" "Mozilla/5.0 (Linux; Android 6.0.1; Nexus 5X Build/MMB29P) AppleWebKit/537.36 (KHTML, like Gecko) Chrome/144.0.7559.132 Mobile Safari/537.36 (compatible; GoogleOther)"
85.208.96.194 - - [18/Feb/2026:10:12:29 -0500] "GET /1709414043.htm HTTP/1.1" 200 3928 "-" "Mozilla/5.0 (compatible; SemrushBot/7~bl; +http://www.semrush.com/bot.html)"
88.235.200.250 - - [18/Feb/2026:10:12:30 -0500] "GET /products/2787372670727 HTTP/1.1" 200 3928 "-" "Mozilla/5.0 (Windows NT 6.2) AppleWebKit/537.36 (KHTML, like Gecko) Chrome/28.0.1467.0 Safari/537.36"
85.208.96.200 - - [18/Feb/2026:10:12:33 -0500] "GET /9356632582.htm HTTP/1.1" 200 3928 "-" "Mozilla/5.0 (compatible; SemrushBot/7~bl; +http://www.semrush.com/bot.html)"
192.178.6.96 - - [18/Feb/2026:10:12:44 -0500] "GET /shop/bicorporate/handicapping071504389612 HTTP/1.1" 200 29793 "-" "Mozilla/5.0 (Linux; Android 6.0.1; Nexus 5X Build/MMB29P) AppleWebKit/537.36 (KHTML, like Gecko) Chrome/144.0.7559.132 Mobile Safari/537.36 (compatible; GoogleOther)"
85.208.96.212 - - [18/Feb/2026:10:12:45 -0500] "GET /93566225449.htm HTTP/1.1" 200 3928 "-" "Mozilla/5.0 (compatible; SemrushBot/7~bl; +http://www.semrush.com/bot.html)"
85.208.96.211 - - [18/Feb/2026:10:12:48 -0500] "GET /89423244428.htm HTTP/1.1" 200 3928 "-" "Mozilla/5.0 (compatible; SemrushBot/7~bl; +http://www.semrush.com/bot.html)"
85.208.96.197 - - [18/Feb/2026:10:12:52 -0500] "GET /7923399569.htm HTTP/1.1" 200 3928 "-" "Mozilla/5.0 (compatible; SemrushBot/7~bl; +http://www.semrush.com/bot.html)"
85.208.96.194 - - [18/Feb/2026:10:12:56 -0500] "GET /3513926944.htm HTTP/1.1" 200 3928 "-" "Mozilla/5.0 (compatible; SemrushBot/7~bl; +http://www.semrush.com/bot.html)"
85.208.96.212 - - [18/Feb/2026:10:12:59 -0500] "GET /17094223809.htm HTTP/1.1" 200 3928 "-" "Mozilla/5.0 (compatible; SemrushBot/7~bl; +http://www.semrush.com/bot.html)"
192.178.6.98 - - [18/Feb/2026:10:13:32 -0500] "GET /shop/thrummy/indies042515116110 HTTP/1.1" 200 30588 "-" "Mozilla/5.0 (Linux; Android 6.0.1; Nexus 5X Build/MMB29P) AppleWebKit/537.36 (KHTML, like Gecko) Chrome/144.0.7559.132 Mobile Safari/537.36 (compatible; GoogleOther)"
185.191.171.11 - - [18/Feb/2026:10:13:35 -0500] "GET /17094127772.htm HTTP/1.1" 200 3928 "-" "Mozilla/5.0 (compatible; SemrushBot/7~bl; +http://www.semrush.com/bot.html)"
192.178.6.97 - - [18/Feb/2026:10:13:36 -0500] "GET /shop/hydrous/supervene01593766781 HTTP/1.1" 200 30160 "-" "Mozilla/5.0 (Linux; Android 6.0.1; Nexus 5X Build/MMB29P) AppleWebKit/537.36 (KHTML, like Gecko) Chrome/144.0.7559.132 Mobile Safari/537.36 (compatible; Googlebot/2.1; +http://www.google.com/bot.html)"
85.208.96.212 - - [18/Feb/2026:10:13:40 -0500] "GET /17094207528.htm HTTP/1.1" 200 3928 "-" "Mozilla/5.0 (compatible; SemrushBot/7~bl; +http://www.semrush.com/bot.html)"
192.178.6.97 - - [18/Feb/2026:10:13:46 -0500] "GET /shop/research/mirrorscope083958439602 HTTP/1.1" 200 29138 "-" "Mozilla/5.0 (Linux; Android 6.0.1; Nexus 5X Build/MMB29P) AppleWebKit/537.36 (KHTML, like Gecko) Chrome/144.0.7559.132 Mobile Safari/537.36 (compatible; GoogleOther)"
85.208.96.212 - - [18/Feb/2026:10:14:00 -0500] "GET /16066166833.htm HTTP/1.1" 200 3928 "-" "Mozilla/5.0 (compatible; SemrushBot/7~bl; +http://www.semrush.com/bot.html)"
179.137.122.213 - - [18/Feb/2026:10:14:09 -0500] "GET /products/2836810388059 HTTP/1.1" 200 3928 "-" "Mozilla/5.0 (Windows; U; Windows NT 6.1; en-US; rv:1.9.2.8) Gecko/20100806 Firefox/3.6"
37.27.51.131 - - [18/Feb/2026:10:14:16 -0500] "GET /robots.txt HTTP/1.1" 200 103 "-" "Mozilla/5.0 (compatible; SERankingBacklinksBot/1.0; +https://seranking.com/backlinks-crawler)"
37.27.51.131 - - [18/Feb/2026:10:14:16 -0500] "GET /cuba/ HTTP/1.1" 200 3928 "-" "Mozilla/5.0 (compatible; SERankingBacklinksBot/1.0; +https://seranking.com/backlinks-crawler)"
85.208.96.202 - - [18/Feb/2026:10:14:17 -0500] "GET /93566146764.htm HTTP/1.1" 200 3928 "-" "Mozilla/5.0 (compatible; SemrushBot/7~bl; +http://www.semrush.com/bot.html)"
43.230.211.113 - - [18/Feb/2026:10:14:20 -0500] "GET /products/2880008600981 HTTP/1.1" 200 3928 "-" "Mozilla/5.0 (Windows NT 6.1; WOW64) AppleWebKit/535.11 (KHTML, like Gecko) Chrome/17.0.963.56 Safari/535.11"
37.27.51.131 - - [18/Feb/2026:10:14:20 -0500] "GET /robots.txt HTTP/1.1" 200 103 "-" "Mozilla/5.0 (compatible; SERankingBacklinksBot/1.0; +https://seranking.com/backlinks-crawler)"
37.27.51.131 - - [18/Feb/2026:10:14:20 -0500] "GET /robots.txt HTTP/1.1" 200 103 "-" "Mozilla/5.0 (compatible; SERankingBacklinksBot/1.0; +https://seranking.com/backlinks-crawler)"
37.27.51.131 - - [18/Feb/2026:10:14:20 -0500] "GET /robots.txt HTTP/1.1" 200 103 "-" "Mozilla/5.0 (compatible; SERankingBacklinksBot/1.0; +https://seranking.com/backlinks-crawler)"
37.27.51.131 - - [18/Feb/2026:10:14:21 -0500] "GET /robots.txt HTTP/1.1" 200 103 "-" "Mozilla/5.0 (compatible; SERankingBacklinksBot/1.0; +https://seranking.com/backlinks-crawler)"
37.27.51.131 - - [18/Feb/2026:10:14:21 -0500] "GET /robots.txt HTTP/1.1" 200 103 "-" "Mozilla/5.0 (compatible; SERankingBacklinksBot/1.0; +https://seranking.com/backlinks-crawler)"
74.7.227.10 - - [18/Feb/2026:10:14:21 -0500] "GET /?path=//lib/firmware/cirrus/cs35l41/bincfgs HTTP/1.1" 200 2917 "http://shrsglobaltravels.com/?path=//lib/firmware/cirrus/cs35l41" "Mozilla/5.0 AppleWebKit/537.36 (KHTML, like Gecko; compatible; GPTBot/1.3; +https://openai.com/gptbot)"
37.27.51.131 - - [18/Feb/2026:10:14:21 -0500] "GET /peru/ HTTP/1.1" 200 3928 "-" "Mozilla/5.0 (compatible; SERankingBacklinksBot/1.0; +https://seranking.com/backlinks-crawler)"
85.208.96.209 - - [18/Feb/2026:10:14:25 -0500] "GET /17094216867.htm HTTP/1.1" 200 3928 "-" "Mozilla/5.0 (compatible; SemrushBot/7~bl; +http://www.semrush.com/bot.html)"
85.208.96.197 - - [18/Feb/2026:10:14:29 -0500] "GET /17094137009.htm HTTP/1.1" 200 3928 "-" "Mozilla/5.0 (compatible; SemrushBot/7~bl; +http://www.semrush.com/bot.html)"
37.27.51.131 - - [18/Feb/2026:10:14:29 -0500] "GET /about/ HTTP/1.1" 200 3928 "-" "Mozilla/5.0 (compatible; SERankingBacklinksBot/1.0; +https://seranking.com/backlinks-crawler)"
37.27.51.131 - - [18/Feb/2026:10:14:33 -0500] "GET /panama/ HTTP/1.1" 200 3928 "-" "Mozilla/5.0 (compatible; SERankingBacklinksBot/1.0; +https://seranking.com/backlinks-crawler)"
74.7.227.10 - - [18/Feb/2026:10:14:37 -0500] "GET /?path=//opt/alt/tests/alt-php84-pecl-uploadprogress_2.0.2-1.el8/tests/mocks HTTP/1.1" 200 2881 "http://shrsglobaltravels.com/?path=//opt/alt/tests/alt-php84-pecl-uploadprogress_2.0.2-1.el8/tests" "Mozilla/5.0 AppleWebKit/537.36 (KHTML, like Gecko; compatible; GPTBot/1.3; +https://openai.com/gptbot)"
37.27.51.131 - - [18/Feb/2026:10:14:37 -0500] "GET /contact/ HTTP/1.1" 200 3928 "-" "Mozilla/5.0 (compatible; SERankingBacklinksBot/1.0; +https://seranking.com/backlinks-crawler)"
37.27.51.131 - - [18/Feb/2026:10:14:41 -0500] "GET /services/ HTTP/1.1" 200 3928 "-" "Mozilla/5.0 (compatible; SERankingBacklinksBot/1.0; +https://seranking.com/backlinks-crawler)"
37.27.51.131 - - [18/Feb/2026:10:14:44 -0500] "GET /specials/ HTTP/1.1" 200 3928 "-" "Mozilla/5.0 (compatible; SERankingBacklinksBot/1.0; +https://seranking.com/backlinks-crawler)"
85.208.96.200 - - [18/Feb/2026:10:14:46 -0500] "GET /17094188874.htm HTTP/1.1" 200 3928 "-" "Mozilla/5.0 (compatible; SemrushBot/7~bl; +http://www.semrush.com/bot.html)"
37.27.51.131 - - [18/Feb/2026:10:14:48 -0500] "GET /las-vegas/ HTTP/1.1" 200 3928 "-" "Mozilla/5.0 (compatible; SERankingBacklinksBot/1.0; +https://seranking.com/backlinks-crawler)"
192.178.6.98 - - [18/Feb/2026:10:14:48 -0500] "GET /shop/pooling/inaugurator163881145952 HTTP/1.1" 200 31816 "-" "Mozilla/5.0 (Linux; Android 6.0.1; Nexus 5X Build/MMB29P) AppleWebKit/537.36 (KHTML, like Gecko) Chrome/144.0.7559.132 Mobile Safari/537.36 (compatible; GoogleOther)"
37.27.51.131 - - [18/Feb/2026:10:14:51 -0500] "GET /bednbreaky/ HTTP/1.1" 200 3928 "-" "Mozilla/5.0 (compatible; SERankingBacklinksBot/1.0; +https://seranking.com/backlinks-crawler)"
37.27.51.131 - - [18/Feb/2026:10:14:55 -0500] "GET /punta-cana/ HTTP/1.1" 200 3928 "-" "Mozilla/5.0 (compatible; SERankingBacklinksBot/1.0; +https://seranking.com/backlinks-crawler)"
37.27.51.131 - - [18/Feb/2026:10:14:58 -0500] "GET /riu-negril/ HTTP/1.1" 200 3928 "-" "Mozilla/5.0 (compatible; SERankingBacklinksBot/1.0; +https://seranking.com/backlinks-crawler)"
37.27.51.131 - - [18/Feb/2026:10:15:02 -0500] "GET /disney-world/ HTTP/1.1" 200 3928 "-" "Mozilla/5.0 (compatible; SERankingBacklinksBot/1.0; +https://seranking.com/backlinks-crawler)"
85.208.96.196 - - [18/Feb/2026:10:15:10 -0500] "GET /15239110921.htm HTTP/1.1" 200 3928 "-" "Mozilla/5.0 (compatible; SemrushBot/7~bl; +http://www.semrush.com/bot.html)"
37.27.51.131 - - [18/Feb/2026:10:15:12 -0500] "GET /grand-palladium-lady-hamilton/ HTTP/1.1" 200 3928 "-" "Mozilla/5.0 (compatible; SERankingBacklinksBot/1.0; +https://seranking.com/backlinks-crawler)"
202.76.163.3 - - [18/Feb/2026:10:15:13 -0500] "GET /products/3018374323693 HTTP/1.1" 200 3928 "-" "Mozilla/5.0 (Macintosh; U; Intel Mac OS X 10.5; en-US; rv:1.9.2.20) Gecko/20110803 Firefox/3.6.20"
37.27.51.131 - - [18/Feb/2026:10:15:15 -0500] "GET /us-visa-application-consultation/ HTTP/1.1" 200 3928 "-" "Mozilla/5.0 (compatible; SERankingBacklinksBot/1.0; +https://seranking.com/backlinks-crawler)"
192.178.6.98 - - [18/Feb/2026:10:15:29 -0500] "GET /shop/pg/1SiteUse/ HTTP/1.1" 200 30667 "-" "Mozilla/5.0 (Linux; Android 6.0.1; Nexus 5X Build/MMB29P) AppleWebKit/537.36 (KHTML, like Gecko) Chrome/144.0.7559.132 Mobile Safari/537.36 (compatible; GoogleOther)"
85.208.96.197 - - [18/Feb/2026:10:15:42 -0500] "GET /89423270750.htm HTTP/1.1" 200 3928 "-" "Mozilla/5.0 (compatible; SemrushBot/7~bl; +http://www.semrush.com/bot.html)"
192.178.6.97 - - [18/Feb/2026:10:15:44 -0500] "GET /shop/bawsin/saturator45713163269 HTTP/1.1" 200 30249 "-" "Mozilla/5.0 (Linux; Android 6.0.1; Nexus 5X Build/MMB29P) AppleWebKit/537.36 (KHTML, like Gecko) Chrome/144.0.7559.132 Mobile Safari/537.36 (compatible; GoogleOther)"
192.178.6.96 - - [18/Feb/2026:10:15:49 -0500] "GET /shop/edison/attitudes161549253579 HTTP/1.1" 200 30965 "-" "Mozilla/5.0 (Linux; Android 6.0.1; Nexus 5X Build/MMB29P) AppleWebKit/537.36 (KHTML, like Gecko) Chrome/144.0.7559.132 Mobile Safari/537.36 (compatible; GoogleOther)"
74.7.227.10 - - [18/Feb/2026:10:15:59 -0500] "GET /?path=//lib/modules/4.18.0-513.18.1.lve.2.el8.x86_64/kernel/drivers/pci/controller HTTP/1.1" 200 2910 "http://shrsglobaltravels.com/?path=//lib/modules/4.18.0-513.18.1.lve.2.el8.x86_64/kernel/drivers/pci" "Mozilla/5.0 AppleWebKit/537.36 (KHTML, like Gecko; compatible; GPTBot/1.3; +https://openai.com/gptbot)"
85.208.96.211 - - [18/Feb/2026:10:15:59 -0500] "GET /8942397368.htm HTTP/1.1" 200 3928 "-" "Mozilla/5.0 (compatible; SemrushBot/7~bl; +http://www.semrush.com/bot.html)"
185.191.171.13 - - [18/Feb/2026:10:16:04 -0500] "GET /93566292685.htm HTTP/1.1" 200 3928 "-" "Mozilla/5.0 (compatible; SemrushBot/7~bl; +http://www.semrush.com/bot.html)"
202.76.138.128 - - [18/Feb/2026:10:16:08 -0500] "GET /products/3126877753041 HTTP/1.1" 200 3928 "-" "Mozilla/5.0 (Windows NT 6.1; WOW64; rv:2.0b7) Gecko/20100101 Firefox/4.0b7"
85.208.96.201 - - [18/Feb/2026:10:16:11 -0500] "GET /93566199836.htm HTTP/1.1" 200 3928 "-" "Mozilla/5.0 (compatible; SemrushBot/7~bl; +http://www.semrush.com/bot.html)"
85.208.96.212 - - [18/Feb/2026:10:16:26 -0500] "GET /89423176025.htm HTTP/1.1" 200 3928 "-" "Mozilla/5.0 (compatible; SemrushBot/7~bl; +http://www.semrush.com/bot.html)"
85.208.96.196 - - [18/Feb/2026:10:16:29 -0500] "GET /45823269299.htm HTTP/1.1" 200 3928 "-" "Mozilla/5.0 (compatible; SemrushBot/7~bl; +http://www.semrush.com/bot.html)"
192.178.6.96 - - [18/Feb/2026:10:16:51 -0500] "GET /shop/aplanatic/antarchistical02573150654 HTTP/1.1" 200 31358 "-" "Mozilla/5.0 (Linux; Android 6.0.1; Nexus 5X Build/MMB29P) AppleWebKit/537.36 (KHTML, like Gecko) Chrome/144.0.7559.132 Mobile Safari/537.36 (compatible; GoogleOther)"
185.191.171.2 - - [18/Feb/2026:10:16:53 -0500] "GET /89423278319.htm HTTP/1.1" 200 3928 "-" "Mozilla/5.0 (compatible; SemrushBot/7~bl; +http://www.semrush.com/bot.html)"
192.178.6.97 - - [18/Feb/2026:10:16:56 -0500] "GET /shop/squarrosus/sunniest042264861729 HTTP/1.1" 200 31971 "-" "Mozilla/5.0 (Linux; Android 6.0.1; Nexus 5X Build/MMB29P) AppleWebKit/537.36 (KHTML, like Gecko) Chrome/144.0.7559.132 Mobile Safari/537.36 (compatible; Googlebot/2.1; +http://www.google.com/bot.html)"
185.191.171.6 - - [18/Feb/2026:10:16:57 -0500] "GET /89423157202.htm HTTP/1.1" 200 3928 "-" "Mozilla/5.0 (compatible; SemrushBot/7~bl; +http://www.semrush.com/bot.html)"
185.191.171.2 - - [18/Feb/2026:10:17:02 -0500] "GET /17094241147.htm HTTP/1.1" 200 3928 "-" "Mozilla/5.0 (compatible; SemrushBot/7~bl; +http://www.semrush.com/bot.html)"
45.174.238.247 - - [18/Feb/2026:10:17:05 -0500] "GET /products/3131899643177 HTTP/1.1" 200 3928 "-" "Mozilla/5.0 (Windows; U; Windows NT 5.1; pt-PT; rv:1.9.2.7) Gecko/20100713 Firefox/3.6.7 (.NET CLR 3.5.30729)"
185.191.171.14 - - [18/Feb/2026:10:17:08 -0500] "GET /8942397027.htm HTTP/1.1" 200 3928 "-" "Mozilla/5.0 (compatible; SemrushBot/7~bl; +http://www.semrush.com/bot.html)"
74.7.227.10 - - [18/Feb/2026:10:17:08 -0500] "GET /?path=//var/softaculous/whmcs813/images HTTP/1.1" 200 2882 "http://shrsglobaltravels.com/?path=//var/softaculous/whmcs813" "Mozilla/5.0 AppleWebKit/537.36 (KHTML, like Gecko; compatible; GPTBot/1.3; +https://openai.com/gptbot)"
192.178.6.98 - - [18/Feb/2026:10:17:09 -0500] "GET /shop/lengthways/encyclopedian081865354970 HTTP/1.1" 200 29943 "-" "Mozilla/5.0 (Linux; Android 6.0.1; Nexus 5X Build/MMB29P) AppleWebKit/537.36 (KHTML, like Gecko) Chrome/144.0.7559.132 Mobile Safari/537.36 (compatible; GoogleOther)"
85.208.96.210 - - [18/Feb/2026:10:17:26 -0500] "GET /93566156888.htm HTTP/1.1" 200 3928 "-" "Mozilla/5.0 (compatible; SemrushBot/7~bl; +http://www.semrush.com/bot.html)"
85.208.96.201 - - [18/Feb/2026:10:17:41 -0500] "GET /17094218259.htm HTTP/1.1" 200 3928 "-" "Mozilla/5.0 (compatible; SemrushBot/7~bl; +http://www.semrush.com/bot.html)"
192.178.6.96 - - [18/Feb/2026:10:17:52 -0500] "GET /shop/clotted/norse113134711562 HTTP/1.1" 200 29599 "-" "Mozilla/5.0 (Linux; Android 6.0.1; Nexus 5X Build/MMB29P) AppleWebKit/537.36 (KHTML, like Gecko) Chrome/144.0.7559.132 Mobile Safari/537.36 (compatible; GoogleOther)"
192.178.6.96 - - [18/Feb/2026:10:17:56 -0500] "GET /shop/luting/cherub161101660401 HTTP/1.1" 200 29931 "-" "Mozilla/5.0 (Linux; Android 6.0.1; Nexus 5X Build/MMB29P) AppleWebKit/537.36 (KHTML, like Gecko) Chrome/144.0.7559.132 Mobile Safari/537.36 (compatible; GoogleOther)"
85.208.96.198 - - [18/Feb/2026:10:18:03 -0500] "GET /17094232483.htm HTTP/1.1" 200 3928 "-" "Mozilla/5.0 (compatible; SemrushBot/7~bl; +http://www.semrush.com/bot.html)"
185.191.171.13 - - [18/Feb/2026:10:18:25 -0500] "GET /93566141144.htm HTTP/1.1" 200 3928 "-" "Mozilla/5.0 (compatible; SemrushBot/7~bl; +http://www.semrush.com/bot.html)"
85.208.96.194 - - [18/Feb/2026:10:18:29 -0500] "GET /8942384509.htm HTTP/1.1" 200 3928 "-" "Mozilla/5.0 (compatible; SemrushBot/7~bl; +http://www.semrush.com/bot.html)"
192.178.6.98 - - [18/Feb/2026:10:18:33 -0500] "GET /shop/pg/1howto/ HTTP/1.1" 200 30661 "-" "Mozilla/5.0 (Linux; Android 6.0.1; Nexus 5X Build/MMB29P) AppleWebKit/537.36 (KHTML, like Gecko) Chrome/144.0.7559.132 Mobile Safari/537.36 (compatible; GoogleOther)"
185.191.171.12 - - [18/Feb/2026:10:18:35 -0500] "GET /89423205339.htm HTTP/1.1" 200 3928 "-" "Mozilla/5.0 (compatible; SemrushBot/7~bl; +http://www.semrush.com/bot.html)"
52.167.144.234 - - [18/Feb/2026:10:18:42 -0500] "GET /7422016846.htm HTTP/1.1" 200 29993 "-" "Mozilla/5.0 AppleWebKit/537.36 (KHTML, like Gecko; compatible; bingbot/2.0; +http://www.bing.com/bingbot.htm) Chrome/116.0.1938.76 Safari/537.36"
185.191.171.14 - - [18/Feb/2026:10:18:48 -0500] "GET /17094234685.htm HTTP/1.1" 200 3928 "-" "Mozilla/5.0 (compatible; SemrushBot/7~bl; +http://www.semrush.com/bot.html)"
192.178.6.97 - - [18/Feb/2026:10:18:54 -0500] "GET /shop/diathermanism/bloodguiltiness07856811353 HTTP/1.1" 200 30927 "-" "Mozilla/5.0 (Linux; Android 6.0.1; Nexus 5X Build/MMB29P) AppleWebKit/537.36 (KHTML, like Gecko) Chrome/144.0.7559.132 Mobile Safari/537.36 (compatible; GoogleOther)"
5.36.233.59 - - [18/Feb/2026:10:18:56 -0500] "GET /products/3246734408860 HTTP/1.1" 200 3928 "-" "Mozilla/5.0 (X11; U; Linux i586; de; rv:5.0) Gecko/20100101 Firefox/5.0"
52.167.144.160 - - [18/Feb/2026:10:19:09 -0500] "GET /160668378.htm HTTP/1.1" 200 29032 "-" "Mozilla/5.0 AppleWebKit/537.36 (KHTML, like Gecko; compatible; bingbot/2.0; +http://www.bing.com/bingbot.htm) Chrome/116.0.1938.76 Safari/537.36"
185.191.171.6 - - [18/Feb/2026:10:19:29 -0500] "GET /93566281112.htm HTTP/1.1" 200 3928 "-" "Mozilla/5.0 (compatible; SemrushBot/7~bl; +http://www.semrush.com/bot.html)"
185.191.171.3 - - [18/Feb/2026:10:19:34 -0500] "GET /1606647106.htm HTTP/1.1" 200 3928 "-" "Mozilla/5.0 (compatible; SemrushBot/7~bl; +http://www.semrush.com/bot.html)"
192.178.6.97 - - [18/Feb/2026:10:19:36 -0500] "GET /shop/cosmology/leviticus061566222336 HTTP/1.1" 200 30852 "-" "Mozilla/5.0 (Linux; Android 6.0.1; Nexus 5X Build/MMB29P) AppleWebKit/537.36 (KHTML, like Gecko) Chrome/144.0.7559.132 Mobile Safari/537.36 (compatible; GoogleOther)"
14.185.250.96 - - [18/Feb/2026:10:19:52 -0500] "GET /products/3275781299816 HTTP/1.1" 200 3928 "-" "Mozilla/5.0 (Windows; U; Windows NT 6.1; en-US) AppleWebKit/534.13 (KHTML, like Gecko) Chrome/9.0.596.0 Safari/534.13"
192.178.6.97 - - [18/Feb/2026:10:19:56 -0500] "GET /shop/supereminence/scalpel04774877675 HTTP/1.1" 200 32628 "-" "Mozilla/5.0 (Linux; Android 6.0.1; Nexus 5X Build/MMB29P) AppleWebKit/537.36 (KHTML, like Gecko) Chrome/144.0.7559.132 Mobile Safari/537.36 (compatible; GoogleOther)"
85.208.96.197 - - [18/Feb/2026:10:20:08 -0500] "GET /93566182422.htm HTTP/1.1" 200 3928 "-" "Mozilla/5.0 (compatible; SemrushBot/7~bl; +http://www.semrush.com/bot.html)"
192.178.6.96 - - [18/Feb/2026:10:20:09 -0500] "GET /shop/winterweed/gritrock93441818863 HTTP/1.1" 200 31014 "-" "Mozilla/5.0 (Linux; Android 6.0.1; Nexus 5X Build/MMB29P) AppleWebKit/537.36 (KHTML, like Gecko) Chrome/144.0.7559.132 Mobile Safari/537.36 (compatible; GoogleOther)"
85.208.96.193 - - [18/Feb/2026:10:20:12 -0500] "GET /89423134365.htm HTTP/1.1" 200 3928 "-" "Mozilla/5.0 (compatible; SemrushBot/7~bl; +http://www.semrush.com/bot.html)"
185.191.171.19 - - [18/Feb/2026:10:20:27 -0500] "GET /1606639118.htm HTTP/1.1" 200 3928 "-" "Mozilla/5.0 (compatible; SemrushBot/7~bl; +http://www.semrush.com/bot.html)"
185.191.171.15 - - [18/Feb/2026:10:20:33 -0500] "GET /17094188588.htm HTTP/1.1" 200 3928 "-" "Mozilla/5.0 (compatible; SemrushBot/7~bl; +http://www.semrush.com/bot.html)"
98.97.147.244 - - [18/Feb/2026:10:20:44 -0500] "GET /products/3402916455671 HTTP/1.1" 200 3928 "-" "Mozilla/5.0 (Windows; U; Windows NT 5.1; zh-CN; rv:1.9.2.4) Gecko/20100503 Firefox/3.6.4 ( .NET CLR 3.5.30729)"
185.191.171.8 - - [18/Feb/2026:10:20:49 -0500] "GET /93566308740.htm HTTP/1.1" 200 3928 "-" "Mozilla/5.0 (compatible; SemrushBot/7~bl; +http://www.semrush.com/bot.html)"
192.178.6.96 - - [18/Feb/2026:10:20:57 -0500] "GET /shop/technism/continuative064167107246 HTTP/1.1" 200 31627 "-" "Mozilla/5.0 (Linux; Android 6.0.1; Nexus 5X Build/MMB29P) AppleWebKit/537.36 (KHTML, like Gecko) Chrome/144.0.7559.132 Mobile Safari/537.36 (compatible; GoogleOther)"
185.191.171.19 - - [18/Feb/2026:10:20:59 -0500] "GET /89423152101.htm HTTP/1.1" 200 3928 "-" "Mozilla/5.0 (compatible; SemrushBot/7~bl; +http://www.semrush.com/bot.html)"
185.191.171.5 - - [18/Feb/2026:10:21:03 -0500] "GET /17094223851.htm HTTP/1.1" 200 3928 "-" "Mozilla/5.0 (compatible; SemrushBot/7~bl; +http://www.semrush.com/bot.html)"
85.208.96.207 - - [18/Feb/2026:10:21:07 -0500] "GET /93566177058.htm HTTP/1.1" 200 3928 "-" "Mozilla/5.0 (compatible; SemrushBot/7~bl; +http://www.semrush.com/bot.html)"
85.208.96.209 - - [18/Feb/2026:10:21:11 -0500] "GET /89423131276.htm HTTP/1.1" 200 3928 "-" "Mozilla/5.0 (compatible; SemrushBot/7~bl; +http://www.semrush.com/bot.html)"
185.191.171.8 - - [18/Feb/2026:10:21:21 -0500] "GET /17094230894.htm HTTP/1.1" 200 3928 "-" "Mozilla/5.0 (compatible; SemrushBot/7~bl; +http://www.semrush.com/bot.html)"
192.178.6.97 - - [18/Feb/2026:10:21:37 -0500] "GET /shop/equiponderate/irreducibly082876429094 HTTP/1.1" 200 29996 "-" "Mozilla/5.0 (Linux; Android 6.0.1; Nexus 5X Build/MMB29P) AppleWebKit/537.36 (KHTML, like Gecko) Chrome/144.0.7559.132 Mobile Safari/537.36 (compatible; GoogleOther)"
74.7.227.10 - - [18/Feb/2026:10:21:39 -0500] "GET /?path=//var/softaculous/commentics/php82 HTTP/1.1" 200 3060 "http://shrsglobaltravels.com/?path=//var/softaculous/commentics" "Mozilla/5.0 AppleWebKit/537.36 (KHTML, like Gecko; compatible; GPTBot/1.3; +https://openai.com/gptbot)"
14.164.197.106 - - [18/Feb/2026:10:21:39 -0500] "GET /products/3584355478050 HTTP/1.1" 200 3928 "-" "Mozilla/5.0 (Windows; U; Windows NT 6.1; en-US) AppleWebKit/534.16 (KHTML, like Gecko) Chrome/10.0.638.0 Safari/534.16"
85.208.96.209 - - [18/Feb/2026:10:21:43 -0500] "GET /89423145193.htm HTTP/1.1" 200 3928 "-" "Mozilla/5.0 (compatible; SemrushBot/7~bl; +http://www.semrush.com/bot.html)"
192.178.6.97 - - [18/Feb/2026:10:22:00 -0500] "GET /shop/perspicacious/antheridia063963072619 HTTP/1.1" 200 31731 "-" "Mozilla/5.0 (Linux; Android 6.0.1; Nexus 5X Build/MMB29P) AppleWebKit/537.36 (KHTML, like Gecko) Chrome/144.0.7559.132 Mobile Safari/537.36 (compatible; GoogleOther)"
85.208.96.198 - - [18/Feb/2026:10:22:18 -0500] "GET /93566165894.htm HTTP/1.1" 200 3928 "-" "Mozilla/5.0 (compatible; SemrushBot/7~bl; +http://www.semrush.com/bot.html)"
192.178.6.96 - - [18/Feb/2026:10:22:21 -0500] "GET /shop/macrosporic/unrighteously072391486042 HTTP/1.1" 200 30114 "-" "Mozilla/5.0 (Linux; Android 6.0.1; Nexus 5X Build/MMB29P) AppleWebKit/537.36 (KHTML, like Gecko) Chrome/144.0.7559.132 Mobile Safari/537.36 (compatible; GoogleOther)"
185.191.171.3 - - [18/Feb/2026:10:22:29 -0500] "GET /9356690787.htm HTTP/1.1" 200 3928 "-" "Mozilla/5.0 (compatible; SemrushBot/7~bl; +http://www.semrush.com/bot.html)"
85.208.96.211 - - [18/Feb/2026:10:22:33 -0500] "GET /16066173028.htm HTTP/1.1" 200 3928 "-" "Mozilla/5.0 (compatible; SemrushBot/7~bl; +http://www.semrush.com/bot.html)"
223.185.43.249 - - [18/Feb/2026:10:22:35 -0500] "GET /products/3789860119318 HTTP/1.1" 200 3928 "-" "Mozilla/5.0 (Macintosh; Intel Mac OS X 10_6_8) AppleWebKit/534.30 (KHTML, like Gecko) Chrome/12.0.742.68 Safari/534.30"
85.208.96.209 - - [18/Feb/2026:10:22:36 -0500] "GET /1606641143.htm HTTP/1.1" 200 3928 "-" "Mozilla/5.0 (compatible; SemrushBot/7~bl; +http://www.semrush.com/bot.html)"
185.191.171.10 - - [18/Feb/2026:10:22:49 -0500] "GET /1606664769.htm HTTP/1.1" 200 3928 "-" "Mozilla/5.0 (compatible; SemrushBot/7~bl; +http://www.semrush.com/bot.html)"
192.178.6.97 - - [18/Feb/2026:10:23:01 -0500] "GET /shop/broadcrested/stillburn021497529134 HTTP/1.1" 200 31001 "-" "Mozilla/5.0 (Linux; Android 6.0.1; Nexus 5X Build/MMB29P) AppleWebKit/537.36 (KHTML, like Gecko) Chrome/144.0.7559.132 Mobile Safari/537.36 (compatible; GoogleOther)"
85.208.96.193 - - [18/Feb/2026:10:23:15 -0500] "GET /7923389961.htm HTTP/1.1" 200 3928 "-" "Mozilla/5.0 (compatible; SemrushBot/7~bl; +http://www.semrush.com/bot.html)"
202.76.142.255 - - [18/Feb/2026:10:23:29 -0500] "GET /products/387575842995 HTTP/1.1" 200 3928 "-" "Mozilla/5.0 (X11; Linux i686; rv:2.0b3pre) Gecko/20100731 Firefox/4.0b3pre"
85.208.96.202 - - [18/Feb/2026:10:23:35 -0500] "GET /8942316451.htm HTTP/1.1" 200 3928 "-" "Mozilla/5.0 (compatible; SemrushBot/7~bl; +http://www.semrush.com/bot.html)"
85.208.96.198 - - [18/Feb/2026:10:24:02 -0500] "GET /7923380112.htm HTTP/1.1" 200 3928 "-" "Mozilla/5.0 (compatible; SemrushBot/7~bl; +http://www.semrush.com/bot.html)"
192.178.6.96 - - [18/Feb/2026:10:24:02 -0500] "GET /shop/hogframe/ostryopsis04602515081 HTTP/1.1" 200 30345 "-" "Mozilla/5.0 (Linux; Android 6.0.1; Nexus 5X Build/MMB29P) AppleWebKit/537.36 (KHTML, like Gecko) Chrome/144.0.7559.132 Mobile Safari/537.36 (compatible; GoogleOther)"
185.191.171.5 - - [18/Feb/2026:10:24:06 -0500] "GET /9356622391.htm HTTP/1.1" 200 3928 "-" "Mozilla/5.0 (compatible; SemrushBot/7~bl; +http://www.semrush.com/bot.html)"
185.191.171.7 - - [18/Feb/2026:10:24:21 -0500] "GET /93566272170.htm HTTP/1.1" 200 3928 "-" "Mozilla/5.0 (compatible; SemrushBot/7~bl; +http://www.semrush.com/bot.html)"
113.180.36.149 - - [18/Feb/2026:10:24:25 -0500] "GET /products/392250357172 HTTP/1.1" 200 3928 "-" "Mozilla/5.0 (Windows; U; Windows NT 5.1; en-US; rv:1.9.2.20) Gecko/20110803 AskTbFWV5/3.13.0.17701 Firefox/3.6.20 ( .NET CLR 3.5.30729)"
85.208.96.210 - - [18/Feb/2026:10:24:30 -0500] "GET /93566140755.htm HTTP/1.1" 200 3928 "-" "Mozilla/5.0 (compatible; SemrushBot/7~bl; +http://www.semrush.com/bot.html)"
85.208.96.195 - - [18/Feb/2026:10:24:33 -0500] "GET /17094195649.htm HTTP/1.1" 200 3928 "-" "Mozilla/5.0 (compatible; SemrushBot/7~bl; +http://www.semrush.com/bot.html)"
192.178.6.97 - - [18/Feb/2026:10:24:34 -0500] "GET /shop/cuckold/aspiration01464789140 HTTP/1.1" 200 30634 "-" "Mozilla/5.0 (Linux; Android 6.0.1; Nexus 5X Build/MMB29P) AppleWebKit/537.36 (KHTML, like Gecko) Chrome/144.0.7559.132 Mobile Safari/537.36 (compatible; GoogleOther)"
192.178.6.96 - - [18/Feb/2026:10:24:40 -0500] "GET /hg/ HTTP/1.1" 200 3928 "-" "Mozilla/5.0 (Linux; Android 6.0.1; Nexus 5X Build/MMB29P) AppleWebKit/537.36 (KHTML, like Gecko) Chrome/144.0.7559.132 Mobile Safari/537.36 (compatible; GoogleOther)"
85.208.96.205 - - [18/Feb/2026:10:24:47 -0500] "GET /17094186982.htm HTTP/1.1" 200 3928 "-" "Mozilla/5.0 (compatible; SemrushBot/7~bl; +http://www.semrush.com/bot.html)"
185.191.171.7 - - [18/Feb/2026:10:25:04 -0500] "GET /9356613455.htm HTTP/1.1" 200 3928 "-" "Mozilla/5.0 (compatible; SemrushBot/7~bl; +http://www.semrush.com/bot.html)"
192.178.6.98 - - [18/Feb/2026:10:25:04 -0500] "GET /shop/deceivableness/nemoricola073887422974 HTTP/1.1" 200 29415 "-" "Mozilla/5.0 (Linux; Android 6.0.1; Nexus 5X Build/MMB29P) AppleWebKit/537.36 (KHTML, like Gecko) Chrome/144.0.7559.132 Mobile Safari/537.36 (compatible; GoogleOther)"
40.77.167.241 - - [18/Feb/2026:10:25:05 -0500] "GET /16066246717.htm HTTP/1.1" 200 30074 "-" "Mozilla/5.0 AppleWebKit/537.36 (KHTML, like Gecko; compatible; bingbot/2.0; +http://www.bing.com/bingbot.htm) Chrome/116.0.1938.76 Safari/537.36"
185.191.171.15 - - [18/Feb/2026:10:25:08 -0500] "GET /8942313591.htm HTTP/1.1" 200 3928 "-" "Mozilla/5.0 (compatible; SemrushBot/7~bl; +http://www.semrush.com/bot.html)"
85.208.96.200 - - [18/Feb/2026:10:25:12 -0500] "GET /7923391290.htm HTTP/1.1" 200 3928 "-" "Mozilla/5.0 (compatible; SemrushBot/7~bl; +http://www.semrush.com/bot.html)"
85.208.96.195 - - [18/Feb/2026:10:25:16 -0500] "GET /160664227.htm HTTP/1.1" 200 3928 "-" "Mozilla/5.0 (compatible; SemrushBot/7~bl; +http://www.semrush.com/bot.html)"
202.76.185.163 - - [18/Feb/2026:10:25:19 -0500] "GET /products/3937970301545 HTTP/1.1" 200 3928 "-" "Mozilla/5.0 (Macintosh; U; PPC Mac OS X; en) AppleWebKit/412.6.2 (KHTML, like Gecko)"
85.208.96.211 - - [18/Feb/2026:10:25:21 -0500] "GET /17094226390.htm HTTP/1.1" 200 3928 "-" "Mozilla/5.0 (compatible; SemrushBot/7~bl; +http://www.semrush.com/bot.html)"
85.208.96.212 - - [18/Feb/2026:10:25:42 -0500] "GET /89423208497.htm HTTP/1.1" 200 3928 "-" "Mozilla/5.0 (compatible; SemrushBot/7~bl; +http://www.semrush.com/bot.html)"
192.178.6.97 - - [18/Feb/2026:10:26:01 -0500] "GET /shop/requests/misunderstander022832493081 HTTP/1.1" 200 31176 "-" "Mozilla/5.0 (Linux; Android 6.0.1; Nexus 5X Build/MMB29P) AppleWebKit/537.36 (KHTML, like Gecko) Chrome/144.0.7559.132 Mobile Safari/537.36 (compatible; GoogleOther)"
192.178.6.97 - - [18/Feb/2026:10:26:05 -0500] "GET /shop/duncery/slurring45612785838 HTTP/1.1" 200 29479 "-" "Mozilla/5.0 (Linux; Android 6.0.1; Nexus 5X Build/MMB29P) AppleWebKit/537.36 (KHTML, like Gecko) Chrome/144.0.7559.132 Mobile Safari/537.36 (compatible; GoogleOther)"
85.208.96.208 - - [18/Feb/2026:10:26:12 -0500] "GET /89423198835.htm HTTP/1.1" 200 3928 "-" "Mozilla/5.0 (compatible; SemrushBot/7~bl; +http://www.semrush.com/bot.html)"
93.175.47.116 - - [18/Feb/2026:10:26:14 -0500] "GET /products/397433093714 HTTP/1.1" 200 3928 "-" "Mozilla/5.0 (Windows NT 6.1; Win64; x64; rv:23.0) Gecko/20131011 Firefox/23.0"
85.208.96.202 - - [18/Feb/2026:10:26:29 -0500] "GET /9356672495.htm HTTP/1.1" 200 3928 "-" "Mozilla/5.0 (compatible; SemrushBot/7~bl; +http://www.semrush.com/bot.html)"
85.208.96.207 - - [18/Feb/2026:10:26:33 -0500] "GET /9356611220.htm HTTP/1.1" 200 3928 "-" "Mozilla/5.0 (compatible; SemrushBot/7~bl; +http://www.semrush.com/bot.html)"
192.178.6.96 - - [18/Feb/2026:10:26:35 -0500] "GET /shop/aponeurotic/hypoptila084110021771 HTTP/1.1" 200 33403 "-" "Mozilla/5.0 (Linux; Android 6.0.1; Nexus 5X Build/MMB29P) AppleWebKit/537.36 (KHTML, like Gecko) Chrome/144.0.7559.132 Mobile Safari/537.36 (compatible; Googlebot/2.1; +http://www.google.com/bot.html)"
185.191.171.17 - - [18/Feb/2026:10:26:41 -0500] "GET /17094198464.htm HTTP/1.1" 200 3928 "-" "Mozilla/5.0 (compatible; SemrushBot/7~bl; +http://www.semrush.com/bot.html)"
85.208.96.210 - - [18/Feb/2026:10:26:45 -0500] "GET /89423262656.htm HTTP/1.1" 200 3928 "-" "Mozilla/5.0 (compatible; SemrushBot/7~bl; +http://www.semrush.com/bot.html)"
192.178.6.96 - - [18/Feb/2026:10:26:46 -0500] "GET /shop/procere/airtoair091691754490 HTTP/1.1" 200 29618 "-" "Mozilla/5.0 (Linux; Android 6.0.1; Nexus 5X Build/MMB29P) AppleWebKit/537.36 (KHTML, like Gecko) Chrome/144.0.7559.132 Mobile Safari/537.36 (compatible; GoogleOther)"
185.191.171.9 - - [18/Feb/2026:10:26:52 -0500] "GET /17094206374.htm HTTP/1.1" 200 3928 "-" "Mozilla/5.0 (compatible; SemrushBot/7~bl; +http://www.semrush.com/bot.html)"
192.178.6.96 - - [18/Feb/2026:10:27:07 -0500] "GET /shop/tandem/phosphoroscope011781700831 HTTP/1.1" 200 30298 "-" "Mozilla/5.0 (Linux; Android 6.0.1; Nexus 5X Build/MMB29P) AppleWebKit/537.36 (KHTML, like Gecko) Chrome/144.0.7559.132 Mobile Safari/537.36 (compatible; GoogleOther)"
14.236.239.172 - - [18/Feb/2026:10:27:10 -0500] "GET /products/4007259326534 HTTP/1.1" 200 3928 "-" "Mozilla/5.0 (Windows; U; Windows NT 6.1; en-US; rv:1.9.2b5) Gecko/20091204 Firefox/3.6b5"
74.7.227.10 - - [18/Feb/2026:10:27:26 -0500] "GET /?path=//lib/modules/4.18.0-553.44.1.lve.el8.x86_64/kernel/drivers/infiniband/hw/qedr HTTP/1.1" 200 2883 "http://shrsglobaltravels.com/?path=//lib/modules/4.18.0-553.44.1.lve.el8.x86_64/kernel/drivers/infiniband/hw" "Mozilla/5.0 AppleWebKit/537.36 (KHTML, like Gecko; compatible; GPTBot/1.3; +https://openai.com/gptbot)"
185.191.171.14 - - [18/Feb/2026:10:27:26 -0500] "GET /89423144041.htm HTTP/1.1" 200 3928 "-" "Mozilla/5.0 (compatible; SemrushBot/7~bl; +http://www.semrush.com/bot.html)"
185.191.171.16 - - [18/Feb/2026:10:27:35 -0500] "GET /1606649639.htm HTTP/1.1" 200 3928 "-" "Mozilla/5.0 (compatible; SemrushBot/7~bl; +http://www.semrush.com/bot.html)"
192.178.6.96 - - [18/Feb/2026:10:27:36 -0500] "GET /shop/econometrics/unlace041297852618 HTTP/1.1" 200 29643 "-" "Mozilla/5.0 (Linux; Android 6.0.1; Nexus 5X Build/MMB29P) AppleWebKit/537.36 (KHTML, like Gecko) Chrome/144.0.7559.132 Mobile Safari/537.36 (compatible; GoogleOther)"
192.178.6.96 - - [18/Feb/2026:10:27:44 -0500] "GET /shop/adminiculary/banalities083799179247 HTTP/1.1" 200 29184 "-" "Mozilla/5.0 (Linux; Android 6.0.1; Nexus 5X Build/MMB29P) AppleWebKit/537.36 (KHTML, like Gecko) Chrome/144.0.7559.132 Mobile Safari/537.36 (compatible; GoogleOther)"
85.208.96.207 - - [18/Feb/2026:10:28:05 -0500] "GET /17094180181.htm HTTP/1.1" 200 3928 "-" "Mozilla/5.0 (compatible; SemrushBot/7~bl; +http://www.semrush.com/bot.html)"
102.130.194.67 - - [18/Feb/2026:10:28:08 -0500] "GET /products/4025329403048 HTTP/1.1" 200 3928 "-" "Mozilla/5.0 (Macintosh; Intel Mac OS X 10_7_3) AppleWebKit/535.11 (KHTML, like Gecko) Chrome/17.0.963.66 Safari/535.11"
192.178.6.97 - - [18/Feb/2026:10:28:09 -0500] "GET /shop/pilfering/ptenoglossate02246869467 HTTP/1.1" 200 28821 "-" "Mozilla/5.0 (Linux; Android 6.0.1; Nexus 5X Build/MMB29P) AppleWebKit/537.36 (KHTML, like Gecko) Chrome/144.0.7559.132 Mobile Safari/537.36 (compatible; GoogleOther)"
85.208.96.196 - - [18/Feb/2026:10:28:23 -0500] "GET /1606669121.htm HTTP/1.1" 200 3928 "-" "Mozilla/5.0 (compatible; SemrushBot/7~bl; +http://www.semrush.com/bot.html)"
85.208.96.201 - - [18/Feb/2026:10:28:36 -0500] "GET /16066189760.htm HTTP/1.1" 200 3928 "-" "Mozilla/5.0 (compatible; SemrushBot/7~bl; +http://www.semrush.com/bot.html)"
185.191.171.14 - - [18/Feb/2026:10:28:42 -0500] "GET /17094197408.htm HTTP/1.1" 200 3928 "-" "Mozilla/5.0 (compatible; SemrushBot/7~bl; +http://www.semrush.com/bot.html)"
85.208.96.207 - - [18/Feb/2026:10:28:48 -0500] "GET /89423207852.htm HTTP/1.1" 200 3928 "-" "Mozilla/5.0 (compatible; SemrushBot/7~bl; +http://www.semrush.com/bot.html)"
192.178.6.96 - - [18/Feb/2026:10:28:58 -0500] "GET /shop/effluvia/excerp032936785806 HTTP/1.1" 200 29929 "-" "Mozilla/5.0 (Linux; Android 6.0.1; Nexus 5X Build/MMB29P) AppleWebKit/537.36 (KHTML, like Gecko) Chrome/144.0.7559.132 Mobile Safari/537.36 (compatible; GoogleOther)"
41.66.8.116 - - [18/Feb/2026:10:29:01 -0500] "GET /products/4095158274757 HTTP/1.1" 200 3928 "-" "Mozilla/5.0 (Windows; U; Windows NT 6.1; en-US) AppleWebKit/534.3 (KHTML, like Gecko) Chrome/6.0.461.0 Safari/534.3"
85.208.96.205 - - [18/Feb/2026:10:29:01 -0500] "GET /89423103278.htm HTTP/1.1" 200 3928 "-" "Mozilla/5.0 (compatible; SemrushBot/7~bl; +http://www.semrush.com/bot.html)"
103.47.180.164 - - [18/Feb/2026:10:29:02 -0500] "GET /9356620133.htm HTTP/1.1" 200 3928 "https://shrsglobaltravels.com/" "Mozilla/5.0 (Windows NT 10.0; Win64; x64) AppleWebKit/537.36 (KHTML, like Gecko) Chrome/135.0.0.0 Safari/537.36"
192.178.6.96 - - [18/Feb/2026:10:29:10 -0500] "GET /shop/sired/lobate111081595186 HTTP/1.1" 200 29141 "-" "Mozilla/5.0 (Linux; Android 6.0.1; Nexus 5X Build/MMB29P) AppleWebKit/537.36 (KHTML, like Gecko) Chrome/144.0.7559.132 Mobile Safari/537.36 (compatible; GoogleOther)"
185.191.171.18 - - [18/Feb/2026:10:29:11 -0500] "GET /89423135412.htm HTTP/1.1" 200 3928 "-" "Mozilla/5.0 (compatible; SemrushBot/7~bl; +http://www.semrush.com/bot.html)"
85.208.96.210 - - [18/Feb/2026:10:29:16 -0500] "GET /7923389469.htm HTTP/1.1" 200 3928 "-" "Mozilla/5.0 (compatible; SemrushBot/7~bl; +http://www.semrush.com/bot.html)"
74.7.227.10 - - [18/Feb/2026:10:29:19 -0500] "GET /?path=//lib/modules/4.18.0-553.54.1.lve.el8.x86_64/kernel/sound/pci/echoaudio HTTP/1.1" 200 3361 "http://shrsglobaltravels.com/?path=//lib/modules/4.18.0-553.54.1.lve.el8.x86_64/kernel/sound/pci" "Mozilla/5.0 AppleWebKit/537.36 (KHTML, like Gecko; compatible; GPTBot/1.3; +https://openai.com/gptbot)"
85.208.96.200 - - [18/Feb/2026:10:29:20 -0500] "GET /17094160879.htm HTTP/1.1" 200 3928 "-" "Mozilla/5.0 (compatible; SemrushBot/7~bl; +http://www.semrush.com/bot.html)"
185.191.171.16 - - [18/Feb/2026:10:29:24 -0500] "GET /93566152866.htm HTTP/1.1" 200 3928 "-" "Mozilla/5.0 (compatible; SemrushBot/7~bl; +http://www.semrush.com/bot.html)"
185.191.171.10 - - [18/Feb/2026:10:29:28 -0500] "GET /17094167134.htm HTTP/1.1" 200 3928 "-" "Mozilla/5.0 (compatible; SemrushBot/7~bl; +http://www.semrush.com/bot.html)"
185.191.171.15 - - [18/Feb/2026:10:29:44 -0500] "GET /93566151205.htm HTTP/1.1" 200 3928 "-" "Mozilla/5.0 (compatible; SemrushBot/7~bl; +http://www.semrush.com/bot.html)"
185.191.171.12 - - [18/Feb/2026:10:30:08 -0500] "GET /89423215402.htm HTTP/1.1" 200 3928 "-" "Mozilla/5.0 (compatible; SemrushBot/7~bl; +http://www.semrush.com/bot.html)"
192.178.6.98 - - [18/Feb/2026:10:30:12 -0500] "GET /shop/christocentric/inexpressible162084566425 HTTP/1.1" 200 31433 "-" "Mozilla/5.0 (Linux; Android 6.0.1; Nexus 5X Build/MMB29P) AppleWebKit/537.36 (KHTML, like Gecko) Chrome/144.0.7559.132 Mobile Safari/537.36 (compatible; GoogleOther)"
185.191.171.16 - - [18/Feb/2026:10:30:30 -0500] "GET /8942390249.htm HTTP/1.1" 200 3928 "-" "Mozilla/5.0 (compatible; SemrushBot/7~bl; +http://www.semrush.com/bot.html)"
85.208.96.204 - - [18/Feb/2026:10:30:42 -0500] "GET /93566137180.htm HTTP/1.1" 200 3928 "-" "Mozilla/5.0 (compatible; SemrushBot/7~bl; +http://www.semrush.com/bot.html)"
192.178.6.96 - - [18/Feb/2026:10:30:48 -0500] "GET /shop/inalterably/apportionateness081039499264 HTTP/1.1" 200 30082 "-" "Mozilla/5.0 (Linux; Android 6.0.1; Nexus 5X Build/MMB29P) AppleWebKit/537.36 (KHTML, like Gecko) Chrome/144.0.7559.132 Mobile Safari/537.36 (compatible; GoogleOther)"
202.76.173.200 - - [18/Feb/2026:10:30:49 -0500] "GET /products/4317090600105 HTTP/1.1" 200 3928 "-" "Mozilla/5.0 (X11; U; Linux i686; en-US; rv:1.9.2.12) Gecko/20101114 Gentoo Firefox/3.6.12"
185.191.171.19 - - [18/Feb/2026:10:30:50 -0500] "GET /1709420440.htm HTTP/1.1" 200 3928 "-" "Mozilla/5.0 (compatible; SemrushBot/7~bl; +http://www.semrush.com/bot.html)"
185.191.171.4 - - [18/Feb/2026:10:30:54 -0500] "GET /8942377810.htm HTTP/1.1" 200 3928 "-" "Mozilla/5.0 (compatible; SemrushBot/7~bl; +http://www.semrush.com/bot.html)"
185.191.171.11 - - [18/Feb/2026:10:31:02 -0500] "GET /89423140943.htm HTTP/1.1" 200 3928 "-" "Mozilla/5.0 (compatible; SemrushBot/7~bl; +http://www.semrush.com/bot.html)"
192.178.6.98 - - [18/Feb/2026:10:31:11 -0500] "GET /shop/oppugnancy/practicer031847368509 HTTP/1.1" 200 29674 "-" "Mozilla/5.0 (Linux; Android 6.0.1; Nexus 5X Build/MMB29P) AppleWebKit/537.36 (KHTML, like Gecko) Chrome/144.0.7559.132 Mobile Safari/537.36 (compatible; GoogleOther)"
192.178.6.98 - - [18/Feb/2026:10:31:14 -0500] "GET /shop/firring/lowmindedness06891252627 HTTP/1.1" 200 31746 "-" "Mozilla/5.0 (Linux; Android 6.0.1; Nexus 5X Build/MMB29P) AppleWebKit/537.36 (KHTML, like Gecko) Chrome/144.0.7559.132 Mobile Safari/537.36 (compatible; GoogleOther)"
85.208.96.203 - - [18/Feb/2026:10:31:30 -0500] "GET /17094171956.htm HTTP/1.1" 200 3928 "-" "Mozilla/5.0 (compatible; SemrushBot/7~bl; +http://www.semrush.com/bot.html)"
146.174.175.28 - - [18/Feb/2026:10:31:43 -0500] "GET /products/4339942131037 HTTP/1.1" 200 3928 "-" "Mozilla/5.0 (Windows NT 6.1) AppleWebKit/535.1 (KHTML, like Gecko) Chrome/13.0.782.215 Safari/535.1"
85.208.96.200 - - [18/Feb/2026:10:31:44 -0500] "GET /8942362368.htm HTTP/1.1" 200 3928 "-" "Mozilla/5.0 (compatible; SemrushBot/7~bl; +http://www.semrush.com/bot.html)"
192.178.6.96 - - [18/Feb/2026:10:32:10 -0500] "GET /shop/veracious/howled041220275696 HTTP/1.1" 200 30151 "-" "Mozilla/5.0 (Linux; Android 6.0.1; Nexus 5X Build/MMB29P) AppleWebKit/537.36 (KHTML, like Gecko) Chrome/144.0.7559.132 Mobile Safari/537.36 (compatible; GoogleOther)"
192.178.6.98 - - [18/Feb/2026:10:32:11 -0500] "GET /shop/entrenched/gemmary034249508681 HTTP/1.1" 200 30259 "-" "Mozilla/5.0 (Linux; Android 6.0.1; Nexus 5X Build/MMB29P) AppleWebKit/537.36 (KHTML, like Gecko) Chrome/144.0.7559.132 Mobile Safari/537.36 (compatible; GoogleOther)"
185.191.171.16 - - [18/Feb/2026:10:32:12 -0500] "GET /1606692593.htm HTTP/1.1" 200 3928 "-" "Mozilla/5.0 (compatible; SemrushBot/7~bl; +http://www.semrush.com/bot.html)"
192.178.6.96 - - [18/Feb/2026:10:32:15 -0500] "GET /shop/advertiser/dreadless031932265454 HTTP/1.1" 200 29740 "-" "Mozilla/5.0 (Linux; Android 6.0.1; Nexus 5X Build/MMB29P) AppleWebKit/537.36 (KHTML, like Gecko) Chrome/144.0.7559.132 Mobile Safari/537.36 (compatible; GoogleOther)"
185.191.171.14 - - [18/Feb/2026:10:32:35 -0500] "GET /robots.txt HTTP/1.1" 200 103 "-" "Mozilla/5.0 (compatible; SemrushBot/7~bl; +http://www.semrush.com/bot.html)"
74.7.227.10 - - [18/Feb/2026:10:32:36 -0500] "GET /?path=//opt/alt/python312/lib/python3.12/site-packages/pip/_vendor/pyparsing HTTP/1.1" 200 3411 "http://shrsglobaltravels.com/?path=//opt/alt/python312/lib/python3.12/site-packages/pip/_vendor" "Mozilla/5.0 AppleWebKit/537.36 (KHTML, like Gecko; compatible; GPTBot/1.3; +https://openai.com/gptbot)"
185.191.171.13 - - [18/Feb/2026:10:32:36 -0500] "GET /17094197739.htm HTTP/1.1" 200 3928 "-" "Mozilla/5.0 (compatible; SemrushBot/7~bl; +http://www.semrush.com/bot.html)"
92.243.181.90 - - [18/Feb/2026:10:32:40 -0500] "GET /products/4374045490004 HTTP/1.1" 200 3928 "-" "Mozilla/5.0 (Macintosh; Intel Mac OS X 10_6_8) AppleWebKit/534.24 (KHTML, like Gecko) Chrome/11.0.696.71 Safari/534.24"
185.191.171.1 - - [18/Feb/2026:10:32:44 -0500] "GET /15239110629.htm HTTP/1.1" 200 3928 "-" "Mozilla/5.0 (compatible; SemrushBot/7~bl; +http://www.semrush.com/bot.html)"
40.77.167.143 - - [18/Feb/2026:10:32:45 -0500] "GET /16066200078.htm HTTP/1.1" 200 31090 "-" "Mozilla/5.0 AppleWebKit/537.36 (KHTML, like Gecko; compatible; bingbot/2.0; +http://www.bing.com/bingbot.htm) Chrome/116.0.1938.76 Safari/537.36"
185.191.171.4 - - [18/Feb/2026:10:32:57 -0500] "GET /8942389202.htm HTTP/1.1" 200 3928 "-" "Mozilla/5.0 (compatible; SemrushBot/7~bl; +http://www.semrush.com/bot.html)"
185.191.171.12 - - [18/Feb/2026:10:33:08 -0500] "GET /7923369942.htm HTTP/1.1" 200 3928 "-" "Mozilla/5.0 (compatible; SemrushBot/7~bl; +http://www.semrush.com/bot.html)"
185.191.171.19 - - [18/Feb/2026:10:33:16 -0500] "GET /7923395233.htm HTTP/1.1" 200 3928 "-" "Mozilla/5.0 (compatible; SemrushBot/7~bl; +http://www.semrush.com/bot.html)"
192.178.6.98 - - [18/Feb/2026:10:33:17 -0500] "GET /shop/microphonous/pilotage081041058888 HTTP/1.1" 200 30226 "-" "Mozilla/5.0 (Linux; Android 6.0.1; Nexus 5X Build/MMB29P) AppleWebKit/537.36 (KHTML, like Gecko) Chrome/144.0.7559.132 Mobile Safari/537.36 (compatible; GoogleOther)"
85.208.96.193 - - [18/Feb/2026:10:33:21 -0500] "GET /17094167793.htm HTTP/1.1" 200 3928 "-" "Mozilla/5.0 (compatible; SemrushBot/7~bl; +http://www.semrush.com/bot.html)"
192.178.6.97 - - [18/Feb/2026:10:33:23 -0500] "GET /shop/spend/extradotal162991933451 HTTP/1.1" 200 29316 "-" "Mozilla/5.0 (Linux; Android 6.0.1; Nexus 5X Build/MMB29P) AppleWebKit/537.36 (KHTML, like Gecko) Chrome/144.0.7559.132 Mobile Safari/537.36 (compatible; GoogleOther)"
185.191.171.4 - - [18/Feb/2026:10:33:26 -0500] "GET /17094120396.htm HTTP/1.1" 200 3928 "-" "Mozilla/5.0 (compatible; SemrushBot/7~bl; +http://www.semrush.com/bot.html)"
74.7.227.10 - - [18/Feb/2026:10:33:26 -0500] "GET /?path=//opt/alt/python312/lib/python3.12/site-packages/pip/_vendor/cachecontrol/caches HTTP/1.1" 200 3063 "http://shrsglobaltravels.com/?path=//opt/alt/python312/lib/python3.12/site-packages/pip/_vendor/cachecontrol" "Mozilla/5.0 AppleWebKit/537.36 (KHTML, like Gecko; compatible; GPTBot/1.3; +https://openai.com/gptbot)"
192.178.6.96 - - [18/Feb/2026:10:33:29 -0500] "GET /shop/vagabondize/sulcus011523994626 HTTP/1.1" 200 30207 "-" "Mozilla/5.0 (Linux; Android 6.0.1; Nexus 5X Build/MMB29P) AppleWebKit/537.36 (KHTML, like Gecko) Chrome/144.0.7559.132 Mobile Safari/537.36 (compatible; GoogleOther)"
185.191.171.4 - - [18/Feb/2026:10:33:30 -0500] "GET /17094123721.htm HTTP/1.1" 200 3928 "-" "Mozilla/5.0 (compatible; SemrushBot/7~bl; +http://www.semrush.com/bot.html)"
146.174.161.202 - - [18/Feb/2026:10:33:33 -0500] "GET /products/4485946532516 HTTP/1.1" 200 3928 "-" "Mozilla/5.0 (X11; U; Linux x86_64; ru; rv:1.9.2.18) Gecko/20110628 Ubuntu/10.10 (maverick) Firefox/3.6.18"
185.191.171.7 - - [18/Feb/2026:10:33:34 -0500] "GET /93566185442.htm HTTP/1.1" 200 3928 "-" "Mozilla/5.0 (compatible; SemrushBot/7~bl; +http://www.semrush.com/bot.html)"
85.208.96.209 - - [18/Feb/2026:10:33:45 -0500] "GET /1606678640.htm HTTP/1.1" 200 3928 "-" "Mozilla/5.0 (compatible; SemrushBot/7~bl; +http://www.semrush.com/bot.html)"
192.178.6.96 - - [18/Feb/2026:10:33:51 -0500] "GET /shop/huntcounter/broadbill082805565818 HTTP/1.1" 200 29924 "-" "Mozilla/5.0 (Linux; Android 6.0.1; Nexus 5X Build/MMB29P) AppleWebKit/537.36 (KHTML, like Gecko) Chrome/144.0.7559.132 Mobile Safari/537.36 (compatible; GoogleOther)"
85.208.96.210 - - [18/Feb/2026:10:34:02 -0500] "GET /7923391658.htm HTTP/1.1" 200 3928 "-" "Mozilla/5.0 (compatible; SemrushBot/7~bl; +http://www.semrush.com/bot.html)"
85.208.96.207 - - [18/Feb/2026:10:34:17 -0500] "GET /89423158812.htm HTTP/1.1" 200 3928 "-" "Mozilla/5.0 (compatible; SemrushBot/7~bl; +http://www.semrush.com/bot.html)"
192.178.6.97 - - [18/Feb/2026:10:34:19 -0500] "GET /shop/vinatico/prize03655920238 HTTP/1.1" 200 30361 "-" "Mozilla/5.0 (Linux; Android 6.0.1; Nexus 5X Build/MMB29P) AppleWebKit/537.36 (KHTML, like Gecko) Chrome/144.0.7559.132 Mobile Safari/537.36 (compatible; GoogleOther)"
202.76.173.208 - - [18/Feb/2026:10:34:29 -0500] "GET /products/4556488001212 HTTP/1.1" 200 3928 "-" "Mozilla/5.0 (Windows NT 6.1) AppleWebKit/535.8 (KHTML, like Gecko) Chrome/16.0.912.63 Safari/535.8"
185.191.171.6 - - [18/Feb/2026:10:34:50 -0500] "GET /7923371392.htm HTTP/1.1" 200 3928 "-" "Mozilla/5.0 (compatible; SemrushBot/7~bl; +http://www.semrush.com/bot.html)"
85.208.96.207 - - [18/Feb/2026:10:34:54 -0500] "GET /89423222283.htm HTTP/1.1" 200 3928 "-" "Mozilla/5.0 (compatible; SemrushBot/7~bl; +http://www.semrush.com/bot.html)"
185.191.171.2 - - [18/Feb/2026:10:35:07 -0500] "GET /93566115413.htm HTTP/1.1" 200 3928 "-" "Mozilla/5.0 (compatible; SemrushBot/7~bl; +http://www.semrush.com/bot.html)"
185.191.171.8 - - [18/Feb/2026:10:35:20 -0500] "GET /89423179446.htm HTTP/1.1" 200 3928 "-" "Mozilla/5.0 (compatible; SemrushBot/7~bl; +http://www.semrush.com/bot.html)"
192.178.6.97 - - [18/Feb/2026:10:35:20 -0500] "GET /shop/rockwork/lygaeidae061337285273 HTTP/1.1" 200 33495 "-" "Mozilla/5.0 (Linux; Android 6.0.1; Nexus 5X Build/MMB29P) AppleWebKit/537.36 (KHTML, like Gecko) Chrome/144.0.7559.132 Mobile Safari/537.36 (compatible; GoogleOther)"
113.171.199.221 - - [18/Feb/2026:10:35:28 -0500] "GET /products/4669477586734 HTTP/1.1" 200 3928 "-" "Mozilla/5.0 (Windows NT 6.1; WOW64) AppleWebKit/536.3 (KHTML, like Gecko) Chrome/19.0.1062.0 Safari/536.3"
185.191.171.18 - - [18/Feb/2026:10:35:30 -0500] "GET /93566155258.htm HTTP/1.1" 200 3928 "-" "Mozilla/5.0 (compatible; SemrushBot/7~bl; +http://www.semrush.com/bot.html)"
192.178.6.96 - - [18/Feb/2026:10:35:37 -0500] "GET /shop/spectrophotometer/tritically162693763921 HTTP/1.1" 200 31059 "-" "Mozilla/5.0 (Linux; Android 6.0.1; Nexus 5X Build/MMB29P) AppleWebKit/537.36 (KHTML, like Gecko) Chrome/144.0.7559.132 Mobile Safari/537.36 (compatible; GoogleOther)"
