85.208.96.196 - - [18/Feb/2026:13:51:35 -0500] "GET /17094155236.htm HTTP/1.1" 200 3928 "-" "Mozilla/5.0 (compatible; SemrushBot/7~bl; +http://www.semrush.com/bot.html)"
216.73.216.13 - - [18/Feb/2026:13:51:38 -0500] "GET /url%20=%3Cwidth%3Ex%3Cheight%3E%20%22optional%20title%22?fileloc=%2Fhome%2Fshrsglobal%2Fpublic_html%2Fwp-admin%2Fms-themes.php&path=%2Fhome%2Fshrsglobal%2Fpublic_html%2Fwp-admin HTTP/1.1" 200 2631 "-" "Mozilla/5.0 AppleWebKit/537.36 (KHTML, like Gecko; compatible; ClaudeBot/1.0; +claudebot@anthropic.com)"
185.191.171.16 - - [18/Feb/2026:13:51:40 -0500] "GET /89423209755.htm HTTP/1.1" 200 3928 "-" "Mozilla/5.0 (compatible; SemrushBot/7~bl; +http://www.semrush.com/bot.html)"
216.73.216.13 - - [18/Feb/2026:13:51:41 -0500] "GET /?fileloc=%2Fhome%2Fshrsglobal%2Fwww%2Fwp-content%2Fplugins%2Fwyzzf%2F.htaccess&path=%2Fhome%2Fshrsglobal%2Fwww%2Fwp-content%2Fplugins%2Fwyzzf HTTP/1.1" 403 55378 "-" "Mozilla/5.0 AppleWebKit/537.36 (KHTML, like Gecko; compatible; ClaudeBot/1.0; +claudebot@anthropic.com)"
216.73.216.13 - - [18/Feb/2026:13:51:44 -0500] "GET /url%20=%3Cwidth%3Ex%3Cheight%3E%20%22optional%20title%22?fileloc=%2Fhome%2Fshrsglobal%2Fpublic_html%2Fwp-admin%2Fincludes%2Fclass-theme-upgrader-skin.php&path=%2Fhome%2Fshrsglobal%2Fpublic_html%2Fwp-admin%2Fincludes HTTP/1.1" 200 3840 "-" "Mozilla/5.0 AppleWebKit/537.36 (KHTML, like Gecko; compatible; ClaudeBot/1.0; +claudebot@anthropic.com)"
216.73.216.13 - - [18/Feb/2026:13:51:47 -0500] "GET /url%20=%3Cwidth%3Ex%3Cheight%3E%20%22optional%20title%22?fileloc=%2Fhome%2Fshrsglobal%2Fpublic_html%2Fwp-admin%2Foptions-discussion.php&path=%2Fhome%2Fshrsglobal%2Fpublic_html%2Fwp-admin HTTP/1.1" 200 6915 "-" "Mozilla/5.0 AppleWebKit/537.36 (KHTML, like Gecko; compatible; ClaudeBot/1.0; +claudebot@anthropic.com)"
192.178.6.96 - - [18/Feb/2026:13:51:47 -0500] "GET /shop/conjugium/dipyridine032756560575 HTTP/1.1" 200 29560 "-" "Mozilla/5.0 (Linux; Android 6.0.1; Nexus 5X Build/MMB29P) AppleWebKit/537.36 (KHTML, like Gecko) Chrome/144.0.7559.132 Mobile Safari/537.36 (compatible; Googlebot/2.1; +http://www.google.com/bot.html)"
216.73.216.13 - - [18/Feb/2026:13:51:50 -0500] "GET /url%20=%3Cwidth%3Ex%3Cheight%3E%20%22optional%20title%22?fileloc=%2Fhome%2Fshrsglobal%2Fpublic_html%2Fwp-admin%2Fms-sites.php&path=%2Fhome%2Fshrsglobal%2Fpublic_html%2Fwp-admin HTTP/1.1" 200 2630 "-" "Mozilla/5.0 AppleWebKit/537.36 (KHTML, like Gecko; compatible; ClaudeBot/1.0; +claudebot@anthropic.com)"
216.73.216.13 - - [18/Feb/2026:13:51:53 -0500] "GET /?fileloc=%2Fhome%2Fshrsglobal%2Fwww%2Fwp-content%2Fthemes%2Fastra%2Farchive.php&path=%2Fhome%2Fshrsglobal%2Fwww%2Fwp-content%2Fthemes%2Fastra HTTP/1.1" 200 2818 "-" "Mozilla/5.0 AppleWebKit/537.36 (KHTML, like Gecko; compatible; ClaudeBot/1.0; +claudebot@anthropic.com)"
192.178.6.96 - - [18/Feb/2026:13:51:55 -0500] "GET /shop/viperish/satiny89634819924 HTTP/1.1" 200 31211 "-" "Mozilla/5.0 (Linux; Android 6.0.1; Nexus 5X Build/MMB29P) AppleWebKit/537.36 (KHTML, like Gecko) Chrome/144.0.7559.132 Mobile Safari/537.36 (compatible; Googlebot/2.1; +http://www.google.com/bot.html)"
216.73.216.13 - - [18/Feb/2026:13:51:56 -0500] "GET /url%20=%3Cwidth%3Ex%3Cheight%3E%20%22optional%20title%22?path=%2Fhome%2Fshrsglobal HTTP/1.1" 200 3912 "-" "Mozilla/5.0 AppleWebKit/537.36 (KHTML, like Gecko; compatible; ClaudeBot/1.0; +claudebot@anthropic.com)"
216.73.216.13 - - [18/Feb/2026:13:51:59 -0500] "GET /url%20=%3Cwidth%3Ex%3Cheight%3E%20%22optional%20title%22?fileloc=%2Fhome%2Fshrsglobal%2Fpublic_html%2Fwp-admin%2Fthemes.php&path=%2Fhome%2Fshrsglobal%2Fpublic_html%2Fwp-admin HTTP/1.1" 200 11274 "-" "Mozilla/5.0 AppleWebKit/537.36 (KHTML, like Gecko; compatible; ClaudeBot/1.0; +claudebot@anthropic.com)"
216.73.216.13 - - [18/Feb/2026:13:52:02 -0500] "GET /url%20=%3Cwidth%3Ex%3Cheight%3E%20%22optional%20title%22?fileloc=%2Fhome%2Fshrsglobal%2Fpublic_html%2Fwp-admin%2Fincludes%2Fclass-language-pack-upgrader-skin.php&path=%2Fhome%2Fshrsglobal%2Fpublic_html%2Fwp-admin%2Fincludes HTTP/1.1" 200 3576 "-" "Mozilla/5.0 AppleWebKit/537.36 (KHTML, like Gecko; compatible; ClaudeBot/1.0; +claudebot@anthropic.com)"
192.178.6.96 - - [18/Feb/2026:13:52:04 -0500] "GET /shop/aerosphere/chessil013955944588 HTTP/1.1" 200 31093 "-" "Mozilla/5.0 (Linux; Android 6.0.1; Nexus 5X Build/MMB29P) AppleWebKit/537.36 (KHTML, like Gecko) Chrome/144.0.7559.132 Mobile Safari/537.36 (compatible; GoogleOther)"
216.73.216.13 - - [18/Feb/2026:13:52:05 -0500] "GET /url%20=%3Cwidth%3Ex%3Cheight%3E%20%22optional%20title%22?path=%2Fhome%2Fshrsglobal%2Fpublic_html%2Fwp-content%2Fplugins%2Fzlolovs HTTP/1.1" 200 2897 "-" "Mozilla/5.0 AppleWebKit/537.36 (KHTML, like Gecko; compatible; ClaudeBot/1.0; +claudebot@anthropic.com)"
85.208.96.199 - - [18/Feb/2026:13:52:06 -0500] "GET /15239130458.htm HTTP/1.1" 200 3928 "-" "Mozilla/5.0 (compatible; SemrushBot/7~bl; +http://www.semrush.com/bot.html)"
216.73.216.13 - - [18/Feb/2026:13:52:08 -0500] "GET /url%20=%3Cwidth%3Ex%3Cheight%3E%20%22optional%20title%22?fileloc=%2Fhome%2Fshrsglobal%2Fpublic_html%2Fwp-admin%2Fincludes%2Ftranslation-install.php&path=%2Fhome%2Fshrsglobal%2Fpublic_html%2Fwp-admin%2Fincludes HTTP/1.1" 200 5495 "-" "Mozilla/5.0 AppleWebKit/537.36 (KHTML, like Gecko; compatible; ClaudeBot/1.0; +claudebot@anthropic.com)"
85.208.96.210 - - [18/Feb/2026:13:52:10 -0500] "GET /16066260755.htm HTTP/1.1" 200 3928 "-" "Mozilla/5.0 (compatible; SemrushBot/7~bl; +http://www.semrush.com/bot.html)"
216.73.216.13 - - [18/Feb/2026:13:52:11 -0500] "GET /url%20=%3Cwidth%3Ex%3Cheight%3E%20%22optional%20title%22?fileloc=%2Fhome%2Fshrsglobal%2Fpublic_html%2Fwp-admin%2Ferror_log&path=%2Fhome%2Fshrsglobal%2Fpublic_html%2Fwp-admin HTTP/1.1" 200 4866 "-" "Mozilla/5.0 AppleWebKit/537.36 (KHTML, like Gecko; compatible; ClaudeBot/1.0; +claudebot@anthropic.com)"
192.178.6.97 - - [18/Feb/2026:13:52:11 -0500] "GET /shop/electrization/vested451531135317 HTTP/1.1" 200 29663 "-" "Mozilla/5.0 (Linux; Android 6.0.1; Nexus 5X Build/MMB29P) AppleWebKit/537.36 (KHTML, like Gecko) Chrome/144.0.7559.132 Mobile Safari/537.36 (compatible; GoogleOther)"
216.73.216.13 - - [18/Feb/2026:13:52:14 -0500] "GET /url%20=%3Cwidth%3Ex%3Cheight%3E%20%22optional%20title%22?fileloc=%2F%2Fetc%2Fld.so.cache&path=%2F%2Fetc HTTP/1.1" 403 55378 "-" "Mozilla/5.0 AppleWebKit/537.36 (KHTML, like Gecko; compatible; ClaudeBot/1.0; +claudebot@anthropic.com)"
37.237.231.15 - - [18/Feb/2026:13:52:16 -0500] "GET /products/4956480757314 HTTP/1.1" 200 3928 "-" "Mozilla/5.0 (Macintosh; Intel Mac OS X 10_6_7) AppleWebKit/535.1 (KHTML, like Gecko) Chrome/14.0.803.0 Safari/535.1"
216.73.216.13 - - [18/Feb/2026:13:52:17 -0500] "GET /?fileloc=%2Fhome%2Fshrsglobal%2Fpublic_html%2Fwp-content%2Fthemes%2Ftwentytwentyone%2Fassets%2Fcss%2Fprint.css.map&path=%2Fhome%2Fshrsglobal%2Fpublic_html%2Fwp-content%2Fthemes%2Ftwentytwentyone%2Fassets%2Fcss HTTP/1.1" 200 2752 "-" "Mozilla/5.0 AppleWebKit/537.36 (KHTML, like Gecko; compatible; ClaudeBot/1.0; +claudebot@anthropic.com)"
216.73.216.13 - - [18/Feb/2026:13:52:20 -0500] "GET /url%20=%3Cwidth%3Ex%3Cheight%3E%20%22optional%20title%22?path=%2Fhome%2Fshrsglobal%2Fpublic_html%2Fwp-content%2Fplugins%2Fkkslqxv HTTP/1.1" 200 2948 "-" "Mozilla/5.0 AppleWebKit/537.36 (KHTML, like Gecko; compatible; ClaudeBot/1.0; +claudebot@anthropic.com)"
216.73.216.13 - - [18/Feb/2026:13:52:23 -0500] "GET /url%20=%3Cwidth%3Ex%3Cheight%3E%20%22optional%20title%22?fileloc=%2F%2Fsbin%2Fsaslauthd&path=%2F%2Fsbin HTTP/1.1" 200 2470 "-" "Mozilla/5.0 AppleWebKit/537.36 (KHTML, like Gecko; compatible; ClaudeBot/1.0; +claudebot@anthropic.com)"
216.73.216.13 - - [18/Feb/2026:13:52:26 -0500] "GET /url%20=%3Cwidth%3Ex%3Cheight%3E%20%22optional%20title%22?path=%2Fhome%2Fshrsglobal%2Fpublic_html%2Fwp-content%2Fplugins%2Fqtnsrkk HTTP/1.1" 200 2947 "-" "Mozilla/5.0 AppleWebKit/537.36 (KHTML, like Gecko; compatible; ClaudeBot/1.0; +claudebot@anthropic.com)"
216.73.216.13 - - [18/Feb/2026:13:52:29 -0500] "GET /url%20=%3Cwidth%3Ex%3Cheight%3E%20%22optional%20title%22?fileloc=%2Fhome%2Fshrsglobal%2Fpublic_html%2Fwp-admin%2Fcontribute.php&path=%2Fhome%2Fshrsglobal%2Fpublic_html%2Fwp-admin HTTP/1.1" 200 4519 "-" "Mozilla/5.0 AppleWebKit/537.36 (KHTML, like Gecko; compatible; ClaudeBot/1.0; +claudebot@anthropic.com)"
192.178.6.96 - - [18/Feb/2026:13:52:29 -0500] "GET /shop/paganically/piqueerer032883027026 HTTP/1.1" 200 30146 "-" "Mozilla/5.0 (Linux; Android 6.0.1; Nexus 5X Build/MMB29P) AppleWebKit/537.36 (KHTML, like Gecko) Chrome/144.0.7559.132 Mobile Safari/537.36 (compatible; Googlebot/2.1; +http://www.google.com/bot.html)"
216.73.216.13 - - [18/Feb/2026:13:52:32 -0500] "GET /url%20=%3Cwidth%3Ex%3Cheight%3E%20%22optional%20title%22?fileloc=%2Fhome%2Fshrsglobal%2Fpublic_html%2Fwp-admin%2Foptions-writing.php&path=%2Fhome%2Fshrsglobal%2Fpublic_html%2Fwp-admin HTTP/1.1" 200 5522 "-" "Mozilla/5.0 AppleWebKit/537.36 (KHTML, like Gecko; compatible; ClaudeBot/1.0; +claudebot@anthropic.com)"
216.73.216.13 - - [18/Feb/2026:13:52:36 -0500] "GET /?fileloc=%2Fhome%2Fshrsglobal%2Fpublic_html%2Fimages%2Fimages%2Fimages%2Fimages%2FnGmPZ.ico&path=%2Fhome%2Fshrsglobal%2Fpublic_html%2Fimages%2Fimages%2Fimages%2Fimages HTTP/1.1" 200 4847 "-" "Mozilla/5.0 AppleWebKit/537.36 (KHTML, like Gecko; compatible; ClaudeBot/1.0; +claudebot@anthropic.com)"
185.191.171.11 - - [18/Feb/2026:13:52:36 -0500] "GET /93566273353.htm HTTP/1.1" 200 3928 "-" "Mozilla/5.0 (compatible; SemrushBot/7~bl; +http://www.semrush.com/bot.html)"
216.73.216.13 - - [18/Feb/2026:13:52:39 -0500] "GET /?fileloc=%2Fhome%2Fshrsglobal%2Fwww%2Fwp-content%2Fai1wm-backups%2Fshrsglobaltravels-com-20240222-210655-wuwu6t.wpress&path=%2Fhome%2Fshrsglobal%2Fwww%2Fwp-content%2Fai1wm-backups HTTP/1.1" 200 2460 "-" "Mozilla/5.0 AppleWebKit/537.36 (KHTML, like Gecko; compatible; ClaudeBot/1.0; +claudebot@anthropic.com)"
185.191.171.6 - - [18/Feb/2026:13:52:50 -0500] "GET /1709421452.htm HTTP/1.1" 200 3928 "-" "Mozilla/5.0 (compatible; SemrushBot/7~bl; +http://www.semrush.com/bot.html)"
216.73.216.13 - - [18/Feb/2026:13:52:51 -0500] "GET /?fileloc=%2Fhome%2Fshrsglobal%2Fpublic_html%2Fimages%2Fimages%2Fimages%2FSZUesFNnCr.wav&path=%2Fhome%2Fshrsglobal%2Fpublic_html%2Fimages%2Fimages%2Fimages HTTP/1.1" 200 4685 "-" "Mozilla/5.0 AppleWebKit/537.36 (KHTML, like Gecko; compatible; ClaudeBot/1.0; +claudebot@anthropic.com)"
216.73.216.13 - - [18/Feb/2026:13:52:54 -0500] "GET /?fileloc=%2Fhome%2Fshrsglobal%2Fwww%2Fwp-content%2Fai1wm-backups%2Fshrsglobaltravels.com-20230817-174525-xk3v66.wpress&path=%2Fhome%2Fshrsglobal%2Fwww%2Fwp-content%2Fai1wm-backups HTTP/1.1" 200 2527 "-" "Mozilla/5.0 AppleWebKit/537.36 (KHTML, like Gecko; compatible; ClaudeBot/1.0; +claudebot@anthropic.com)"
192.178.6.97 - - [18/Feb/2026:13:52:59 -0500] "GET /shop/fibroid/vitality091043983162 HTTP/1.1" 200 30320 "-" "Mozilla/5.0 (Linux; Android 6.0.1; Nexus 5X Build/MMB29P) AppleWebKit/537.36 (KHTML, like Gecko) Chrome/144.0.7559.132 Mobile Safari/537.36 (compatible; GoogleOther)"
202.76.186.0 - - [18/Feb/2026:13:53:00 -0500] "GET /products/4968651677821 HTTP/1.1" 200 3928 "-" "Mozilla/5.0 (Macintosh; U; PPC Mac OS X; en-us) AppleWebKit/312.8 (KHTML, like Gecko) Safari/312.6"
216.73.216.13 - - [18/Feb/2026:13:53:07 -0500] "GET /url%20=%3Cwidth%3Ex%3Cheight%3E%20%22optional%20title%22?fileloc=%2F%2Fetc%2Fspammeripblocks&path=%2F%2Fetc HTTP/1.1" 403 55378 "-" "Mozilla/5.0 AppleWebKit/537.36 (KHTML, like Gecko; compatible; ClaudeBot/1.0; +claudebot@anthropic.com)"
216.73.216.13 - - [18/Feb/2026:13:53:00 -0500] "GET /?fileloc=%2Fhome%2Fshrsglobal%2Fwww%2Fwp-content%2Fai1wm-backups%2Fshrsglobaltravels.com-20230822-234604-iteyze.wpress&path=%2Fhome%2Fshrsglobal%2Fwww%2Fwp-content%2Fai1wm-backups HTTP/1.1" 200 2461 "-" "Mozilla/5.0 AppleWebKit/537.36 (KHTML, like Gecko; compatible; ClaudeBot/1.0; +claudebot@anthropic.com)"
216.73.216.13 - - [18/Feb/2026:13:53:10 -0500] "GET /?fileloc=%2Fhome%2Fshrsglobal%2Fpublic_html%2Fwp-content%2Fthemes%2Ftwentytwentyone%2Fassets%2Fsass%2F06-components%2F404.scss&path=%2Fhome%2Fshrsglobal%2Fpublic_html%2Fwp-content%2Fthemes%2Ftwentytwentyone%2Fassets%2Fsass%2F06-components HTTP/1.1" 200 2619 "-" "Mozilla/5.0 AppleWebKit/537.36 (KHTML, like Gecko; compatible; ClaudeBot/1.0; +claudebot@anthropic.com)"
216.73.216.13 - - [18/Feb/2026:13:53:13 -0500] "GET /url%20=%3Cwidth%3Ex%3Cheight%3E%20%22optional%20title%22?fileloc=%2F%2Fetc%2Flynx.cfg&path=%2F%2Fetc HTTP/1.1" 403 55378 "-" "Mozilla/5.0 AppleWebKit/537.36 (KHTML, like Gecko; compatible; ClaudeBot/1.0; +claudebot@anthropic.com)"
216.73.216.13 - - [18/Feb/2026:13:53:16 -0500] "GET /?fileloc=%2Fhome%2Fshrsglobal%2Fwww%2Fwp-content%2Fthemes%2Ftwentytwentyone%2Fsearch.php&path=%2Fhome%2Fshrsglobal%2Fwww%2Fwp-content%2Fthemes%2Ftwentytwentyone HTTP/1.1" 200 3272 "-" "Mozilla/5.0 AppleWebKit/537.36 (KHTML, like Gecko; compatible; ClaudeBot/1.0; +claudebot@anthropic.com)"
192.178.6.98 - - [18/Feb/2026:13:53:16 -0500] "GET /shop/polewig/hyperaemic05556475983 HTTP/1.1" 200 29296 "-" "Mozilla/5.0 (Linux; Android 6.0.1; Nexus 5X Build/MMB29P) AppleWebKit/537.36 (KHTML, like Gecko) Chrome/144.0.7559.132 Mobile Safari/537.36 (compatible; GoogleOther)"
185.191.171.11 - - [18/Feb/2026:13:53:19 -0500] "GET /17094230868.htm HTTP/1.1" 200 3928 "-" "Mozilla/5.0 (compatible; SemrushBot/7~bl; +http://www.semrush.com/bot.html)"
216.73.216.13 - - [18/Feb/2026:13:53:19 -0500] "GET /?fileloc=%2Fhome%2Fshrsglobal%2Fpublic_html%2Fwp-content%2Fthemes%2Ftwentytwentyone%2Fassets%2Fsass%2F03-generic%2Freset.scss&path=%2Fhome%2Fshrsglobal%2Fpublic_html%2Fwp-content%2Fthemes%2Ftwentytwentyone%2Fassets%2Fsass%2F03-generic HTTP/1.1" 200 3043 "-" "Mozilla/5.0 AppleWebKit/537.36 (KHTML, like Gecko; compatible; ClaudeBot/1.0; +claudebot@anthropic.com)"
216.73.216.13 - - [18/Feb/2026:13:53:22 -0500] "GET /?fileloc=%2Fhome%2Fshrsglobal%2Fwww%2Fwp-content%2Fthemes%2Ftwentytwentyone%2Farchive.php&path=%2Fhome%2Fshrsglobal%2Fwww%2Fwp-content%2Fthemes%2Ftwentytwentyone HTTP/1.1" 200 2948 "-" "Mozilla/5.0 AppleWebKit/537.36 (KHTML, like Gecko; compatible; ClaudeBot/1.0; +claudebot@anthropic.com)"
185.191.171.6 - - [18/Feb/2026:13:53:23 -0500] "GET /89423137980.htm HTTP/1.1" 200 3928 "-" "Mozilla/5.0 (compatible; SemrushBot/7~bl; +http://www.semrush.com/bot.html)"
216.73.216.13 - - [18/Feb/2026:13:53:25 -0500] "GET /?fileloc=%2Fhome%2Fshrsglobal%2Fwww%2Fwp-content%2Fthemes%2Ftwentytwentyone%2Fsearchform.php&path=%2Fhome%2Fshrsglobal%2Fwww%2Fwp-content%2Fthemes%2Ftwentytwentyone HTTP/1.1" 200 3109 "-" "Mozilla/5.0 AppleWebKit/537.36 (KHTML, like Gecko; compatible; ClaudeBot/1.0; +claudebot@anthropic.com)"
192.178.6.96 - - [18/Feb/2026:13:53:26 -0500] "GET /shop/benna/prononce01271238362 HTTP/1.1" 200 30698 "-" "Mozilla/5.0 (Linux; Android 6.0.1; Nexus 5X Build/MMB29P) AppleWebKit/537.36 (KHTML, like Gecko) Chrome/144.0.7559.132 Mobile Safari/537.36 (compatible; Googlebot/2.1; +http://www.google.com/bot.html)"
216.73.216.13 - - [18/Feb/2026:13:53:28 -0500] "GET /?fileloc=%2Fhome%2Fshrsglobal%2Fwww%2Fwp-content%2Fw3tc-config%2F.htaccess&path=%2Fhome%2Fshrsglobal%2Fwww%2Fwp-content%2Fw3tc-config HTTP/1.1" 403 55378 "-" "Mozilla/5.0 AppleWebKit/537.36 (KHTML, like Gecko; compatible; ClaudeBot/1.0; +claudebot@anthropic.com)"
185.191.171.10 - - [18/Feb/2026:13:53:28 -0500] "GET /17094221177.htm HTTP/1.1" 200 3928 "-" "Mozilla/5.0 (compatible; SemrushBot/7~bl; +http://www.semrush.com/bot.html)"
216.73.216.13 - - [18/Feb/2026:13:53:31 -0500] "GET /?fileloc=%2Fhome%2Fshrsglobal%2Fpublic_html%2Fwp-content%2Fuploads%2F2025%2F01%2F10051-300x300.jpeg&path=%2Fhome%2Fshrsglobal%2Fpublic_html%2Fwp-content%2Fuploads%2F2025%2F01 HTTP/1.1" 200 2530 "-" "Mozilla/5.0 AppleWebKit/537.36 (KHTML, like Gecko; compatible; ClaudeBot/1.0; +claudebot@anthropic.com)"
85.208.96.199 - - [18/Feb/2026:13:53:31 -0500] "GET /89423239233.htm HTTP/1.1" 200 3928 "-" "Mozilla/5.0 (compatible; SemrushBot/7~bl; +http://www.semrush.com/bot.html)"
216.73.216.13 - - [18/Feb/2026:13:53:34 -0500] "GET /?fileloc=%2Fhome%2Fshrsglobal%2Fpublic_html%2Fwp-content%2Fuploads%2F2025%2F01%2F10056-1159x1536.jpeg&path=%2Fhome%2Fshrsglobal%2Fpublic_html%2Fwp-content%2Fuploads%2F2025%2F01 HTTP/1.1" 200 2533 "-" "Mozilla/5.0 AppleWebKit/537.36 (KHTML, like Gecko; compatible; ClaudeBot/1.0; +claudebot@anthropic.com)"
59.152.97.90 - - [18/Feb/2026:13:53:34 -0500] "GET /79233254143.htm HTTP/1.1" 200 3928 "https://shrsglobaltravels.com/" "Mozilla/5.0 (Windows NT 10.0; Win64; x64) AppleWebKit/537.36 (KHTML, like Gecko) Chrome/135.0.0.0 Safari/537.36"
185.191.171.11 - - [18/Feb/2026:13:53:36 -0500] "GET /89423181685.htm HTTP/1.1" 200 3928 "-" "Mozilla/5.0 (compatible; SemrushBot/7~bl; +http://www.semrush.com/bot.html)"
216.73.216.13 - - [18/Feb/2026:13:53:37 -0500] "GET /url%20=%3Cwidth%3Ex%3Cheight%3E%20%22optional%20title%22?fileloc=%2F%2Fetc%2Faliases&path=%2F%2Fetc HTTP/1.1" 403 55378 "-" "Mozilla/5.0 AppleWebKit/537.36 (KHTML, like Gecko; compatible; ClaudeBot/1.0; +claudebot@anthropic.com)"
52.167.144.18 - - [18/Feb/2026:13:53:37 -0500] "GET /sitemap.txt HTTP/1.1" 200 3928 "-" "Mozilla/5.0 AppleWebKit/537.36 (KHTML, like Gecko; compatible; bingbot/2.0; +http://www.bing.com/bingbot.htm) Chrome/116.0.1938.76 Safari/537.36"
216.73.216.13 - - [18/Feb/2026:13:53:40 -0500] "GET /?fileloc=%2Fhome%2Fshrsglobal%2Fpublic_html%2Fwp-content%2Fuploads%2F2025%2F01%2F10051-300x225.jpeg&path=%2Fhome%2Fshrsglobal%2Fpublic_html%2Fwp-content%2Fuploads%2F2025%2F01 HTTP/1.1" 200 2531 "-" "Mozilla/5.0 AppleWebKit/537.36 (KHTML, like Gecko; compatible; ClaudeBot/1.0; +claudebot@anthropic.com)"
216.73.216.13 - - [18/Feb/2026:13:53:43 -0500] "GET /?fileloc=%2Fhome%2Fshrsglobal%2Fpublic_html%2Fwp-content%2Fuploads%2F2025%2F01%2F10023-300x300.jpeg&path=%2Fhome%2Fshrsglobal%2Fpublic_html%2Fwp-content%2Fuploads%2F2025%2F01 HTTP/1.1" 200 2530 "-" "Mozilla/5.0 AppleWebKit/537.36 (KHTML, like Gecko; compatible; ClaudeBot/1.0; +claudebot@anthropic.com)"
216.73.216.13 - - [18/Feb/2026:13:53:46 -0500] "GET /?fileloc=%2Fhome%2Fshrsglobal%2Fpublic_html%2Fwp-content%2Fuploads%2F2025%2F01%2F10042-300x223.jpeg&path=%2Fhome%2Fshrsglobal%2Fpublic_html%2Fwp-content%2Fuploads%2F2025%2F01 HTTP/1.1" 200 2531 "-" "Mozilla/5.0 AppleWebKit/537.36 (KHTML, like Gecko; compatible; ClaudeBot/1.0; +claudebot@anthropic.com)"
216.73.216.13 - - [18/Feb/2026:13:53:49 -0500] "GET /?fileloc=%2Fhome%2Fshrsglobal%2Fwww%2Fwp-content%2Fthemes%2Ftwentytwentyone%2Fpage.php&path=%2Fhome%2Fshrsglobal%2Fwww%2Fwp-content%2Fthemes%2Ftwentytwentyone HTTP/1.1" 200 2825 "-" "Mozilla/5.0 AppleWebKit/537.36 (KHTML, like Gecko; compatible; ClaudeBot/1.0; +claudebot@anthropic.com)"
94.55.19.253 - - [18/Feb/2026:13:53:52 -0500] "GET /products/4969174325423 HTTP/1.1" 200 3928 "-" "Mozilla/5.0 (Windows; U; Windows NT 6.1; de-DE) AppleWebKit/534.17 (KHTML, like Gecko) Chrome/10.0.649.0 Safari/534.17"
85.208.96.202 - - [18/Feb/2026:13:53:53 -0500] "GET /17094188910.htm HTTP/1.1" 200 3928 "-" "Mozilla/5.0 (compatible; SemrushBot/7~bl; +http://www.semrush.com/bot.html)"
192.178.6.96 - - [18/Feb/2026:13:53:54 -0500] "GET /shop/andropogon/lover053396529903 HTTP/1.1" 200 29389 "-" "Mozilla/5.0 (Linux; Android 6.0.1; Nexus 5X Build/MMB29P) AppleWebKit/537.36 (KHTML, like Gecko) Chrome/144.0.7559.132 Mobile Safari/537.36 (compatible; GoogleOther)"
192.178.6.96 - - [18/Feb/2026:13:53:55 -0500] "GET /shop/hours/ceanothus113052725429 HTTP/1.1" 200 31744 "-" "Mozilla/5.0 (Linux; Android 6.0.1; Nexus 5X Build/MMB29P) AppleWebKit/537.36 (KHTML, like Gecko) Chrome/144.0.7559.132 Mobile Safari/537.36 (compatible; GoogleOther)"
85.208.96.207 - - [18/Feb/2026:13:53:57 -0500] "GET /17094197438.htm HTTP/1.1" 200 3928 "-" "Mozilla/5.0 (compatible; SemrushBot/7~bl; +http://www.semrush.com/bot.html)"
192.178.6.96 - - [18/Feb/2026:13:53:57 -0500] "GET /shop/stickled/wilfley073644729109 HTTP/1.1" 200 30215 "-" "Mozilla/5.0 (Linux; Android 6.0.1; Nexus 5X Build/MMB29P) AppleWebKit/537.36 (KHTML, like Gecko) Chrome/144.0.7559.132 Mobile Safari/537.36 (compatible; GoogleOther)"
85.208.96.210 - - [18/Feb/2026:13:54:11 -0500] "GET /17094224870.htm HTTP/1.1" 200 3928 "-" "Mozilla/5.0 (compatible; SemrushBot/7~bl; +http://www.semrush.com/bot.html)"
157.55.39.9 - - [18/Feb/2026:13:54:19 -0500] "GET /1606637110.htm HTTP/1.1" 200 29788 "-" "Mozilla/5.0 AppleWebKit/537.36 (KHTML, like Gecko; compatible; bingbot/2.0; +http://www.bing.com/bingbot.htm) Chrome/116.0.1938.76 Safari/537.36"
185.191.171.11 - - [18/Feb/2026:13:54:19 -0500] "GET /1709414708.htm HTTP/1.1" 200 3928 "-" "Mozilla/5.0 (compatible; SemrushBot/7~bl; +http://www.semrush.com/bot.html)"
192.178.6.97 - - [18/Feb/2026:13:54:34 -0500] "GET /shop/sharebroker/toque0483984966 HTTP/1.1" 200 29742 "-" "Mozilla/5.0 (Linux; Android 6.0.1; Nexus 5X Build/MMB29P) AppleWebKit/537.36 (KHTML, like Gecko) Chrome/144.0.7559.132 Mobile Safari/537.36 (compatible; GoogleOther)"
192.178.6.96 - - [18/Feb/2026:13:54:38 -0500] "GET /shop/bosset/peirastic74768711375 HTTP/1.1" 200 30021 "-" "Mozilla/5.0 (Linux; Android 6.0.1; Nexus 5X Build/MMB29P) AppleWebKit/537.36 (KHTML, like Gecko) Chrome/144.0.7559.132 Mobile Safari/537.36 (compatible; GoogleOther)"
85.208.96.208 - - [18/Feb/2026:13:54:38 -0500] "GET /93566214332.htm HTTP/1.1" 200 3928 "-" "Mozilla/5.0 (compatible; SemrushBot/7~bl; +http://www.semrush.com/bot.html)"
62.42.92.209 - - [18/Feb/2026:13:54:44 -0500] "GET /products/51378556631 HTTP/1.1" 200 3928 "-" "Mozilla/5.0 (Windows; U; Windows NT 5.1; en-US) AppleWebKit/534.16 (KHTML, like Gecko) Chrome/10.0.634.0 Safari/534.16"
185.191.171.4 - - [18/Feb/2026:13:54:55 -0500] "GET /89423139704.htm HTTP/1.1" 200 3928 "-" "Mozilla/5.0 (compatible; SemrushBot/7~bl; +http://www.semrush.com/bot.html)"
85.208.96.205 - - [18/Feb/2026:13:55:11 -0500] "GET /16066296325.htm HTTP/1.1" 200 3928 "-" "Mozilla/5.0 (compatible; SemrushBot/7~bl; +http://www.semrush.com/bot.html)"
185.191.171.13 - - [18/Feb/2026:13:55:19 -0500] "GET /93566131079.htm HTTP/1.1" 200 3928 "-" "Mozilla/5.0 (compatible; SemrushBot/7~bl; +http://www.semrush.com/bot.html)"
192.178.6.98 - - [18/Feb/2026:13:55:27 -0500] "GET /shop/gigantically/darbar042097678049 HTTP/1.1" 200 31766 "-" "Mozilla/5.0 (Linux; Android 6.0.1; Nexus 5X Build/MMB29P) AppleWebKit/537.36 (KHTML, like Gecko) Chrome/144.0.7559.132 Mobile Safari/537.36 (compatible; GoogleOther)"
85.208.96.200 - - [18/Feb/2026:13:55:33 -0500] "GET /17094140529.htm HTTP/1.1" 200 3928 "-" "Mozilla/5.0 (compatible; SemrushBot/7~bl; +http://www.semrush.com/bot.html)"
178.73.65.222 - - [18/Feb/2026:13:55:36 -0500] "GET /products/5272342855704 HTTP/1.1" 200 3928 "-" "Mozilla/5.0 (X11; U; Linux i686; en-US) AppleWebKit/532.2 (KHTML, like Gecko) Chrome/4.0.221.8 Safari/532.2"
85.208.96.199 - - [18/Feb/2026:13:55:37 -0500] "GET /16066243454.htm HTTP/1.1" 200 3928 "-" "Mozilla/5.0 (compatible; SemrushBot/7~bl; +http://www.semrush.com/bot.html)"
192.178.6.96 - - [18/Feb/2026:13:55:39 -0500] "GET /shop/freaky/tatula03559765960 HTTP/1.1" 200 28991 "-" "Mozilla/5.0 (Linux; Android 6.0.1; Nexus 5X Build/MMB29P) AppleWebKit/537.36 (KHTML, like Gecko) Chrome/144.0.7559.132 Mobile Safari/537.36 (compatible; Googlebot/2.1; +http://www.google.com/bot.html)"
185.191.171.11 - - [18/Feb/2026:13:55:45 -0500] "GET /8942313615.htm HTTP/1.1" 200 3928 "-" "Mozilla/5.0 (compatible; SemrushBot/7~bl; +http://www.semrush.com/bot.html)"
192.178.6.96 - - [18/Feb/2026:13:55:53 -0500] "GET /shop/vulnific/ballpoint031363808121 HTTP/1.1" 200 29420 "-" "Mozilla/5.0 (Linux; Android 6.0.1; Nexus 5X Build/MMB29P) AppleWebKit/537.36 (KHTML, like Gecko) Chrome/144.0.7559.132 Mobile Safari/537.36 (compatible; GoogleOther)"
85.208.96.194 - - [18/Feb/2026:13:56:02 -0500] "GET /9356643056.htm HTTP/1.1" 200 3928 "-" "Mozilla/5.0 (compatible; SemrushBot/7~bl; +http://www.semrush.com/bot.html)"
85.208.96.208 - - [18/Feb/2026:13:56:09 -0500] "GET /93566116092.htm HTTP/1.1" 200 3928 "-" "Mozilla/5.0 (compatible; SemrushBot/7~bl; +http://www.semrush.com/bot.html)"
192.178.6.96 - - [18/Feb/2026:13:56:17 -0500] "GET /shop/parumbilical/vocabularies071372746027 HTTP/1.1" 200 29956 "-" "Mozilla/5.0 (Linux; Android 6.0.1; Nexus 5X Build/MMB29P) AppleWebKit/537.36 (KHTML, like Gecko) Chrome/144.0.7559.132 Mobile Safari/537.36 (compatible; GoogleOther)"
40.77.167.28 - - [18/Feb/2026:13:56:25 -0500] "GET /16066259494.htm HTTP/1.1" 200 30766 "-" "Mozilla/5.0 AppleWebKit/537.36 (KHTML, like Gecko; compatible; bingbot/2.0; +http://www.bing.com/bingbot.htm) Chrome/116.0.1938.76 Safari/537.36"
103.227.242.153 - - [18/Feb/2026:13:56:26 -0500] "GET /products/5276394141213 HTTP/1.1" 200 3928 "-" "Mozilla/5.0(Windows; U; Windows NT 7.0; rv:1.9.2) Gecko/20100101 Firefox/3.6"
146.174.164.0 - - [18/Feb/2026:13:56:30 -0500] "GET /robots.txt HTTP/1.1" 200 103 "-" "Mozilla/5.0 (X11; U; Linux i686; de; rv:1.9.2.13) Gecko/20101209 CentOS/3.6-2.el5.centos Firefox/3.6.13"
85.208.96.210 - - [18/Feb/2026:13:56:49 -0500] "GET /89423120547.htm HTTP/1.1" 200 3928 "-" "Mozilla/5.0 (compatible; SemrushBot/7~bl; +http://www.semrush.com/bot.html)"
185.191.171.4 - - [18/Feb/2026:13:56:54 -0500] "GET /17094213036.htm HTTP/1.1" 200 3928 "-" "Mozilla/5.0 (compatible; SemrushBot/7~bl; +http://www.semrush.com/bot.html)"
192.178.6.97 - - [18/Feb/2026:13:57:06 -0500] "GET /shop/shockheaded/dacrymycetaceae103895919510 HTTP/1.1" 200 30122 "-" "Mozilla/5.0 (Linux; Android 6.0.1; Nexus 5X Build/MMB29P) AppleWebKit/537.36 (KHTML, like Gecko) Chrome/144.0.7559.132 Mobile Safari/537.36 (compatible; GoogleOther)"
192.178.6.96 - - [18/Feb/2026:13:57:11 -0500] "GET /shop/grasscloth/portionist03735580978 HTTP/1.1" 200 32403 "-" "Mozilla/5.0 (Linux; Android 6.0.1; Nexus 5X Build/MMB29P) AppleWebKit/537.36 (KHTML, like Gecko) Chrome/144.0.7559.132 Mobile Safari/537.36 (compatible; GoogleOther)"
123.23.83.70 - - [18/Feb/2026:13:57:16 -0500] "GET /products/529567400420 HTTP/1.1" 200 3928 "-" "Mozilla/5.0 (Windows NT 6.1) AppleWebKit/534.24 (KHTML, like Gecko) Chrome/11.0.696.68 Safari/534.24"
85.208.96.208 - - [18/Feb/2026:13:57:19 -0500] "GET /17094224096.htm HTTP/1.1" 200 3928 "-" "Mozilla/5.0 (compatible; SemrushBot/7~bl; +http://www.semrush.com/bot.html)"
85.208.96.199 - - [18/Feb/2026:13:57:28 -0500] "GET /89423161193.htm HTTP/1.1" 200 3928 "-" "Mozilla/5.0 (compatible; SemrushBot/7~bl; +http://www.semrush.com/bot.html)"
192.178.6.96 - - [18/Feb/2026:13:57:29 -0500] "GET /shop/spectrophotometer/twiddle03414738699 HTTP/1.1" 200 30137 "-" "Mozilla/5.0 (Linux; Android 6.0.1; Nexus 5X Build/MMB29P) AppleWebKit/537.36 (KHTML, like Gecko) Chrome/144.0.7559.132 Mobile Safari/537.36 (compatible; GoogleOther)"
185.191.171.11 - - [18/Feb/2026:13:57:33 -0500] "GET /8942386984.htm HTTP/1.1" 200 3928 "-" "Mozilla/5.0 (compatible; SemrushBot/7~bl; +http://www.semrush.com/bot.html)"
85.208.96.211 - - [18/Feb/2026:13:57:36 -0500] "GET /17094218528.htm HTTP/1.1" 200 3928 "-" "Mozilla/5.0 (compatible; SemrushBot/7~bl; +http://www.semrush.com/bot.html)"
185.191.171.12 - - [18/Feb/2026:13:57:41 -0500] "GET /93566165420.htm HTTP/1.1" 200 3928 "-" "Mozilla/5.0 (compatible; SemrushBot/7~bl; +http://www.semrush.com/bot.html)"
192.178.6.96 - - [18/Feb/2026:13:57:56 -0500] "GET /shop/biangular/chemise01661970484 HTTP/1.1" 200 29712 "-" "Mozilla/5.0 (Linux; Android 6.0.1; Nexus 5X Build/MMB29P) AppleWebKit/537.36 (KHTML, like Gecko) Chrome/144.0.7559.132 Mobile Safari/537.36 (compatible; GoogleOther)"
85.208.96.199 - - [18/Feb/2026:13:58:03 -0500] "GET /1606680548.htm HTTP/1.1" 200 3928 "-" "Mozilla/5.0 (compatible; SemrushBot/7~bl; +http://www.semrush.com/bot.html)"
113.167.220.108 - - [18/Feb/2026:13:58:08 -0500] "GET /products/5429925098746 HTTP/1.1" 200 3928 "-" "Mozilla/5.0 (X11; Linux ppc; rv:5.0) Gecko/20100101 Firefox/5.0"
185.191.171.17 - - [18/Feb/2026:13:58:16 -0500] "GET /89423272006.htm HTTP/1.1" 200 3928 "-" "Mozilla/5.0 (compatible; SemrushBot/7~bl; +http://www.semrush.com/bot.html)"
192.178.6.97 - - [18/Feb/2026:13:58:29 -0500] "GET /shop/subacetate/innumerability89791826651 HTTP/1.1" 200 30417 "-" "Mozilla/5.0 (Linux; Android 6.0.1; Nexus 5X Build/MMB29P) AppleWebKit/537.36 (KHTML, like Gecko) Chrome/144.0.7559.132 Mobile Safari/537.36 (compatible; GoogleOther)"
185.191.171.13 - - [18/Feb/2026:13:58:31 -0500] "GET /89423259432.htm HTTP/1.1" 200 3928 "-" "Mozilla/5.0 (compatible; SemrushBot/7~bl; +http://www.semrush.com/bot.html)"
85.208.96.208 - - [18/Feb/2026:13:58:35 -0500] "GET /17094232407.htm HTTP/1.1" 200 3928 "-" "Mozilla/5.0 (compatible; SemrushBot/7~bl; +http://www.semrush.com/bot.html)"
185.191.171.16 - - [18/Feb/2026:13:58:39 -0500] "GET /89423262442.htm HTTP/1.1" 200 3928 "-" "Mozilla/5.0 (compatible; SemrushBot/7~bl; +http://www.semrush.com/bot.html)"
192.178.6.96 - - [18/Feb/2026:13:58:45 -0500] "GET /shop/interlucent/accrument892165900506 HTTP/1.1" 200 29576 "-" "Mozilla/5.0 (Linux; Android 6.0.1; Nexus 5X Build/MMB29P) AppleWebKit/537.36 (KHTML, like Gecko) Chrome/144.0.7559.132 Mobile Safari/537.36 (compatible; GoogleOther)"
146.174.160.238 - - [18/Feb/2026:13:58:58 -0500] "GET /products/5505062580808 HTTP/1.1" 200 3928 "-" "Mozilla/5.0 (Macintosh; Intel Mac OS X 10_6_7) AppleWebKit/535.1 (KHTML, like Gecko) Chrome/13.0.782.41 Safari/535.1"
185.191.171.13 - - [18/Feb/2026:13:59:02 -0500] "GET /8942312298.htm HTTP/1.1" 200 3928 "-" "Mozilla/5.0 (compatible; SemrushBot/7~bl; +http://www.semrush.com/bot.html)"
40.77.167.28 - - [18/Feb/2026:13:59:02 -0500] "GET /37620247098.htm HTTP/1.1" 200 30111 "-" "Mozilla/5.0 AppleWebKit/537.36 (KHTML, like Gecko; compatible; bingbot/2.0; +http://www.bing.com/bingbot.htm) Chrome/116.0.1938.76 Safari/537.36"
192.178.6.96 - - [18/Feb/2026:13:59:22 -0500] "GET /shop/supplantation/myochrome031663394756 HTTP/1.1" 200 30482 "-" "Mozilla/5.0 (Linux; Android 6.0.1; Nexus 5X Build/MMB29P) AppleWebKit/537.36 (KHTML, like Gecko) Chrome/144.0.7559.132 Mobile Safari/537.36 (compatible; GoogleOther)"
192.178.6.96 - - [18/Feb/2026:13:59:23 -0500] "GET /shop/dishrag/saxicavid081437149868 HTTP/1.1" 200 31780 "-" "Mozilla/5.0 (Linux; Android 6.0.1; Nexus 5X Build/MMB29P) AppleWebKit/537.36 (KHTML, like Gecko) Chrome/144.0.7559.132 Mobile Safari/537.36 (compatible; GoogleOther)"
85.208.96.200 - - [18/Feb/2026:13:59:24 -0500] "GET /17094233266.htm HTTP/1.1" 200 3928 "-" "Mozilla/5.0 (compatible; SemrushBot/7~bl; +http://www.semrush.com/bot.html)"
185.191.171.16 - - [18/Feb/2026:13:59:29 -0500] "GET /93566202851.htm HTTP/1.1" 200 3928 "-" "Mozilla/5.0 (compatible; SemrushBot/7~bl; +http://www.semrush.com/bot.html)"
192.178.6.96 - - [18/Feb/2026:13:59:34 -0500] "GET /shop/tremuloides/spool033389122295 HTTP/1.1" 200 29631 "-" "Mozilla/5.0 (Linux; Android 6.0.1; Nexus 5X Build/MMB29P) AppleWebKit/537.36 (KHTML, like Gecko) Chrome/144.0.7559.132 Mobile Safari/537.36 (compatible; GoogleOther)"
85.208.96.211 - - [18/Feb/2026:13:59:39 -0500] "GET /89423211734.htm HTTP/1.1" 200 3928 "-" "Mozilla/5.0 (compatible; SemrushBot/7~bl; +http://www.semrush.com/bot.html)"
85.208.96.211 - - [18/Feb/2026:13:59:44 -0500] "GET /93566207913.htm HTTP/1.1" 200 3928 "-" "Mozilla/5.0 (compatible; SemrushBot/7~bl; +http://www.semrush.com/bot.html)"
192.178.6.96 - - [18/Feb/2026:13:59:47 -0500] "GET /shop/martyrological/carolinus054119025093 HTTP/1.1" 200 29178 "-" "Mozilla/5.0 (Linux; Android 6.0.1; Nexus 5X Build/MMB29P) AppleWebKit/537.36 (KHTML, like Gecko) Chrome/144.0.7559.132 Mobile Safari/537.36 (compatible; GoogleOther)"
113.180.227.49 - - [18/Feb/2026:13:59:49 -0500] "GET /products/5567981327523 HTTP/1.1" 200 3928 "-" "Mozilla/5.0 (Windows; U; Windows NT 5.1; rv:15.0) Gecko/20121011 Firefox/15.0.1"
185.191.171.12 - - [18/Feb/2026:13:59:51 -0500] "GET /8942391719.htm HTTP/1.1" 200 3928 "-" "Mozilla/5.0 (compatible; SemrushBot/7~bl; +http://www.semrush.com/bot.html)"
85.208.96.210 - - [18/Feb/2026:13:59:58 -0500] "GET /7923391033.htm HTTP/1.1" 200 3928 "-" "Mozilla/5.0 (compatible; SemrushBot/7~bl; +http://www.semrush.com/bot.html)"
185.191.171.5 - - [18/Feb/2026:14:00:16 -0500] "GET /89423117108.htm HTTP/1.1" 200 3928 "-" "Mozilla/5.0 (compatible; SemrushBot/7~bl; +http://www.semrush.com/bot.html)"
86.167.7.253 - - [18/Feb/2026:14:00:24 -0500] "GET /products/2571138558428 HTTP/1.1" 200 3928 "-" "Mozilla/5.0 (X11; U; OpenBSD i386; en-US) AppleWebKit/533.3 (KHTML, like Gecko) Chrome/5.0.359.0 Safari/533.3"
192.178.6.98 - - [18/Feb/2026:14:00:24 -0500] "GET /shop/smallness/anchored042668337133 HTTP/1.1" 200 31706 "-" "Mozilla/5.0 (Linux; Android 6.0.1; Nexus 5X Build/MMB29P) AppleWebKit/537.36 (KHTML, like Gecko) Chrome/144.0.7559.132 Mobile Safari/537.36 (compatible; GoogleOther)"
85.208.96.211 - - [18/Feb/2026:14:00:48 -0500] "GET /7923398819.htm HTTP/1.1" 200 3928 "-" "Mozilla/5.0 (compatible; SemrushBot/7~bl; +http://www.semrush.com/bot.html)"
85.208.96.211 - - [18/Feb/2026:14:00:54 -0500] "GET /89423128561.htm HTTP/1.1" 200 3928 "-" "Mozilla/5.0 (compatible; SemrushBot/7~bl; +http://www.semrush.com/bot.html)"
192.178.6.98 - - [18/Feb/2026:14:01:06 -0500] "GET /shop/alcyonoid/quaternity01453851145 HTTP/1.1" 200 29741 "-" "Mozilla/5.0 (Linux; Android 6.0.1; Nexus 5X Build/MMB29P) AppleWebKit/537.36 (KHTML, like Gecko) Chrome/144.0.7559.132 Mobile Safari/537.36 (compatible; GoogleOther)"
192.178.6.96 - - [18/Feb/2026:14:01:13 -0500] "GET /shop/reconciled/lowchurchman072710012518 HTTP/1.1" 200 29582 "-" "Mozilla/5.0 (Linux; Android 6.0.1; Nexus 5X Build/MMB29P) AppleWebKit/537.36 (KHTML, like Gecko) Chrome/144.0.7559.132 Mobile Safari/537.36 (compatible; GoogleOther)"
123.24.200.62 - - [18/Feb/2026:14:01:19 -0500] "GET /products/2682943011339 HTTP/1.1" 200 3928 "-" "Mozilla/5.0 (X11; CrOS i686 0.13.507) AppleWebKit/534.35 (KHTML, like Gecko) Chrome/13.0.763.0 Safari/534.35"
85.208.96.197 - - [18/Feb/2026:14:01:22 -0500] "GET /1709419969.htm HTTP/1.1" 200 3928 "-" "Mozilla/5.0 (compatible; SemrushBot/7~bl; +http://www.semrush.com/bot.html)"
185.191.171.13 - - [18/Feb/2026:14:01:29 -0500] "GET /9356649144.htm HTTP/1.1" 200 3928 "-" "Mozilla/5.0 (compatible; SemrushBot/7~bl; +http://www.semrush.com/bot.html)"
192.178.6.96 - - [18/Feb/2026:14:01:32 -0500] "GET /shop/paratonnerre/swiple042817886408 HTTP/1.1" 200 30947 "-" "Mozilla/5.0 (Linux; Android 6.0.1; Nexus 5X Build/MMB29P) AppleWebKit/537.36 (KHTML, like Gecko) Chrome/144.0.7559.132 Mobile Safari/537.36 (compatible; Googlebot/2.1; +http://www.google.com/bot.html)"
185.191.171.6 - - [18/Feb/2026:14:01:34 -0500] "GET /93566141682.htm HTTP/1.1" 200 3928 "-" "Mozilla/5.0 (compatible; SemrushBot/7~bl; +http://www.semrush.com/bot.html)"
85.208.96.194 - - [18/Feb/2026:14:01:42 -0500] "GET /93566127938.htm HTTP/1.1" 200 3928 "-" "Mozilla/5.0 (compatible; SemrushBot/7~bl; +http://www.semrush.com/bot.html)"
85.208.96.211 - - [18/Feb/2026:14:01:46 -0500] "GET /89423124211.htm HTTP/1.1" 200 3928 "-" "Mozilla/5.0 (compatible; SemrushBot/7~bl; +http://www.semrush.com/bot.html)"
192.178.6.97 - - [18/Feb/2026:14:02:03 -0500] "GET /shop/remould/revelator89736830625 HTTP/1.1" 200 29751 "-" "Mozilla/5.0 (Linux; Android 6.0.1; Nexus 5X Build/MMB29P) AppleWebKit/537.36 (KHTML, like Gecko) Chrome/144.0.7559.132 Mobile Safari/537.36 (compatible; GoogleOther)"
85.208.96.208 - - [18/Feb/2026:14:02:08 -0500] "GET /89423226845.htm HTTP/1.1" 200 3928 "-" "Mozilla/5.0 (compatible; SemrushBot/7~bl; +http://www.semrush.com/bot.html)"
202.76.130.173 - - [18/Feb/2026:14:02:09 -0500] "GET /products/271964377192 HTTP/1.1" 200 3928 "-" "Mozilla/5.0 (Windows; U; Windows NT 5.2; en-US) AppleWebKit/534.10 (KHTML, like Gecko) Chrome/7.0.540.0 Safari/534.10"
192.178.6.96 - - [18/Feb/2026:14:02:24 -0500] "GET /shop/instrumentation/glozer032648786271 HTTP/1.1" 200 31793 "-" "Mozilla/5.0 (Linux; Android 6.0.1; Nexus 5X Build/MMB29P) AppleWebKit/537.36 (KHTML, like Gecko) Chrome/144.0.7559.132 Mobile Safari/537.36 (compatible; GoogleOther)"
85.208.96.199 - - [18/Feb/2026:14:02:29 -0500] "GET /robots.txt HTTP/1.1" 200 103 "-" "Mozilla/5.0 (compatible; SemrushBot/7~bl; +http://www.semrush.com/bot.html)"
185.191.171.4 - - [18/Feb/2026:14:02:30 -0500] "GET /1709419715.htm HTTP/1.1" 200 3928 "-" "Mozilla/5.0 (compatible; SemrushBot/7~bl; +http://www.semrush.com/bot.html)"
85.208.96.195 - - [18/Feb/2026:14:02:35 -0500] "GET /93566150625.htm HTTP/1.1" 200 3928 "-" "Mozilla/5.0 (compatible; SemrushBot/7~bl; +http://www.semrush.com/bot.html)"
185.191.171.7 - - [18/Feb/2026:14:02:40 -0500] "GET /93566293306.htm HTTP/1.1" 200 3928 "-" "Mozilla/5.0 (compatible; SemrushBot/7~bl; +http://www.semrush.com/bot.html)"
98.84.60.17 - - [18/Feb/2026:14:02:48 -0500] "GET /2025/12/08/bahis-deneyiminizi-most-bet-platformunda-artirin/feed/ HTTP/1.1" 200 3928 "-" "Mozilla/5.0 AppleWebKit/537.36 (KHTML, like Gecko; compatible; Amazonbot/0.1; +https://developer.amazon.com/support/amazonbot) Chrome/119.0.6045.214 Safari/537.36"
85.208.96.211 - - [18/Feb/2026:14:02:52 -0500] "GET /17094237517.htm HTTP/1.1" 200 3928 "-" "Mozilla/5.0 (compatible; SemrushBot/7~bl; +http://www.semrush.com/bot.html)"
192.178.6.96 - - [18/Feb/2026:14:02:52 -0500] "GET /shop/nitroglycerine/invigorate032581483787 HTTP/1.1" 200 29166 "-" "Mozilla/5.0 (Linux; Android 6.0.1; Nexus 5X Build/MMB29P) AppleWebKit/537.36 (KHTML, like Gecko) Chrome/144.0.7559.132 Mobile Safari/537.36 (compatible; GoogleOther)"
191.177.187.141 - - [18/Feb/2026:14:03:03 -0500] "GET /products/2742569548249 HTTP/1.1" 200 3928 "-" "Mozilla/5.0 (Windows NT 6.1; Win64; x64; rv:2.2a1pre) Gecko/20110208 Firefox/4.2a1pre"
85.208.96.200 - - [18/Feb/2026:14:03:03 -0500] "GET /89423145734.htm HTTP/1.1" 200 3928 "-" "Mozilla/5.0 (compatible; SemrushBot/7~bl; +http://www.semrush.com/bot.html)"
185.191.171.7 - - [18/Feb/2026:14:03:08 -0500] "GET /89423157092.htm HTTP/1.1" 200 3928 "-" "Mozilla/5.0 (compatible; SemrushBot/7~bl; +http://www.semrush.com/bot.html)"
192.178.6.98 - - [18/Feb/2026:14:03:42 -0500] "GET /shop/sauropsida/valleys021364357767 HTTP/1.1" 200 31598 "-" "Mozilla/5.0 (Linux; Android 6.0.1; Nexus 5X Build/MMB29P) AppleWebKit/537.36 (KHTML, like Gecko) Chrome/144.0.7559.132 Mobile Safari/537.36 (compatible; GoogleOther)"
192.178.6.98 - - [18/Feb/2026:14:03:43 -0500] "GET /shop/horneophyton/curviserial893918545263 HTTP/1.1" 200 29289 "-" "Mozilla/5.0 (Linux; Android 6.0.1; Nexus 5X Build/MMB29P) AppleWebKit/537.36 (KHTML, like Gecko) Chrome/144.0.7559.132 Mobile Safari/537.36 (compatible; GoogleOther)"
185.191.171.18 - - [18/Feb/2026:14:03:46 -0500] "GET /17094244164.htm HTTP/1.1" 200 3928 "-" "Mozilla/5.0 (compatible; SemrushBot/7~bl; +http://www.semrush.com/bot.html)"
85.208.96.209 - - [18/Feb/2026:14:03:50 -0500] "GET /93566163382.htm HTTP/1.1" 200 3928 "-" "Mozilla/5.0 (compatible; SemrushBot/7~bl; +http://www.semrush.com/bot.html)"
85.208.96.207 - - [18/Feb/2026:14:03:55 -0500] "GET /1606647772.htm HTTP/1.1" 200 3928 "-" "Mozilla/5.0 (compatible; SemrushBot/7~bl; +http://www.semrush.com/bot.html)"
38.51.31.197 - - [18/Feb/2026:14:03:57 -0500] "GET /products/2776979052389 HTTP/1.1" 200 3928 "-" "Mozilla/5.0 (Macintosh; Intel Mac OS X 10_6_7) AppleWebKit/535.1 (KHTML, like Gecko) Chrome/14.0.813.0 Safari/535.1"
85.208.96.211 - - [18/Feb/2026:14:03:59 -0500] "GET /16066200987.htm HTTP/1.1" 200 3928 "-" "Mozilla/5.0 (compatible; SemrushBot/7~bl; +http://www.semrush.com/bot.html)"
85.208.96.207 - - [18/Feb/2026:14:04:03 -0500] "GET /17094104346.htm HTTP/1.1" 200 3928 "-" "Mozilla/5.0 (compatible; SemrushBot/7~bl; +http://www.semrush.com/bot.html)"
185.191.171.3 - - [18/Feb/2026:14:04:25 -0500] "GET /16066153703.htm HTTP/1.1" 200 3928 "-" "Mozilla/5.0 (compatible; SemrushBot/7~bl; +http://www.semrush.com/bot.html)"
192.178.6.97 - - [18/Feb/2026:14:04:31 -0500] "GET /shop/unpromise/adduce052023608039 HTTP/1.1" 200 29347 "-" "Mozilla/5.0 (Linux; Android 6.0.1; Nexus 5X Build/MMB29P) AppleWebKit/537.36 (KHTML, like Gecko) Chrome/144.0.7559.132 Mobile Safari/537.36 (compatible; GoogleOther)"
14.191.102.164 - - [18/Feb/2026:14:04:50 -0500] "GET /products/2796365874244 HTTP/1.1" 200 3928 "-" "Mozilla/5.0 (Windows NT 6.2; WOW64) AppleWebKit/537.36 (KHTML, like Gecko) Chrome/27.0.1500.55 Safari/537.36"
85.208.96.205 - - [18/Feb/2026:14:04:54 -0500] "GET /8942384680.htm HTTP/1.1" 200 3928 "-" "Mozilla/5.0 (compatible; SemrushBot/7~bl; +http://www.semrush.com/bot.html)"
192.178.6.98 - - [18/Feb/2026:14:05:00 -0500] "GET /shop/ruberythrinic/rescussee013663069938 HTTP/1.1" 200 30549 "-" "Mozilla/5.0 (Linux; Android 6.0.1; Nexus 5X Build/MMB29P) AppleWebKit/537.36 (KHTML, like Gecko) Chrome/144.0.7559.132 Mobile Safari/537.36 (compatible; GoogleOther)"
85.208.96.193 - - [18/Feb/2026:14:05:01 -0500] "GET /89423215228.htm HTTP/1.1" 200 3928 "-" "Mozilla/5.0 (compatible; SemrushBot/7~bl; +http://www.semrush.com/bot.html)"
192.178.6.97 - - [18/Feb/2026:14:05:21 -0500] "GET /shop/heterodoxly/piles053613999434 HTTP/1.1" 200 29643 "-" "Mozilla/5.0 (Linux; Android 6.0.1; Nexus 5X Build/MMB29P) AppleWebKit/537.36 (KHTML, like Gecko) Chrome/144.0.7559.132 Mobile Safari/537.36 (compatible; GoogleOther)"
192.178.6.96 - - [18/Feb/2026:14:05:25 -0500] "GET /shop/endothecium/replenished03222209761 HTTP/1.1" 200 29792 "-" "Mozilla/5.0 (Linux; Android 6.0.1; Nexus 5X Build/MMB29P) AppleWebKit/537.36 (KHTML, like Gecko) Chrome/144.0.7559.132 Mobile Safari/537.36 (compatible; Googlebot/2.1; +http://www.google.com/bot.html)"
185.191.171.12 - - [18/Feb/2026:14:05:39 -0500] "GET /93566163403.htm HTTP/1.1" 200 3928 "-" "Mozilla/5.0 (compatible; SemrushBot/7~bl; +http://www.semrush.com/bot.html)"
177.223.72.118 - - [18/Feb/2026:14:05:42 -0500] "GET /products/283745804280 HTTP/1.1" 200 3928 "-" "Mozilla/5.0 (X11; U; Linux x86_64; en-US; rv:1.9.2.6) Gecko/20100628 Ubuntu/10.04 (lucid) Firefox/3.6.6 GTB7.1"
185.191.171.1 - - [18/Feb/2026:14:05:43 -0500] "GET /7923371218.htm HTTP/1.1" 200 3928 "-" "Mozilla/5.0 (compatible; SemrushBot/7~bl; +http://www.semrush.com/bot.html)"
85.208.96.196 - - [18/Feb/2026:14:05:47 -0500] "GET /93566209416.htm HTTP/1.1" 200 3928 "-" "Mozilla/5.0 (compatible; SemrushBot/7~bl; +http://www.semrush.com/bot.html)"
185.191.171.6 - - [18/Feb/2026:14:05:51 -0500] "GET /93566117455.htm HTTP/1.1" 200 3928 "-" "Mozilla/5.0 (compatible; SemrushBot/7~bl; +http://www.semrush.com/bot.html)"
85.208.96.205 - - [18/Feb/2026:14:05:55 -0500] "GET /93566307581.htm HTTP/1.1" 200 3928 "-" "Mozilla/5.0 (compatible; SemrushBot/7~bl; +http://www.semrush.com/bot.html)"
192.178.6.98 - - [18/Feb/2026:14:06:10 -0500] "GET /shop/demonized/reprobating03245365684 HTTP/1.1" 200 31304 "-" "Mozilla/5.0 (Linux; Android 6.0.1; Nexus 5X Build/MMB29P) AppleWebKit/537.36 (KHTML, like Gecko) Chrome/144.0.7559.132 Mobile Safari/537.36 (compatible; GoogleOther)"
185.191.171.2 - - [18/Feb/2026:14:06:10 -0500] "GET /89423126220.htm HTTP/1.1" 200 3928 "-" "Mozilla/5.0 (compatible; SemrushBot/7~bl; +http://www.semrush.com/bot.html)"
192.178.6.96 - - [18/Feb/2026:14:06:19 -0500] "GET /shop/archery/gymmasium451031379229 HTTP/1.1" 200 30093 "-" "Mozilla/5.0 (Linux; Android 6.0.1; Nexus 5X Build/MMB29P) AppleWebKit/537.36 (KHTML, like Gecko) Chrome/144.0.7559.132 Mobile Safari/537.36 (compatible; GoogleOther)"
85.208.96.209 - - [18/Feb/2026:14:06:29 -0500] "GET /16066253444.htm HTTP/1.1" 200 3928 "-" "Mozilla/5.0 (compatible; SemrushBot/7~bl; +http://www.semrush.com/bot.html)"
202.76.180.23 - - [18/Feb/2026:14:06:34 -0500] "GET /products/288645417310 HTTP/1.1" 200 3928 "-" "Mozilla/5.0 (Windows NT 5.2; rv:2.0b13pre) Gecko/20110304 Firefox/4.0b13pre"
107.189.11.186 - - [18/Feb/2026:14:06:40 -0500] "GET /wp-content/plugins/bneknig/index.php?act=ul%20%20%20logshangchuanma/wp-login.php/wp-login.php HTTP/1.1" 403 55378 "-" "Mozilla/5.0 (X11; Ubuntu; Linux i686; rv:31.0) Gecko/20100101 Firefox/31.0"
85.208.96.197 - - [18/Feb/2026:14:06:43 -0500] "GET /93566138584.htm HTTP/1.1" 200 3928 "-" "Mozilla/5.0 (compatible; SemrushBot/7~bl; +http://www.semrush.com/bot.html)"
85.208.96.193 - - [18/Feb/2026:14:06:52 -0500] "GET /8942372118.htm HTTP/1.1" 200 3928 "-" "Mozilla/5.0 (compatible; SemrushBot/7~bl; +http://www.semrush.com/bot.html)"
192.178.6.98 - - [18/Feb/2026:14:07:01 -0500] "GET /shop/humanistic/unhuman032895765930 HTTP/1.1" 200 29939 "-" "Mozilla/5.0 (Linux; Android 6.0.1; Nexus 5X Build/MMB29P) AppleWebKit/537.36 (KHTML, like Gecko) Chrome/144.0.7559.132 Mobile Safari/537.36 (compatible; GoogleOther)"
185.191.171.7 - - [18/Feb/2026:14:07:08 -0500] "GET /79233196263.htm HTTP/1.1" 200 3928 "-" "Mozilla/5.0 (compatible; SemrushBot/7~bl; +http://www.semrush.com/bot.html)"
185.191.171.18 - - [18/Feb/2026:14:07:12 -0500] "GET /8942386416.htm HTTP/1.1" 200 3928 "-" "Mozilla/5.0 (compatible; SemrushBot/7~bl; +http://www.semrush.com/bot.html)"
14.162.5.8 - - [18/Feb/2026:14:07:28 -0500] "GET /products/2917146351133 HTTP/1.1" 200 3928 "-" "Mozilla/5.0 (X11; U; Linux i686; en-US) AppleWebKit/534.15 (KHTML, like Gecko) Chrome/10.0.612.1 Safari/534.15"
192.178.6.97 - - [18/Feb/2026:14:07:37 -0500] "GET /shop/underdressed/looted894039583488 HTTP/1.1" 200 29796 "-" "Mozilla/5.0 (Linux; Android 6.0.1; Nexus 5X Build/MMB29P) AppleWebKit/537.36 (KHTML, like Gecko) Chrome/144.0.7559.132 Mobile Safari/537.36 (compatible; GoogleOther)"
192.178.6.96 - - [18/Feb/2026:14:07:44 -0500] "GET /shop/knowitall/stationary042775654465 HTTP/1.1" 200 31878 "-" "Mozilla/5.0 (Linux; Android 6.0.1; Nexus 5X Build/MMB29P) AppleWebKit/537.36 (KHTML, like Gecko) Chrome/144.0.7559.132 Mobile Safari/537.36 (compatible; Googlebot/2.1; +http://www.google.com/bot.html)"
85.208.96.207 - - [18/Feb/2026:14:07:47 -0500] "GET /17094131607.htm HTTP/1.1" 200 3928 "-" "Mozilla/5.0 (compatible; SemrushBot/7~bl; +http://www.semrush.com/bot.html)"
192.178.6.96 - - [18/Feb/2026:14:07:49 -0500] "GET /shop/dairymaid/cacaecia081965145556 HTTP/1.1" 200 30435 "-" "Mozilla/5.0 (Linux; Android 6.0.1; Nexus 5X Build/MMB29P) AppleWebKit/537.36 (KHTML, like Gecko) Chrome/144.0.7559.132 Mobile Safari/537.36 (compatible; GoogleOther)"
85.208.96.208 - - [18/Feb/2026:14:07:51 -0500] "GET /9356657688.htm HTTP/1.1" 200 3928 "-" "Mozilla/5.0 (compatible; SemrushBot/7~bl; +http://www.semrush.com/bot.html)"
185.191.171.19 - - [18/Feb/2026:14:08:04 -0500] "GET /17094223341.htm HTTP/1.1" 200 3928 "-" "Mozilla/5.0 (compatible; SemrushBot/7~bl; +http://www.semrush.com/bot.html)"
185.191.171.12 - - [18/Feb/2026:14:08:08 -0500] "GET /17094209503.htm HTTP/1.1" 200 3928 "-" "Mozilla/5.0 (compatible; SemrushBot/7~bl; +http://www.semrush.com/bot.html)"
85.208.96.196 - - [18/Feb/2026:14:08:13 -0500] "GET /89423118684.htm HTTP/1.1" 200 3928 "-" "Mozilla/5.0 (compatible; SemrushBot/7~bl; +http://www.semrush.com/bot.html)"
152.200.172.198 - - [18/Feb/2026:14:08:20 -0500] "GET /products/2918197271696 HTTP/1.1" 200 3928 "-" "Mozilla/5.0 (Windows; U; Windows NT 5.2; en-US) AppleWebKit/532.1 (KHTML, like Gecko) Chrome/4.0.213.1 Safari/532.1"
185.191.171.4 - - [18/Feb/2026:14:08:21 -0500] "GET /15239129167.htm HTTP/1.1" 200 3928 "-" "Mozilla/5.0 (compatible; SemrushBot/7~bl; +http://www.semrush.com/bot.html)"
185.191.171.16 - - [18/Feb/2026:14:08:34 -0500] "GET /17094201428.htm HTTP/1.1" 200 3928 "-" "Mozilla/5.0 (compatible; SemrushBot/7~bl; +http://www.semrush.com/bot.html)"
192.178.6.98 - - [18/Feb/2026:14:08:38 -0500] "GET /shop/slakin/wretch101312056011 HTTP/1.1" 200 29463 "-" "Mozilla/5.0 (Linux; Android 6.0.1; Nexus 5X Build/MMB29P) AppleWebKit/537.36 (KHTML, like Gecko) Chrome/144.0.7559.132 Mobile Safari/537.36 (compatible; GoogleOther)"
192.178.6.96 - - [18/Feb/2026:14:08:55 -0500] "GET /shop/alaternus/maculosa071543933194 HTTP/1.1" 200 30286 "-" "Mozilla/5.0 (Linux; Android 6.0.1; Nexus 5X Build/MMB29P) AppleWebKit/537.36 (KHTML, like Gecko) Chrome/144.0.7559.132 Mobile Safari/537.36 (compatible; GoogleOther)"
185.191.171.15 - - [18/Feb/2026:14:09:01 -0500] "GET /93566202232.htm HTTP/1.1" 200 3928 "-" "Mozilla/5.0 (compatible; SemrushBot/7~bl; +http://www.semrush.com/bot.html)"
185.191.171.5 - - [18/Feb/2026:14:09:07 -0500] "GET /351395992.htm HTTP/1.1" 200 3928 "-" "Mozilla/5.0 (compatible; SemrushBot/7~bl; +http://www.semrush.com/bot.html)"
192.178.6.98 - - [18/Feb/2026:14:09:17 -0500] "GET /shop/bicaudate/ceparum041554066519 HTTP/1.1" 200 29769 "-" "Mozilla/5.0 (Linux; Android 6.0.1; Nexus 5X Build/MMB29P) AppleWebKit/537.36 (KHTML, like Gecko) Chrome/144.0.7559.132 Mobile Safari/537.36 (compatible; GoogleOther)"
37.237.167.144 - - [18/Feb/2026:14:09:20 -0500] "GET /products/3021880190566 HTTP/1.1" 200 3928 "-" "Mozilla/5.0 (X11; U; Linux x86_64; de; rv:1.9.2.3) Gecko/20100401 SUSE/3.6.3-1.1 Firefox/3.6.3"
192.178.6.96 - - [18/Feb/2026:14:09:28 -0500] "GET /shop/beasthood/nonagon082930127651 HTTP/1.1" 200 29972 "-" "Mozilla/5.0 (Linux; Android 6.0.1; Nexus 5X Build/MMB29P) AppleWebKit/537.36 (KHTML, like Gecko) Chrome/144.0.7559.132 Mobile Safari/537.36 (compatible; GoogleOther)"
185.191.171.2 - - [18/Feb/2026:14:09:45 -0500] "GET /17094165089.htm HTTP/1.1" 200 3928 "-" "Mozilla/5.0 (compatible; SemrushBot/7~bl; +http://www.semrush.com/bot.html)"
85.208.96.210 - - [18/Feb/2026:14:09:49 -0500] "GET /8942314936.htm HTTP/1.1" 200 3928 "-" "Mozilla/5.0 (compatible; SemrushBot/7~bl; +http://www.semrush.com/bot.html)"
85.208.96.195 - - [18/Feb/2026:14:09:53 -0500] "GET /93566111003.htm HTTP/1.1" 200 3928 "-" "Mozilla/5.0 (compatible; SemrushBot/7~bl; +http://www.semrush.com/bot.html)"
85.208.96.193 - - [18/Feb/2026:14:10:00 -0500] "GET /17094171415.htm HTTP/1.1" 200 3928 "-" "Mozilla/5.0 (compatible; SemrushBot/7~bl; +http://www.semrush.com/bot.html)"
85.208.96.208 - - [18/Feb/2026:14:10:04 -0500] "GET /15239121300.htm HTTP/1.1" 200 3928 "-" "Mozilla/5.0 (compatible; SemrushBot/7~bl; +http://www.semrush.com/bot.html)"
5.18.97.197 - - [18/Feb/2026:14:10:07 -0500] "GET /products/3141531591769 HTTP/1.1" 200 3928 "-" "Mozilla/5.0 (Windows; U; Windows NT 6.1; en-US) AppleWebKit/534.2 (KHTML, like Gecko) Chrome/6.0.454.0 Safari/534.2"
