14.239.67.243 - - [18/Feb/2026:09:34:22 -0500] "GET /products/4169060500775 HTTP/1.1" 200 3928 "-" "Mozilla/5.0 (Windows; U; Windows NT 6.1; en-US; rv:1.9.2b1) Gecko/20091014 Firefox/3.6b1 GTB5"
216.73.216.13 - - [18/Feb/2026:09:34:23 -0500] "GET /?fileloc=%2Fhome%2Fshrsglobal%2Fmail%2Fnew%2F1770953956.M77536P102550.host17.registrar-servers.com%2CS%3D3995%2CW%3D4079&path=%2Fhome%2Fshrsglobal%2Fmail%2Fnew HTTP/1.1" 200 4091 "-" "Mozilla/5.0 AppleWebKit/537.36 (KHTML, like Gecko; compatible; ClaudeBot/1.0; +claudebot@anthropic.com)"
216.73.216.13 - - [18/Feb/2026:09:34:26 -0500] "GET /?fileloc=%2Fhome%2Fshrsglobal%2Fmail%2Fnew%2F1737272528.M652760P1812559.host17.registrar-servers.com%2CS%3D27943%2CW%3D28328&path=%2Fhome%2Fshrsglobal%2Fmail%2Fnew HTTP/1.1" 200 9442 "-" "Mozilla/5.0 AppleWebKit/537.36 (KHTML, like Gecko; compatible; ClaudeBot/1.0; +claudebot@anthropic.com)"
216.73.216.13 - - [18/Feb/2026:09:34:29 -0500] "GET /?fileloc=%2Fhome%2Fshrsglobal%2Fmail%2Fnew%2F1741848900.M713820P1173198.host17.registrar-servers.com%2CS%3D22298%2CW%3D22609&path=%2Fhome%2Fshrsglobal%2Fmail%2Fnew HTTP/1.1" 200 6918 "-" "Mozilla/5.0 AppleWebKit/537.36 (KHTML, like Gecko; compatible; ClaudeBot/1.0; +claudebot@anthropic.com)"
216.73.216.13 - - [18/Feb/2026:09:34:32 -0500] "GET /?fileloc=%2Fhome%2Fshrsglobal%2Fmail%2Fnew%2F1716382146.M364447P1507837.host17.registrar-servers.com%2CS%3D25530%2CW%3D25897&path=%2Fhome%2Fshrsglobal%2Fmail%2Fnew HTTP/1.1" 200 8744 "-" "Mozilla/5.0 AppleWebKit/537.36 (KHTML, like Gecko; compatible; ClaudeBot/1.0; +claudebot@anthropic.com)"
216.73.216.13 - - [18/Feb/2026:09:34:35 -0500] "GET /?fileloc=%2Fhome%2Fshrsglobal%2Fmail%2Fnew%2F1750024013.M868948P4162770.host17.registrar-servers.com%2CS%3D21878%2CW%3D22184&path=%2Fhome%2Fshrsglobal%2Fmail%2Fnew HTTP/1.1" 200 6622 "-" "Mozilla/5.0 AppleWebKit/537.36 (KHTML, like Gecko; compatible; ClaudeBot/1.0; +claudebot@anthropic.com)"
216.73.216.13 - - [18/Feb/2026:09:34:38 -0500] "GET /?fileloc=%2Fhome%2Fshrsglobal%2Fmail%2Fnew%2F1757997649.M382899P2262462.host17.registrar-servers.com%2CS%3D21065%2CW%3D21360&path=%2Fhome%2Fshrsglobal%2Fmail%2Fnew HTTP/1.1" 200 6487 "-" "Mozilla/5.0 AppleWebKit/537.36 (KHTML, like Gecko; compatible; ClaudeBot/1.0; +claudebot@anthropic.com)"
216.73.216.13 - - [18/Feb/2026:09:34:41 -0500] "GET /?fileloc=%2Fhome%2Fshrsglobal%2Fmail%2Fnew%2F1741396671.M590283P2580072.host17.registrar-servers.com%2CS%3D28709%2CW%3D29103&path=%2Fhome%2Fshrsglobal%2Fmail%2Fnew HTTP/1.1" 200 9842 "-" "Mozilla/5.0 AppleWebKit/537.36 (KHTML, like Gecko; compatible; ClaudeBot/1.0; +claudebot@anthropic.com)"
185.191.171.6 - - [18/Feb/2026:09:34:43 -0500] "GET /17094179005.htm HTTP/1.1" 200 3928 "-" "Mozilla/5.0 (compatible; SemrushBot/7~bl; +http://www.semrush.com/bot.html)"
216.73.216.13 - - [18/Feb/2026:09:34:44 -0500] "GET /?fileloc=%2Fhome%2Fshrsglobal%2Fmail%2Fnew%2F1734631281.M565008P2330738.host17.registrar-servers.com%2CS%3D23797%2CW%3D24128&path=%2Fhome%2Fshrsglobal%2Fmail%2Fnew HTTP/1.1" 200 8402 "-" "Mozilla/5.0 AppleWebKit/537.36 (KHTML, like Gecko; compatible; ClaudeBot/1.0; +claudebot@anthropic.com)"
216.73.216.13 - - [18/Feb/2026:09:34:47 -0500] "GET /?fileloc=%2Fhome%2Fshrsglobal%2Fmail%2Fnew%2F1730672439.M945650P1971159.host17.registrar-servers.com%2CS%3D22661%2CW%3D22977&path=%2Fhome%2Fshrsglobal%2Fmail%2Fnew HTTP/1.1" 200 8038 "-" "Mozilla/5.0 AppleWebKit/537.36 (KHTML, like Gecko; compatible; ClaudeBot/1.0; +claudebot@anthropic.com)"
85.208.96.210 - - [18/Feb/2026:09:34:47 -0500] "GET /89423231496.htm HTTP/1.1" 200 3928 "-" "Mozilla/5.0 (compatible; SemrushBot/7~bl; +http://www.semrush.com/bot.html)"
216.73.216.13 - - [18/Feb/2026:09:34:50 -0500] "GET /?fileloc=%2Fhome%2Fshrsglobal%2Fmail%2Fnew%2F1722840787.M114080P2754941.host17.registrar-servers.com%2CS%3D24010%2CW%3D24358&path=%2Fhome%2Fshrsglobal%2Fmail%2Fnew HTTP/1.1" 200 8357 "-" "Mozilla/5.0 AppleWebKit/537.36 (KHTML, like Gecko; compatible; ClaudeBot/1.0; +claudebot@anthropic.com)"
216.73.216.13 - - [18/Feb/2026:09:34:54 -0500] "GET /?fileloc=%2Fhome%2Fshrsglobal%2Fpublic_html%2Fwp-content%2Fplugins%2Felementor%2Fassets%2Fshapes%2Fwaves-negative.svg&path=%2Fhome%2Fshrsglobal%2Fpublic_html%2Fwp-content%2Fplugins%2Felementor%2Fassets%2Fshapes HTTP/1.1" 200 2845 "-" "Mozilla/5.0 AppleWebKit/537.36 (KHTML, like Gecko; compatible; ClaudeBot/1.0; +claudebot@anthropic.com)"
85.208.96.210 - - [18/Feb/2026:09:34:57 -0500] "GET /1709418099.htm HTTP/1.1" 200 3928 "-" "Mozilla/5.0 (compatible; SemrushBot/7~bl; +http://www.semrush.com/bot.html)"
216.73.216.13 - - [18/Feb/2026:09:34:57 -0500] "GET /?path=%2Fhome%2Fshrsglobal%2Fpublic_html%2Fwp-content%2Fthemes%2Ftwentytwentyfour%2Fassets%2Fimages HTTP/1.1" 200 3306 "-" "Mozilla/5.0 AppleWebKit/537.36 (KHTML, like Gecko; compatible; ClaudeBot/1.0; +claudebot@anthropic.com)"
216.73.216.13 - - [18/Feb/2026:09:35:03 -0500] "GET /?path=%2Fhome%2Fshrsglobal%2Fpublic_html%2Fwp-content%2Fthemes%2Ftwentytwentyfour%2Fassets%2Ffonts HTTP/1.1" 200 2966 "-" "Mozilla/5.0 AppleWebKit/537.36 (KHTML, like Gecko; compatible; ClaudeBot/1.0; +claudebot@anthropic.com)"
216.73.216.13 - - [18/Feb/2026:09:35:06 -0500] "GET /?path=%2Fhome%2Fshrsglobal%2Fpublic_html%2Fwp-content%2Fthemes%2Ftwentytwentyfour%2Fassets%2Fcss HTTP/1.1" 200 2871 "-" "Mozilla/5.0 AppleWebKit/537.36 (KHTML, like Gecko; compatible; ClaudeBot/1.0; +claudebot@anthropic.com)"
192.178.6.96 - - [18/Feb/2026:09:35:09 -0500] "GET /shop/acaulescent/pekan164160853218 HTTP/1.1" 200 29538 "-" "Mozilla/5.0 (Linux; Android 6.0.1; Nexus 5X Build/MMB29P) AppleWebKit/537.36 (KHTML, like Gecko) Chrome/144.0.7559.132 Mobile Safari/537.36 (compatible; GoogleOther)"
202.76.139.184 - - [18/Feb/2026:09:35:24 -0500] "GET /products/4216777746368 HTTP/1.1" 200 3928 "-" "Mozilla/5.0 (Windows; U; Windows NT 6.1; en-US) AppleWebKit/533.9 (KHTML, like Gecko) Chrome/6.0.400.0 Safari/533.9"
105.103.107.119 - - [18/Feb/2026:09:35:27 -0500] "GET /152392131.htm HTTP/1.1" 200 3928 "https://shrsglobaltravels.com/" "Mozilla/5.0 (Macintosh; Intel Mac OS X 10_15_7) AppleWebKit/605.1.15 (KHTML, like Gecko) Version/18.3.1 Safari/605.1.15"
85.208.96.202 - - [18/Feb/2026:09:35:44 -0500] "GET /1709412703.htm HTTP/1.1" 200 3928 "-" "Mozilla/5.0 (compatible; SemrushBot/7~bl; +http://www.semrush.com/bot.html)"
85.208.96.207 - - [18/Feb/2026:09:35:53 -0500] "GET /89423188356.htm HTTP/1.1" 200 3928 "-" "Mozilla/5.0 (compatible; SemrushBot/7~bl; +http://www.semrush.com/bot.html)"
192.178.6.96 - - [18/Feb/2026:09:35:56 -0500] "GET /shop/retinophora/octile891010301358 HTTP/1.1" 200 32402 "-" "Mozilla/5.0 (Linux; Android 6.0.1; Nexus 5X Build/MMB29P) AppleWebKit/537.36 (KHTML, like Gecko) Chrome/144.0.7559.132 Mobile Safari/537.36 (compatible; GoogleOther)"
85.208.96.200 - - [18/Feb/2026:09:35:56 -0500] "GET /17094118195.htm HTTP/1.1" 200 3928 "-" "Mozilla/5.0 (compatible; SemrushBot/7~bl; +http://www.semrush.com/bot.html)"
216.73.216.13 - - [18/Feb/2026:09:36:03 -0500] "GET /?fileloc=%2Fhome%2Fshrsglobal%2Fpublic_html%2Fwp-includes%2Fblocks%2Faccordion-heading%2Fblock.json&path=%2Fhome%2Fshrsglobal%2Fpublic_html%2Fwp-includes%2Fblocks%2Faccordion-heading HTTP/1.1" 200 3220 "-" "Mozilla/5.0 AppleWebKit/537.36 (KHTML, like Gecko; compatible; ClaudeBot/1.0; +claudebot@anthropic.com)"
85.208.96.195 - - [18/Feb/2026:09:36:04 -0500] "GET /89423109648.htm HTTP/1.1" 200 3928 "-" "Mozilla/5.0 (compatible; SemrushBot/7~bl; +http://www.semrush.com/bot.html)"
192.178.6.97 - - [18/Feb/2026:09:36:04 -0500] "GET /shop/enshelter/brachycranic16616353791 HTTP/1.1" 200 31382 "-" "Mozilla/5.0 (Linux; Android 6.0.1; Nexus 5X Build/MMB29P) AppleWebKit/537.36 (KHTML, like Gecko) Chrome/144.0.7559.132 Mobile Safari/537.36 (compatible; GoogleOther)"
216.73.216.13 - - [18/Feb/2026:09:36:06 -0500] "GET /?fileloc=%2Fhome%2Fshrsglobal%2Fpublic_html%2Fwp-includes%2Fblocks%2Faccordion-heading%2Fstyle.min.css&path=%2Fhome%2Fshrsglobal%2Fpublic_html%2Fwp-includes%2Fblocks%2Faccordion-heading HTTP/1.1" 200 2746 "-" "Mozilla/5.0 AppleWebKit/537.36 (KHTML, like Gecko; compatible; ClaudeBot/1.0; +claudebot@anthropic.com)"
192.178.6.96 - - [18/Feb/2026:09:36:07 -0500] "GET /shop/typewrite/disposed083025577694 HTTP/1.1" 200 30788 "-" "Mozilla/5.0 (Linux; Android 6.0.1; Nexus 5X Build/MMB29P) AppleWebKit/537.36 (KHTML, like Gecko) Chrome/144.0.7559.132 Mobile Safari/537.36 (compatible; GoogleOther)"
185.191.171.5 - - [18/Feb/2026:09:36:08 -0500] "GET /1606650259.htm HTTP/1.1" 200 3928 "-" "Mozilla/5.0 (compatible; SemrushBot/7~bl; +http://www.semrush.com/bot.html)"
216.73.216.13 - - [18/Feb/2026:09:36:10 -0500] "GET /?fileloc=%2Fhome%2Fshrsglobal%2Fpublic_html%2Fwp-includes%2Fjs%2Fimgareaselect%2Fimgareaselect.css&path=%2Fhome%2Fshrsglobal%2Fpublic_html%2Fwp-includes%2Fjs%2Fimgareaselect HTTP/1.1" 200 2712 "-" "Mozilla/5.0 AppleWebKit/537.36 (KHTML, like Gecko; compatible; ClaudeBot/1.0; +claudebot@anthropic.com)"
185.191.171.7 - - [18/Feb/2026:09:36:12 -0500] "GET /17094212725.htm HTTP/1.1" 200 3928 "-" "Mozilla/5.0 (compatible; SemrushBot/7~bl; +http://www.semrush.com/bot.html)"
216.73.216.13 - - [18/Feb/2026:09:36:13 -0500] "GET /?fileloc=%2Fhome%2Fshrsglobal%2Fpublic_html%2Fwp-content%2Fplugins%2Felementor%2Fassets%2Fshapes%2Fdrops.svg&path=%2Fhome%2Fshrsglobal%2Fpublic_html%2Fwp-content%2Fplugins%2Felementor%2Fassets%2Fshapes HTTP/1.1" 200 3702 "-" "Mozilla/5.0 AppleWebKit/537.36 (KHTML, like Gecko; compatible; ClaudeBot/1.0; +claudebot@anthropic.com)"
85.208.96.209 - - [18/Feb/2026:09:36:16 -0500] "GET /93566196712.htm HTTP/1.1" 200 3928 "-" "Mozilla/5.0 (compatible; SemrushBot/7~bl; +http://www.semrush.com/bot.html)"
216.73.216.13 - - [18/Feb/2026:09:36:19 -0500] "GET /?fileloc=%2Fhome%2Fshrsglobal%2Fpublic_html%2Fwp-content%2Fplugins%2Fitr-popup%2Fi18n-config.json&path=%2Fhome%2Fshrsglobal%2Fpublic_html%2Fwp-content%2Fplugins%2Fitr-popup HTTP/1.1" 200 2768 "-" "Mozilla/5.0 AppleWebKit/537.36 (KHTML, like Gecko; compatible; ClaudeBot/1.0; +claudebot@anthropic.com)"
216.73.216.13 - - [18/Feb/2026:09:36:22 -0500] "GET /?fileloc=%2Fhome%2Fshrsglobal%2Fpublic_html%2Fwp-content%2Fplugins%2Fajzyrfw%2Fgotest&path=%2Fhome%2Fshrsglobal%2Fpublic_html%2Fwp-content%2Fplugins%2Fajzyrfw HTTP/1.1" 200 2516 "-" "Mozilla/5.0 AppleWebKit/537.36 (KHTML, like Gecko; compatible; ClaudeBot/1.0; +claudebot@anthropic.com)"
59.178.249.92 - - [18/Feb/2026:09:36:28 -0500] "GET /products/4486549663582 HTTP/1.1" 200 3928 "-" "Mozilla/5.0 (X11; U; Linux x86_64; en-US) AppleWebKit/534.10 (KHTML, like Gecko) Chrome/8.0.552.200 Safari/534.10"
85.208.96.207 - - [18/Feb/2026:09:36:37 -0500] "GET /89423240462.htm HTTP/1.1" 200 3928 "-" "Mozilla/5.0 (compatible; SemrushBot/7~bl; +http://www.semrush.com/bot.html)"
34.234.200.207 - - [18/Feb/2026:09:36:43 -0500] "GET /wp-json/oembed/1.0/embed?format=xml&url=https://shrsglobaltravels.com/2026/02/09/0x77c41ada/ HTTP/1.1" 200 3928 "-" "Mozilla/5.0 AppleWebKit/537.36 (KHTML, like Gecko; compatible; Amazonbot/0.1; +https://developer.amazon.com/support/amazonbot) Chrome/119.0.6045.214 Safari/537.36"
192.178.6.97 - - [18/Feb/2026:09:37:00 -0500] "GET /shop/silicioidea/grandam051263303840 HTTP/1.1" 200 29312 "-" "Mozilla/5.0 (Linux; Android 6.0.1; Nexus 5X Build/MMB29P) AppleWebKit/537.36 (KHTML, like Gecko) Chrome/144.0.7559.132 Mobile Safari/537.36 (compatible; GoogleOther)"
192.178.6.96 - - [18/Feb/2026:09:37:02 -0500] "GET /shop/shotting/potamian073787118571 HTTP/1.1" 200 30420 "-" "Mozilla/5.0 (Linux; Android 6.0.1; Nexus 5X Build/MMB29P) AppleWebKit/537.36 (KHTML, like Gecko) Chrome/144.0.7559.132 Mobile Safari/537.36 (compatible; Googlebot/2.1; +http://www.google.com/bot.html)"
185.191.171.16 - - [18/Feb/2026:09:37:18 -0500] "GET /89423118283.htm HTTP/1.1" 200 3928 "-" "Mozilla/5.0 (compatible; SemrushBot/7~bl; +http://www.semrush.com/bot.html)"
185.191.171.5 - - [18/Feb/2026:09:37:22 -0500] "GET /8942378995.htm HTTP/1.1" 200 3928 "-" "Mozilla/5.0 (compatible; SemrushBot/7~bl; +http://www.semrush.com/bot.html)"
85.208.96.203 - - [18/Feb/2026:09:37:26 -0500] "GET /93566197052.htm HTTP/1.1" 200 3928 "-" "Mozilla/5.0 (compatible; SemrushBot/7~bl; +http://www.semrush.com/bot.html)"
179.125.134.139 - - [18/Feb/2026:09:37:29 -0500] "GET /products/4721315708021 HTTP/1.1" 200 3928 "-" "Mozilla/5.0 (Windows NT 6.1; WOW64; rv:2.0b11pre) Gecko/20110128 Firefox/4.0b11pre"
85.208.96.195 - - [18/Feb/2026:09:37:30 -0500] "GET /89423154308.htm HTTP/1.1" 200 3928 "-" "Mozilla/5.0 (compatible; SemrushBot/7~bl; +http://www.semrush.com/bot.html)"
85.208.96.201 - - [18/Feb/2026:09:37:37 -0500] "GET /17094143800.htm HTTP/1.1" 200 3928 "-" "Mozilla/5.0 (compatible; SemrushBot/7~bl; +http://www.semrush.com/bot.html)"
216.73.216.13 - - [18/Feb/2026:09:37:40 -0500] "GET /?fileloc=%2Fhome%2Fshrsglobal%2Fpublic_html%2Fwp-content%2Fplugins%2Felementor%2Fassets%2Fshapes%2Fpyramids.svg&path=%2Fhome%2Fshrsglobal%2Fpublic_html%2Fwp-content%2Fplugins%2Felementor%2Fassets%2Fshapes HTTP/1.1" 200 2696 "-" "Mozilla/5.0 AppleWebKit/537.36 (KHTML, like Gecko; compatible; ClaudeBot/1.0; +claudebot@anthropic.com)"
40.77.167.57 - - [18/Feb/2026:09:37:41 -0500] "GET /37620208078.htm HTTP/1.1" 200 30627 "-" "Mozilla/5.0 AppleWebKit/537.36 (KHTML, like Gecko; compatible; bingbot/2.0; +http://www.bing.com/bingbot.htm) Chrome/116.0.1938.76 Safari/537.36"
74.7.227.10 - - [18/Feb/2026:09:37:43 -0500] "GET /?path=//lib/modules/4.18.0-553.44.1.lve.el8.x86_64/kernel/drivers/target HTTP/1.1" 200 3143 "http://shrsglobaltravels.com/?path=//lib/modules/4.18.0-553.44.1.lve.el8.x86_64/kernel/drivers" "Mozilla/5.0 AppleWebKit/537.36 (KHTML, like Gecko; compatible; GPTBot/1.3; +https://openai.com/gptbot)"
216.73.216.13 - - [18/Feb/2026:09:37:43 -0500] "GET /?fileloc=%2Fhome%2Fshrsglobal%2Fpublic_html%2Fwp-content%2Fplugins%2Felementor%2Fassets%2Fshapes%2Fdrops-negative.svg&path=%2Fhome%2Fshrsglobal%2Fpublic_html%2Fwp-content%2Fplugins%2Felementor%2Fassets%2Fshapes HTTP/1.1" 200 3668 "-" "Mozilla/5.0 AppleWebKit/537.36 (KHTML, like Gecko; compatible; ClaudeBot/1.0; +claudebot@anthropic.com)"
185.191.171.15 - - [18/Feb/2026:09:37:46 -0500] "GET /8942371348.htm HTTP/1.1" 200 3928 "-" "Mozilla/5.0 (compatible; SemrushBot/7~bl; +http://www.semrush.com/bot.html)"
192.178.6.96 - - [18/Feb/2026:09:37:55 -0500] "GET /shop/rootedness/maoist063815687586 HTTP/1.1" 200 29726 "-" "Mozilla/5.0 (Linux; Android 6.0.1; Nexus 5X Build/MMB29P) AppleWebKit/537.36 (KHTML, like Gecko) Chrome/144.0.7559.132 Mobile Safari/537.36 (compatible; GoogleOther)"
192.178.6.96 - - [18/Feb/2026:09:38:00 -0500] "GET /shop/uncertainty/counter032753538369 HTTP/1.1" 200 29754 "-" "Mozilla/5.0 (Linux; Android 6.0.1; Nexus 5X Build/MMB29P) AppleWebKit/537.36 (KHTML, like Gecko) Chrome/144.0.7559.132 Mobile Safari/537.36 (compatible; GoogleOther)"
185.191.171.1 - - [18/Feb/2026:09:38:00 -0500] "GET /1709424174.htm HTTP/1.1" 200 3928 "-" "Mozilla/5.0 (compatible; SemrushBot/7~bl; +http://www.semrush.com/bot.html)"
85.208.96.210 - - [18/Feb/2026:09:38:04 -0500] "GET /9356639769.htm HTTP/1.1" 200 3928 "-" "Mozilla/5.0 (compatible; SemrushBot/7~bl; +http://www.semrush.com/bot.html)"
216.73.216.13 - - [18/Feb/2026:09:38:06 -0500] "GET /?fileloc=%2Fhome%2Fshrsglobal%2Fpublic_html%2Fwp-content%2Fplugins%2Felementor%2Fassets%2Fshapes%2Fpyramids-negative.svg&path=%2Fhome%2Fshrsglobal%2Fpublic_html%2Fwp-content%2Fplugins%2Felementor%2Fassets%2Fshapes HTTP/1.1" 200 2700 "-" "Mozilla/5.0 AppleWebKit/537.36 (KHTML, like Gecko; compatible; ClaudeBot/1.0; +claudebot@anthropic.com)"
192.178.6.96 - - [18/Feb/2026:09:38:14 -0500] "GET /shop/illacrymable/spike113586856589 HTTP/1.1" 200 30041 "-" "Mozilla/5.0 (Linux; Android 6.0.1; Nexus 5X Build/MMB29P) AppleWebKit/537.36 (KHTML, like Gecko) Chrome/144.0.7559.132 Mobile Safari/537.36 (compatible; GoogleOther)"
14.191.221.111 - - [18/Feb/2026:09:38:30 -0500] "GET /products/4722168739905 HTTP/1.1" 200 3928 "-" "Mozilla/5.0 (Windows; U; Windows NT 5.1; en-US) AppleWebKit/532.1 (KHTML, like Gecko) Chrome/4.0.219.0 Safari/532.1"
216.73.216.13 - - [18/Feb/2026:09:38:36 -0500] "GET /?fileloc=%2Fhome%2Fshrsglobal%2Fpublic_html%2Fwp-content%2Fplugins%2Felementor%2Fassets%2Fshapes%2Fbook-negative.svg&path=%2Fhome%2Fshrsglobal%2Fpublic_html%2Fwp-content%2Fplugins%2Felementor%2Fassets%2Fshapes HTTP/1.1" 200 2762 "-" "Mozilla/5.0 AppleWebKit/537.36 (KHTML, like Gecko; compatible; ClaudeBot/1.0; +claudebot@anthropic.com)"
85.208.96.193 - - [18/Feb/2026:09:38:49 -0500] "GET /17094213610.htm HTTP/1.1" 200 3928 "-" "Mozilla/5.0 (compatible; SemrushBot/7~bl; +http://www.semrush.com/bot.html)"
192.178.6.96 - - [18/Feb/2026:09:38:50 -0500] "GET /shop/fugues/blazon09119902210 HTTP/1.1" 200 30089 "-" "Mozilla/5.0 (Linux; Android 6.0.1; Nexus 5X Build/MMB29P) AppleWebKit/537.36 (KHTML, like Gecko) Chrome/144.0.7559.132 Mobile Safari/537.36 (compatible; GoogleOther)"
85.208.96.195 - - [18/Feb/2026:09:39:03 -0500] "GET /89423144756.htm HTTP/1.1" 200 3928 "-" "Mozilla/5.0 (compatible; SemrushBot/7~bl; +http://www.semrush.com/bot.html)"
185.191.171.11 - - [18/Feb/2026:09:39:08 -0500] "GET /8942313459.htm HTTP/1.1" 200 3928 "-" "Mozilla/5.0 (compatible; SemrushBot/7~bl; +http://www.semrush.com/bot.html)"
185.191.171.11 - - [18/Feb/2026:09:39:12 -0500] "GET /8942377489.htm HTTP/1.1" 200 3928 "-" "Mozilla/5.0 (compatible; SemrushBot/7~bl; +http://www.semrush.com/bot.html)"
216.73.216.13 - - [18/Feb/2026:09:39:31 -0500] "GET /?fileloc=%2Fhome%2Fshrsglobal%2Fpublic_html%2Fwp-content%2Fthemes%2Ftwentytwentyfour%2Fstyle.css&path=%2Fhome%2Fshrsglobal%2Fpublic_html%2Fwp-content%2Fthemes%2Ftwentytwentyfour HTTP/1.1" 200 3149 "-" "Mozilla/5.0 AppleWebKit/537.36 (KHTML, like Gecko; compatible; ClaudeBot/1.0; +claudebot@anthropic.com)"
202.76.174.53 - - [18/Feb/2026:09:39:32 -0500] "GET /products/4796267180310 HTTP/1.1" 200 3928 "-" "Mozilla/5.0 (Macintosh; U; PPC Mac OS X; en-us) AppleWebKit/312.8 (KHTML, like Gecko) Safari/312.6"
192.178.6.98 - - [18/Feb/2026:09:39:35 -0500] "GET /shop/trismus/scantle451715691596 HTTP/1.1" 200 29708 "-" "Mozilla/5.0 (Linux; Android 6.0.1; Nexus 5X Build/MMB29P) AppleWebKit/537.36 (KHTML, like Gecko) Chrome/144.0.7559.132 Mobile Safari/537.36 (compatible; GoogleOther)"
74.7.227.10 - - [18/Feb/2026:09:39:36 -0500] "GET /?path=//lib/modules/4.18.0-553.44.1.lve.el8.x86_64/kernel/drivers/iommu HTTP/1.1" 200 2832 "http://shrsglobaltravels.com/?path=//lib/modules/4.18.0-553.44.1.lve.el8.x86_64/kernel/drivers" "Mozilla/5.0 AppleWebKit/537.36 (KHTML, like Gecko; compatible; GPTBot/1.3; +https://openai.com/gptbot)"
192.178.6.98 - - [18/Feb/2026:09:39:36 -0500] "GET /shop/dogmatician/thickskulled891528945942 HTTP/1.1" 200 30594 "-" "Mozilla/5.0 (Linux; Android 6.0.1; Nexus 5X Build/MMB29P) AppleWebKit/537.36 (KHTML, like Gecko) Chrome/144.0.7559.132 Mobile Safari/537.36 (compatible; GoogleOther)"
216.73.216.13 - - [18/Feb/2026:09:39:36 -0500] "GET /?fileloc=%2Fhome%2Fshrsglobal%2Fpublic_html%2Fwp-content%2Fthemes%2Ftwentytwentyfour%2Ftheme.json&path=%2Fhome%2Fshrsglobal%2Fpublic_html%2Fwp-content%2Fthemes%2Ftwentytwentyfour HTTP/1.1" 200 6259 "-" "Mozilla/5.0 AppleWebKit/537.36 (KHTML, like Gecko; compatible; ClaudeBot/1.0; +claudebot@anthropic.com)"
192.178.6.97 - - [18/Feb/2026:09:39:37 -0500] "GET /shop/croise/defeat031188936136 HTTP/1.1" 200 30555 "-" "Mozilla/5.0 (Linux; Android 6.0.1; Nexus 5X Build/MMB29P) AppleWebKit/537.36 (KHTML, like Gecko) Chrome/144.0.7559.132 Mobile Safari/537.36 (compatible; GoogleOther)"
192.178.6.97 - - [18/Feb/2026:09:39:40 -0500] "GET /shop/periodic/casebay161298240385 HTTP/1.1" 200 30630 "-" "Mozilla/5.0 (Linux; Android 6.0.1; Nexus 5X Build/MMB29P) AppleWebKit/537.36 (KHTML, like Gecko) Chrome/144.0.7559.132 Mobile Safari/537.36 (compatible; GoogleOther)"
216.73.216.13 - - [18/Feb/2026:09:39:42 -0500] "GET /?fileloc=%2Fhome%2Fshrsglobal%2Fpublic_html%2Fwp-content%2Fplugins%2Fitr-popup%2Fgpl-3.0.txt&path=%2Fhome%2Fshrsglobal%2Fpublic_html%2Fwp-content%2Fplugins%2Fitr-popup HTTP/1.1" 200 14991 "-" "Mozilla/5.0 AppleWebKit/537.36 (KHTML, like Gecko; compatible; ClaudeBot/1.0; +claudebot@anthropic.com)"
85.208.96.204 - - [18/Feb/2026:09:39:50 -0500] "GET /1523978715.htm HTTP/1.1" 200 3928 "-" "Mozilla/5.0 (compatible; SemrushBot/7~bl; +http://www.semrush.com/bot.html)"
192.178.6.96 - - [18/Feb/2026:09:39:52 -0500] "GET /shop/incased/panderous452173238562 HTTP/1.1" 200 30488 "-" "Mozilla/5.0 (Linux; Android 6.0.1; Nexus 5X Build/MMB29P) AppleWebKit/537.36 (KHTML, like Gecko) Chrome/144.0.7559.132 Mobile Safari/537.36 (compatible; GoogleOther)"
85.208.96.212 - - [18/Feb/2026:09:39:54 -0500] "GET /16066273650.htm HTTP/1.1" 200 3928 "-" "Mozilla/5.0 (compatible; SemrushBot/7~bl; +http://www.semrush.com/bot.html)"
85.208.96.195 - - [18/Feb/2026:09:40:08 -0500] "GET /93566100828.htm HTTP/1.1" 200 3928 "-" "Mozilla/5.0 (compatible; SemrushBot/7~bl; +http://www.semrush.com/bot.html)"
192.178.6.98 - - [18/Feb/2026:09:40:09 -0500] "GET /shop/judiciousness/polynia04212137021 HTTP/1.1" 200 31912 "-" "Mozilla/5.0 (Linux; Android 6.0.1; Nexus 5X Build/MMB29P) AppleWebKit/537.36 (KHTML, like Gecko) Chrome/144.0.7559.132 Mobile Safari/537.36 (compatible; Googlebot/2.1; +http://www.google.com/bot.html)"
85.208.96.212 - - [18/Feb/2026:09:40:12 -0500] "GET /93566235042.htm HTTP/1.1" 200 3928 "-" "Mozilla/5.0 (compatible; SemrushBot/7~bl; +http://www.semrush.com/bot.html)"
185.191.171.10 - - [18/Feb/2026:09:40:19 -0500] "GET /8942325163.htm HTTP/1.1" 200 3928 "-" "Mozilla/5.0 (compatible; SemrushBot/7~bl; +http://www.semrush.com/bot.html)"
74.7.227.10 - - [18/Feb/2026:09:40:23 -0500] "GET /?path=//lib/modules/4.18.0-553.44.1.lve.el8.x86_64/kernel/drivers/ntb HTTP/1.1" 200 3012 "http://shrsglobaltravels.com/?path=//lib/modules/4.18.0-553.44.1.lve.el8.x86_64/kernel/drivers" "Mozilla/5.0 AppleWebKit/537.36 (KHTML, like Gecko; compatible; GPTBot/1.3; +https://openai.com/gptbot)"
185.191.171.4 - - [18/Feb/2026:09:40:23 -0500] "GET /37620300725.htm HTTP/1.1" 200 3928 "-" "Mozilla/5.0 (compatible; SemrushBot/7~bl; +http://www.semrush.com/bot.html)"
192.178.6.97 - - [18/Feb/2026:09:40:27 -0500] "GET /shop/nematelminthea/umbrosity04606367325 HTTP/1.1" 200 29801 "-" "Mozilla/5.0 (Linux; Android 6.0.1; Nexus 5X Build/MMB29P) AppleWebKit/537.36 (KHTML, like Gecko) Chrome/144.0.7559.132 Mobile Safari/537.36 (compatible; GoogleOther)"
85.208.96.205 - - [18/Feb/2026:09:40:27 -0500] "GET /1709417951.htm HTTP/1.1" 200 3928 "-" "Mozilla/5.0 (compatible; SemrushBot/7~bl; +http://www.semrush.com/bot.html)"
202.76.141.136 - - [18/Feb/2026:09:40:34 -0500] "GET /products/4801446034011 HTTP/1.1" 200 3928 "-" "Mozilla/5.0 (Macintosh; U; Intel Mac OS X 10.5; it; rv:1.9.2.22) Gecko/20110902 Firefox/3.6.22"
185.191.171.11 - - [18/Feb/2026:09:40:36 -0500] "GET /89423223130.htm HTTP/1.1" 200 3928 "-" "Mozilla/5.0 (compatible; SemrushBot/7~bl; +http://www.semrush.com/bot.html)"
192.178.6.96 - - [18/Feb/2026:09:40:40 -0500] "GET /shop/dogmatician/thickskulled891528945942 HTTP/1.1" 200 30594 "-" "Mozilla/5.0 (Linux; Android 6.0.1; Nexus 5X Build/MMB29P) AppleWebKit/537.36 (KHTML, like Gecko) Chrome/144.0.7559.132 Mobile Safari/537.36 (compatible; Googlebot/2.1; +http://www.google.com/bot.html)"
216.73.216.13 - - [18/Feb/2026:09:40:53 -0500] "GET /?fileloc=%2Fhome%2Fshrsglobal%2Fpublic_html%2Fwp-content%2Fthemes%2Ftwentytwentyfour%2F.htaccess&path=%2Fhome%2Fshrsglobal%2Fpublic_html%2Fwp-content%2Fthemes%2Ftwentytwentyfour HTTP/1.1" 403 55378 "-" "Mozilla/5.0 AppleWebKit/537.36 (KHTML, like Gecko; compatible; ClaudeBot/1.0; +claudebot@anthropic.com)"
192.178.6.96 - - [18/Feb/2026:09:40:53 -0500] "GET /shop/hogan/trackman051910904224 HTTP/1.1" 200 29608 "-" "Mozilla/5.0 (Linux; Android 6.0.1; Nexus 5X Build/MMB29P) AppleWebKit/537.36 (KHTML, like Gecko) Chrome/144.0.7559.132 Mobile Safari/537.36 (compatible; GoogleOther)"
74.7.227.10 - - [18/Feb/2026:09:40:58 -0500] "GET /?path=//lib/modules/4.18.0-553.54.1.lve.el8.x86_64/kernel/drivers/vfio/pci HTTP/1.1" 200 2871 "http://shrsglobaltravels.com/?path=//lib/modules/4.18.0-553.54.1.lve.el8.x86_64/kernel/drivers/vfio" "Mozilla/5.0 AppleWebKit/537.36 (KHTML, like Gecko; compatible; GPTBot/1.3; +https://openai.com/gptbot)"
216.73.216.13 - - [18/Feb/2026:09:40:58 -0500] "GET /?fileloc=%2Fhome%2Fshrsglobal%2Fmail%2F.Junk%2Fdovecot.index.log&path=%2Fhome%2Fshrsglobal%2Fmail%2F.Junk HTTP/1.1" 200 2490 "-" "Mozilla/5.0 AppleWebKit/537.36 (KHTML, like Gecko; compatible; ClaudeBot/1.0; +claudebot@anthropic.com)"
216.73.216.13 - - [18/Feb/2026:09:41:04 -0500] "GET /?fileloc=%2Fhome%2Fshrsglobal%2Fmail%2F.Junk%2Fdovecot-uidlist&path=%2Fhome%2Fshrsglobal%2Fmail%2F.Junk HTTP/1.1" 200 2532 "-" "Mozilla/5.0 AppleWebKit/537.36 (KHTML, like Gecko; compatible; ClaudeBot/1.0; +claudebot@anthropic.com)"
85.208.96.199 - - [18/Feb/2026:09:41:34 -0500] "GET /17094194306.htm HTTP/1.1" 200 3928 "-" "Mozilla/5.0 (compatible; SemrushBot/7~bl; +http://www.semrush.com/bot.html)"
146.174.176.143 - - [18/Feb/2026:09:41:35 -0500] "GET /products/4892969035113 HTTP/1.1" 200 3928 "-" "Mozilla/5.0 (Windows NT 5.1) AppleWebKit/534.24 (KHTML, like Gecko) Chrome/11.0.700.3 Safari/534.24"
185.191.171.11 - - [18/Feb/2026:09:41:38 -0500] "GET /7923356043.htm HTTP/1.1" 200 3928 "-" "Mozilla/5.0 (compatible; SemrushBot/7~bl; +http://www.semrush.com/bot.html)"
185.191.171.13 - - [18/Feb/2026:09:41:44 -0500] "GET /7923397923.htm HTTP/1.1" 200 3928 "-" "Mozilla/5.0 (compatible; SemrushBot/7~bl; +http://www.semrush.com/bot.html)"
192.178.6.96 - - [18/Feb/2026:09:41:49 -0500] "GET /shop/avenue/monolithic083283190574 HTTP/1.1" 200 29402 "-" "Mozilla/5.0 (Linux; Android 6.0.1; Nexus 5X Build/MMB29P) AppleWebKit/537.36 (KHTML, like Gecko) Chrome/144.0.7559.132 Mobile Safari/537.36 (compatible; GoogleOther)"
85.208.96.203 - - [18/Feb/2026:09:41:48 -0500] "GET /89423123711.htm HTTP/1.1" 200 3928 "-" "Mozilla/5.0 (compatible; SemrushBot/7~bl; +http://www.semrush.com/bot.html)"
216.73.216.13 - - [18/Feb/2026:09:41:56 -0500] "GET /?fileloc=%2Fhome%2Fshrsglobal%2Fpublic_html%2Fwp-content%2Fplugins%2Felementor%2Fassets%2Fshapes%2Fopacity-tilt.svg&path=%2Fhome%2Fshrsglobal%2Fpublic_html%2Fwp-content%2Fplugins%2Felementor%2Fassets%2Fshapes HTTP/1.1" 200 2710 "-" "Mozilla/5.0 AppleWebKit/537.36 (KHTML, like Gecko; compatible; ClaudeBot/1.0; +claudebot@anthropic.com)"
192.178.6.96 - - [18/Feb/2026:09:41:57 -0500] "GET /shop/sisters/belli07699135336 HTTP/1.1" 200 30511 "-" "Mozilla/5.0 (Linux; Android 6.0.1; Nexus 5X Build/MMB29P) AppleWebKit/537.36 (KHTML, like Gecko) Chrome/144.0.7559.132 Mobile Safari/537.36 (compatible; GoogleOther)"
185.191.171.15 - - [18/Feb/2026:09:42:01 -0500] "GET /89423211673.htm HTTP/1.1" 200 3928 "-" "Mozilla/5.0 (compatible; SemrushBot/7~bl; +http://www.semrush.com/bot.html)"
85.208.96.209 - - [18/Feb/2026:09:42:06 -0500] "GET /17094115495.htm HTTP/1.1" 200 3928 "-" "Mozilla/5.0 (compatible; SemrushBot/7~bl; +http://www.semrush.com/bot.html)"
74.7.227.10 - - [18/Feb/2026:09:42:10 -0500] "GET /?path=//lib/modules/4.18.0-553.54.1.lve.el8.x86_64/kernel/drivers/media/pci HTTP/1.1" 200 3322 "http://shrsglobaltravels.com/?path=//lib/modules/4.18.0-553.54.1.lve.el8.x86_64/kernel/drivers/media" "Mozilla/5.0 AppleWebKit/537.36 (KHTML, like Gecko; compatible; GPTBot/1.3; +https://openai.com/gptbot)"
185.191.171.7 - - [18/Feb/2026:09:42:10 -0500] "GET /1709422529.htm HTTP/1.1" 200 3928 "-" "Mozilla/5.0 (compatible; SemrushBot/7~bl; +http://www.semrush.com/bot.html)"
192.178.6.96 - - [18/Feb/2026:09:42:12 -0500] "GET /shop/impress/fussing011455459447 HTTP/1.1" 200 30117 "-" "Mozilla/5.0 (Linux; Android 6.0.1; Nexus 5X Build/MMB29P) AppleWebKit/537.36 (KHTML, like Gecko) Chrome/144.0.7559.132 Mobile Safari/537.36 (compatible; GoogleOther)"
216.73.216.13 - - [18/Feb/2026:09:42:15 -0500] "GET /?fileloc=%2Fhome%2Fshrsglobal%2Fpublic_html%2Fwp-content%2Fthemes%2Fastra%2Fscreenshot.jpg&path=%2Fhome%2Fshrsglobal%2Fpublic_html%2Fwp-content%2Fthemes%2Fastra HTTP/1.1" 200 2518 "-" "Mozilla/5.0 AppleWebKit/537.36 (KHTML, like Gecko; compatible; ClaudeBot/1.0; +claudebot@anthropic.com)"
216.73.216.13 - - [18/Feb/2026:09:42:21 -0500] "GET /?fileloc=%2Fhome%2Fshrsglobal%2Fpublic_html%2Fwp-content%2Fplugins%2Felementor%2Fassets%2Fshapes%2Fcurve-asymmetrical.svg&path=%2Fhome%2Fshrsglobal%2Fpublic_html%2Fwp-content%2Fplugins%2Felementor%2Fassets%2Fshapes HTTP/1.1" 200 2722 "-" "Mozilla/5.0 AppleWebKit/537.36 (KHTML, like Gecko; compatible; ClaudeBot/1.0; +claudebot@anthropic.com)"
179.190.145.233 - - [18/Feb/2026:09:42:21 -0500] "GET /93566115700.htm HTTP/1.1" 200 3928 "https://shrsglobaltravels.com/" "Mozilla/5.0 (Windows NT 10.0; Win64; x64) AppleWebKit/537.36 (KHTML, like Gecko) Chrome/135.0.0.0 Safari/537.36"
146.174.161.218 - - [18/Feb/2026:09:42:38 -0500] "GET /products/4947169926793 HTTP/1.1" 200 3928 "-" "Mozilla/5.0 (Windows NT 6.1; WOW64; rv:18.0)  Gecko/20100101 Firefox/18.0"
192.178.6.96 - - [18/Feb/2026:09:42:39 -0500] "GET /shop/peddling/superannuating043765833136 HTTP/1.1" 200 29844 "-" "Mozilla/5.0 (Linux; Android 6.0.1; Nexus 5X Build/MMB29P) AppleWebKit/537.36 (KHTML, like Gecko) Chrome/144.0.7559.132 Mobile Safari/537.36 (compatible; GoogleOther)"
85.208.96.208 - - [18/Feb/2026:09:42:49 -0500] "GET /17094158977.htm HTTP/1.1" 200 3928 "-" "Mozilla/5.0 (compatible; SemrushBot/7~bl; +http://www.semrush.com/bot.html)"
85.208.96.198 - - [18/Feb/2026:09:42:53 -0500] "GET /17094242679.htm HTTP/1.1" 200 3928 "-" "Mozilla/5.0 (compatible; SemrushBot/7~bl; +http://www.semrush.com/bot.html)"
192.178.6.96 - - [18/Feb/2026:09:42:56 -0500] "GET /shop/spunkier/valerandi111004186389 HTTP/1.1" 200 30315 "-" "Mozilla/5.0 (Linux; Android 6.0.1; Nexus 5X Build/MMB29P) AppleWebKit/537.36 (KHTML, like Gecko) Chrome/144.0.7559.132 Mobile Safari/537.36 (compatible; GoogleOther)"
185.191.171.1 - - [18/Feb/2026:09:43:21 -0500] "GET /89423208526.htm HTTP/1.1" 200 3928 "-" "Mozilla/5.0 (compatible; SemrushBot/7~bl; +http://www.semrush.com/bot.html)"
216.73.216.13 - - [18/Feb/2026:09:43:26 -0500] "GET /?fileloc=%2Fhome%2Fshrsglobal%2Fpublic_html%2Fwp-content%2Fplugins%2Felementor%2Fassets%2Fshapes%2Fopacity-fan.svg&path=%2Fhome%2Fshrsglobal%2Fpublic_html%2Fwp-content%2Fplugins%2Felementor%2Fassets%2Fshapes HTTP/1.1" 200 2728 "-" "Mozilla/5.0 AppleWebKit/537.36 (KHTML, like Gecko; compatible; ClaudeBot/1.0; +claudebot@anthropic.com)"
216.73.216.13 - - [18/Feb/2026:09:43:31 -0500] "GET /?fileloc=%2Fhome%2Fshrsglobal%2Fpublic_html%2Fwp-content%2Fthemes%2Fastra%2Fchangelog.txt&path=%2Fhome%2Fshrsglobal%2Fpublic_html%2Fwp-content%2Fthemes%2Fastra HTTP/1.1" 200 50679 "-" "Mozilla/5.0 AppleWebKit/537.36 (KHTML, like Gecko; compatible; ClaudeBot/1.0; +claudebot@anthropic.com)"
216.73.216.13 - - [18/Feb/2026:09:43:37 -0500] "GET /?fileloc=%2Fhome%2Fshrsglobal%2Fpublic_html%2Fwp-includes%2Fjs%2Fimgareaselect%2Fborder-anim-v.gif&path=%2Fhome%2Fshrsglobal%2Fpublic_html%2Fwp-includes%2Fjs%2Fimgareaselect HTTP/1.1" 200 2522 "-" "Mozilla/5.0 AppleWebKit/537.36 (KHTML, like Gecko; compatible; ClaudeBot/1.0; +claudebot@anthropic.com)"
202.76.169.151 - - [18/Feb/2026:09:43:40 -0500] "GET /products/5012699025178 HTTP/1.1" 200 3928 "-" "Mozilla/5.0 (Windows; U; Windows NT 6.1; en-GB) AppleWebKit/534.1 (KHTML, like Gecko) Chrome/6.0.428.0 Safari/534.1"
192.178.6.96 - - [18/Feb/2026:09:43:58 -0500] "GET /shop/bundesrath/thoro042226206686 HTTP/1.1" 200 29810 "-" "Mozilla/5.0 (Linux; Android 6.0.1; Nexus 5X Build/MMB29P) AppleWebKit/537.36 (KHTML, like Gecko) Chrome/144.0.7559.132 Mobile Safari/537.36 (compatible; GoogleOther)"
185.191.171.19 - - [18/Feb/2026:09:44:03 -0500] "GET /7923383637.htm HTTP/1.1" 200 3928 "-" "Mozilla/5.0 (compatible; SemrushBot/7~bl; +http://www.semrush.com/bot.html)"
185.191.171.13 - - [18/Feb/2026:09:44:08 -0500] "GET /17094229627.htm HTTP/1.1" 200 3928 "-" "Mozilla/5.0 (compatible; SemrushBot/7~bl; +http://www.semrush.com/bot.html)"
192.178.6.96 - - [18/Feb/2026:09:44:10 -0500] "GET /shop/qualifying/wesleyan061409542467 HTTP/1.1" 200 29701 "-" "Mozilla/5.0 (Linux; Android 6.0.1; Nexus 5X Build/MMB29P) AppleWebKit/537.36 (KHTML, like Gecko) Chrome/144.0.7559.132 Mobile Safari/537.36 (compatible; Googlebot/2.1; +http://www.google.com/bot.html)"
185.191.171.19 - - [18/Feb/2026:09:44:12 -0500] "GET /93566101796.htm HTTP/1.1" 200 3928 "-" "Mozilla/5.0 (compatible; SemrushBot/7~bl; +http://www.semrush.com/bot.html)"
74.7.227.10 - - [18/Feb/2026:09:44:16 -0500] "GET /?path=//lib/modules/4.18.0-553.44.1.lve.el8.x86_64/kernel/drivers/isdn/hardware/avm HTTP/1.1" 200 3043 "http://shrsglobaltravels.com/?path=//lib/modules/4.18.0-553.44.1.lve.el8.x86_64/kernel/drivers/isdn/hardware" "Mozilla/5.0 AppleWebKit/537.36 (KHTML, like Gecko; compatible; GPTBot/1.3; +https://openai.com/gptbot)"
185.191.171.16 - - [18/Feb/2026:09:44:16 -0500] "GET /89423225137.htm HTTP/1.1" 200 3928 "-" "Mozilla/5.0 (compatible; SemrushBot/7~bl; +http://www.semrush.com/bot.html)"
185.191.171.10 - - [18/Feb/2026:09:44:21 -0500] "GET /93566148919.htm HTTP/1.1" 200 3928 "-" "Mozilla/5.0 (compatible; SemrushBot/7~bl; +http://www.semrush.com/bot.html)"
185.191.171.12 - - [18/Feb/2026:09:44:32 -0500] "GET /17094235307.htm HTTP/1.1" 200 3928 "-" "Mozilla/5.0 (compatible; SemrushBot/7~bl; +http://www.semrush.com/bot.html)"
85.208.96.199 - - [18/Feb/2026:09:44:36 -0500] "GET /7923363511.htm HTTP/1.1" 200 3928 "-" "Mozilla/5.0 (compatible; SemrushBot/7~bl; +http://www.semrush.com/bot.html)"
202.76.170.240 - - [18/Feb/2026:09:44:41 -0500] "GET /products/5055342366403 HTTP/1.1" 200 3928 "-" "Mozilla/5.0 (Windows; U; Windows NT 5.1; en-US) AppleWebKit/532.1 (KHTML, like Gecko) Chrome/4.0.213.0 Safari/532.1"
85.208.96.200 - - [18/Feb/2026:09:44:41 -0500] "GET /7923361414.htm HTTP/1.1" 200 3928 "-" "Mozilla/5.0 (compatible; SemrushBot/7~bl; +http://www.semrush.com/bot.html)"
192.178.6.96 - - [18/Feb/2026:09:44:51 -0500] "GET /shop/goety/titularity053037651441 HTTP/1.1" 200 29911 "-" "Mozilla/5.0 (Linux; Android 6.0.1; Nexus 5X Build/MMB29P) AppleWebKit/537.36 (KHTML, like Gecko) Chrome/144.0.7559.132 Mobile Safari/537.36 (compatible; GoogleOther)"
192.178.6.96 - - [18/Feb/2026:09:44:52 -0500] "GET /shop/activities/sockless0810531712 HTTP/1.1" 200 29908 "-" "Mozilla/5.0 (Linux; Android 6.0.1; Nexus 5X Build/MMB29P) AppleWebKit/537.36 (KHTML, like Gecko) Chrome/144.0.7559.132 Mobile Safari/537.36 (compatible; GoogleOther)"
216.73.216.13 - - [18/Feb/2026:09:44:57 -0500] "GET /?path=%2Fhome%2Fshrsglobal%2Fwww%2Fwp-content%2Fmu-plugins HTTP/1.1" 200 2884 "-" "Mozilla/5.0 AppleWebKit/537.36 (KHTML, like Gecko; compatible; ClaudeBot/1.0; +claudebot@anthropic.com)"
216.73.216.13 - - [18/Feb/2026:09:45:00 -0500] "GET /?path=%2Fhome%2Fshrsglobal%2Fwww%2Fwp-content%2Fuploads HTTP/1.1" 200 3654 "-" "Mozilla/5.0 AppleWebKit/537.36 (KHTML, like Gecko; compatible; ClaudeBot/1.0; +claudebot@anthropic.com)"
192.178.6.98 - - [18/Feb/2026:09:45:00 -0500] "GET /shop/halimodendron/territoriality083355499432 HTTP/1.1" 200 29764 "-" "Mozilla/5.0 (Linux; Android 6.0.1; Nexus 5X Build/MMB29P) AppleWebKit/537.36 (KHTML, like Gecko) Chrome/144.0.7559.132 Mobile Safari/537.36 (compatible; GoogleOther)"
216.73.216.13 - - [18/Feb/2026:09:45:03 -0500] "GET /?path=%2Fhome%2Fshrsglobal%2Fpublic_html%2Fwp-content%2Fuploads%2Felementor%2Fgoogle-fonts%2Fcss HTTP/1.1" 200 2961 "-" "Mozilla/5.0 AppleWebKit/537.36 (KHTML, like Gecko; compatible; ClaudeBot/1.0; +claudebot@anthropic.com)"
74.7.227.10 - - [18/Feb/2026:09:45:06 -0500] "GET /?path=//lib/modules/4.18.0-553.54.1.lve.el8.x86_64/kernel/drivers/power HTTP/1.1" 200 2834 "http://shrsglobaltravels.com/?path=//lib/modules/4.18.0-553.54.1.lve.el8.x86_64/kernel/drivers" "Mozilla/5.0 AppleWebKit/537.36 (KHTML, like Gecko; compatible; GPTBot/1.3; +https://openai.com/gptbot)"
216.73.216.13 - - [18/Feb/2026:09:45:06 -0500] "GET /?path=%2Fhome%2Fshrsglobal%2Fwww%2Fwp-content%2Fcache HTTP/1.1" 200 2942 "-" "Mozilla/5.0 AppleWebKit/537.36 (KHTML, like Gecko; compatible; ClaudeBot/1.0; +claudebot@anthropic.com)"
216.73.216.13 - - [18/Feb/2026:09:45:09 -0500] "GET /?path=%2Fhome%2Fshrsglobal%2Fwww%2Fwp-content%2Fplugins HTTP/1.1" 200 6929 "-" "Mozilla/5.0 AppleWebKit/537.36 (KHTML, like Gecko; compatible; ClaudeBot/1.0; +claudebot@anthropic.com)"
216.73.216.13 - - [18/Feb/2026:09:45:16 -0500] "GET /?path=%2Fhome%2Fshrsglobal%2Fwww%2Fwp-content%2Fupgrade HTTP/1.1" 200 2542 "-" "Mozilla/5.0 AppleWebKit/537.36 (KHTML, like Gecko; compatible; ClaudeBot/1.0; +claudebot@anthropic.com)"
216.73.216.13 - - [18/Feb/2026:09:45:18 -0500] "GET /?path=%2Fhome%2Fshrsglobal%2Fwww%2Fwp-content%2Fthemes HTTP/1.1" 200 3104 "-" "Mozilla/5.0 AppleWebKit/537.36 (KHTML, like Gecko; compatible; ClaudeBot/1.0; +claudebot@anthropic.com)"
216.73.216.13 - - [18/Feb/2026:09:45:21 -0500] "GET /?path=%2Fhome%2Fshrsglobal%2Fwww%2Fwp-content%2Fupgrade-temp-backup HTTP/1.1" 200 2550 "-" "Mozilla/5.0 AppleWebKit/537.36 (KHTML, like Gecko; compatible; ClaudeBot/1.0; +claudebot@anthropic.com)"
216.73.216.13 - - [18/Feb/2026:09:45:24 -0500] "GET /?path=%2Fhome%2Fshrsglobal%2Fpublic_html%2Fwp-content%2Fuploads%2Felementor%2Fgoogle-fonts%2Ffonts HTTP/1.1" 200 5056 "-" "Mozilla/5.0 AppleWebKit/537.36 (KHTML, like Gecko; compatible; ClaudeBot/1.0; +claudebot@anthropic.com)"
216.73.216.13 - - [18/Feb/2026:09:45:27 -0500] "GET /?path=%2Fhome%2Fshrsglobal%2Fpublic_html%2Fwp-content%2Fplugins%2Felementor%2Fvendor_prefixed%2Ftwig%2Ftwig%2Ftwig HTTP/1.1" 200 3008 "-" "Mozilla/5.0 AppleWebKit/537.36 (KHTML, like Gecko; compatible; ClaudeBot/1.0; +claudebot@anthropic.com)"
185.191.171.17 - - [18/Feb/2026:09:45:31 -0500] "GET /89423170984.htm HTTP/1.1" 200 3928 "-" "Mozilla/5.0 (compatible; SemrushBot/7~bl; +http://www.semrush.com/bot.html)"
192.178.6.96 - - [18/Feb/2026:09:45:31 -0500] "GET /shop/genitals/mediatized162384825387 HTTP/1.1" 200 31183 "-" "Mozilla/5.0 (Linux; Android 6.0.1; Nexus 5X Build/MMB29P) AppleWebKit/537.36 (KHTML, like Gecko) Chrome/144.0.7559.132 Mobile Safari/537.36 (compatible; Googlebot/2.1; +http://www.google.com/bot.html)"
216.73.216.13 - - [18/Feb/2026:09:45:33 -0500] "GET /?fileloc=%2Fhome%2Fshrsglobal%2Fpublic_html%2Fwp-content%2Fplugins%2Fdwesial%2Fgotest&path=%2Fhome%2Fshrsglobal%2Fpublic_html%2Fwp-content%2Fplugins%2Fdwesial HTTP/1.1" 200 2514 "-" "Mozilla/5.0 AppleWebKit/537.36 (KHTML, like Gecko; compatible; ClaudeBot/1.0; +claudebot@anthropic.com)"
216.73.216.13 - - [18/Feb/2026:09:45:36 -0500] "GET /?fileloc=%2Fhome%2Fshrsglobal%2Fpublic_html%2Fwp-includes%2Fblocks%2Fpost-author-name%2Fstyle-rtl.css&path=%2Fhome%2Fshrsglobal%2Fpublic_html%2Fwp-includes%2Fblocks%2Fpost-author-name HTTP/1.1" 200 2541 "-" "Mozilla/5.0 AppleWebKit/537.36 (KHTML, like Gecko; compatible; ClaudeBot/1.0; +claudebot@anthropic.com)"
85.208.96.207 - - [18/Feb/2026:09:45:39 -0500] "GET /89423148151.htm HTTP/1.1" 200 3928 "-" "Mozilla/5.0 (compatible; SemrushBot/7~bl; +http://www.semrush.com/bot.html)"
216.73.216.13 - - [18/Feb/2026:09:45:39 -0500] "GET /?fileloc=%2Fhome%2Fshrsglobal%2Fpublic_html%2Fwp-includes%2Fjs%2Fdist%2Fdom-ready.js&path=%2Fhome%2Fshrsglobal%2Fpublic_html%2Fwp-includes%2Fjs%2Fdist HTTP/1.1" 200 3112 "-" "Mozilla/5.0 AppleWebKit/537.36 (KHTML, like Gecko; compatible; ClaudeBot/1.0; +claudebot@anthropic.com)"
216.73.216.13 - - [18/Feb/2026:09:45:42 -0500] "GET /?path=%2Fhome%2Fshrsglobal%2Fwww%2Fwp-content%2Fai1wm-backups HTTP/1.1" 200 3265 "-" "Mozilla/5.0 AppleWebKit/537.36 (KHTML, like Gecko; compatible; ClaudeBot/1.0; +claudebot@anthropic.com)"
146.174.162.62 - - [18/Feb/2026:09:45:44 -0500] "GET /products/511484590604 HTTP/1.1" 200 3928 "-" "Mozilla/5.0 (Windows NT 5.1) AppleWebKit/535.11 (KHTML, like Gecko) Chrome/17.0.963.66 Safari/535.11"
216.73.216.13 - - [18/Feb/2026:09:45:45 -0500] "GET /?path=%2Fhome%2Fshrsglobal%2Fwww%2Fwp-content%2Fw3tc-config HTTP/1.1" 200 2929 "-" "Mozilla/5.0 AppleWebKit/537.36 (KHTML, like Gecko; compatible; ClaudeBot/1.0; +claudebot@anthropic.com)"
216.73.216.13 - - [18/Feb/2026:09:45:49 -0500] "GET /?fileloc=%2Fhome%2Fshrsglobal%2Fpublic_html%2Fwp-includes%2Fjs%2Fwp-emoji.js&path=%2Fhome%2Fshrsglobal%2Fpublic_html%2Fwp-includes%2Fjs HTTP/1.1" 200 5827 "-" "Mozilla/5.0 AppleWebKit/537.36 (KHTML, like Gecko; compatible; ClaudeBot/1.0; +claudebot@anthropic.com)"
216.73.216.13 - - [18/Feb/2026:09:45:52 -0500] "GET /?fileloc=%2Fhome%2Fshrsglobal%2Fpublic_html%2Fwp-content%2Fplugins%2Fphqgyrm%2F.htaccess&path=%2Fhome%2Fshrsglobal%2Fpublic_html%2Fwp-content%2Fplugins%2Fphqgyrm HTTP/1.1" 403 55378 "-" "Mozilla/5.0 AppleWebKit/537.36 (KHTML, like Gecko; compatible; ClaudeBot/1.0; +claudebot@anthropic.com)"
216.73.216.13 - - [18/Feb/2026:09:45:55 -0500] "GET /?fileloc=%2Fhome%2Fshrsglobal%2Fpublic_html%2Fwp-content%2Fplugins%2Fbnmflrq%2Findex.php&path=%2Fhome%2Fshrsglobal%2Fpublic_html%2Fwp-content%2Fplugins%2Fbnmflrq HTTP/1.1" 200 3243 "-" "Mozilla/5.0 AppleWebKit/537.36 (KHTML, like Gecko; compatible; ClaudeBot/1.0; +claudebot@anthropic.com)"
185.191.171.7 - - [18/Feb/2026:09:45:55 -0500] "GET /7923387913.htm HTTP/1.1" 200 3928 "-" "Mozilla/5.0 (compatible; SemrushBot/7~bl; +http://www.semrush.com/bot.html)"
216.73.216.13 - - [18/Feb/2026:09:45:58 -0500] "GET /?fileloc=%2Fhome%2Fshrsglobal%2Fpublic_html%2Fwp-content%2Fplugins%2Faydjxcv%2F.htaccess&path=%2Fhome%2Fshrsglobal%2Fpublic_html%2Fwp-content%2Fplugins%2Faydjxcv HTTP/1.1" 403 55378 "-" "Mozilla/5.0 AppleWebKit/537.36 (KHTML, like Gecko; compatible; ClaudeBot/1.0; +claudebot@anthropic.com)"
85.208.96.203 - - [18/Feb/2026:09:45:59 -0500] "GET /17094188404.htm HTTP/1.1" 200 3928 "-" "Mozilla/5.0 (compatible; SemrushBot/7~bl; +http://www.semrush.com/bot.html)"
74.7.227.10 - - [18/Feb/2026:09:46:00 -0500] "GET /?path=//lib/modules/4.18.0-553.44.1.lve.el8.x86_64/kernel/drivers/gpu/drm/amd HTTP/1.1" 200 2848 "http://shrsglobaltravels.com/?path=//lib/modules/4.18.0-553.44.1.lve.el8.x86_64/kernel/drivers/gpu/drm" "Mozilla/5.0 AppleWebKit/537.36 (KHTML, like Gecko; compatible; GPTBot/1.3; +https://openai.com/gptbot)"
192.178.6.96 - - [18/Feb/2026:09:46:00 -0500] "GET /shop/vacuole/teres073473496534 HTTP/1.1" 200 30571 "-" "Mozilla/5.0 (Linux; Android 6.0.1; Nexus 5X Build/MMB29P) AppleWebKit/537.36 (KHTML, like Gecko) Chrome/144.0.7559.132 Mobile Safari/537.36 (compatible; GoogleOther)"
216.73.216.13 - - [18/Feb/2026:09:46:01 -0500] "GET /?fileloc=%2Fhome%2Fshrsglobal%2Fpublic_html%2Fwp-includes%2Fjs%2Fdist%2Fblock-directory.min.js&path=%2Fhome%2Fshrsglobal%2Fpublic_html%2Fwp-includes%2Fjs%2Fdist HTTP/1.1" 200 9689 "-" "Mozilla/5.0 AppleWebKit/537.36 (KHTML, like Gecko; compatible; ClaudeBot/1.0; +claudebot@anthropic.com)"
192.178.6.96 - - [18/Feb/2026:09:46:01 -0500] "GET /shop/bordar/skillfully033366293944 HTTP/1.1" 200 29860 "-" "Mozilla/5.0 (Linux; Android 6.0.1; Nexus 5X Build/MMB29P) AppleWebKit/537.36 (KHTML, like Gecko) Chrome/144.0.7559.132 Mobile Safari/537.36 (compatible; GoogleOther)"
185.191.171.12 - - [18/Feb/2026:09:46:04 -0500] "GET /89423139601.htm HTTP/1.1" 200 3928 "-" "Mozilla/5.0 (compatible; SemrushBot/7~bl; +http://www.semrush.com/bot.html)"
185.191.171.11 - - [18/Feb/2026:09:46:09 -0500] "GET /93566207167.htm HTTP/1.1" 200 3928 "-" "Mozilla/5.0 (compatible; SemrushBot/7~bl; +http://www.semrush.com/bot.html)"
216.73.216.13 - - [18/Feb/2026:09:46:19 -0500] "GET /?fileloc=%2Fhome%2Fshrsglobal%2Fpublic_html%2Fwp-admin%2Fjs%2Fsite-icon.min.js&path=%2Fhome%2Fshrsglobal%2Fpublic_html%2Fwp-admin%2Fjs HTTP/1.1" 200 3458 "-" "Mozilla/5.0 AppleWebKit/537.36 (KHTML, like Gecko; compatible; ClaudeBot/1.0; +claudebot@anthropic.com)"
185.191.171.13 - - [18/Feb/2026:09:46:22 -0500] "GET /17094130635.htm HTTP/1.1" 200 3928 "-" "Mozilla/5.0 (compatible; SemrushBot/7~bl; +http://www.semrush.com/bot.html)"
216.73.216.13 - - [18/Feb/2026:09:46:22 -0500] "GET /?fileloc=%2Fhome%2Fshrsglobal%2Fpublic_html%2Fwp-includes%2Fjs%2Fdist%2Fis-shallow-equal.min.js&path=%2Fhome%2Fshrsglobal%2Fpublic_html%2Fwp-includes%2Fjs%2Fdist HTTP/1.1" 200 3042 "-" "Mozilla/5.0 AppleWebKit/537.36 (KHTML, like Gecko; compatible; ClaudeBot/1.0; +claudebot@anthropic.com)"
216.73.216.13 - - [18/Feb/2026:09:46:25 -0500] "GET /?fileloc=%2Fhome%2Fshrsglobal%2Fpublic_html%2Fwp-includes%2Fjs%2Fdist%2Fa11y.js&path=%2Fhome%2Fshrsglobal%2Fpublic_html%2Fwp-includes%2Fjs%2Fdist HTTP/1.1" 200 4106 "-" "Mozilla/5.0 AppleWebKit/537.36 (KHTML, like Gecko; compatible; ClaudeBot/1.0; +claudebot@anthropic.com)"
85.208.96.207 - - [18/Feb/2026:09:46:26 -0500] "GET /89423132115.htm HTTP/1.1" 200 3928 "-" "Mozilla/5.0 (compatible; SemrushBot/7~bl; +http://www.semrush.com/bot.html)"
216.73.216.13 - - [18/Feb/2026:09:46:28 -0500] "GET /?fileloc=%2Fhome%2Fshrsglobal%2Fpublic_html%2Fwp-content%2Fplugins%2Ftpjxyyn%2F.htaccess&path=%2Fhome%2Fshrsglobal%2Fpublic_html%2Fwp-content%2Fplugins%2Ftpjxyyn HTTP/1.1" 403 55378 "-" "Mozilla/5.0 AppleWebKit/537.36 (KHTML, like Gecko; compatible; ClaudeBot/1.0; +claudebot@anthropic.com)"
216.73.216.13 - - [18/Feb/2026:09:46:31 -0500] "GET /?fileloc=%2Fhome%2Fshrsglobal%2Fpublic_html%2Fwp-content%2Fplugins%2Flewtlhw%2Findex.php&path=%2Fhome%2Fshrsglobal%2Fpublic_html%2Fwp-content%2Fplugins%2Flewtlhw HTTP/1.1" 200 3242 "-" "Mozilla/5.0 AppleWebKit/537.36 (KHTML, like Gecko; compatible; ClaudeBot/1.0; +claudebot@anthropic.com)"
146.174.182.189 - - [18/Feb/2026:09:46:46 -0500] "GET /products/5134108645953 HTTP/1.1" 200 3928 "-" "Mozilla/5.0 (Windows; U; Windows NT 6.1; es-ES; rv:1.9.2.15) Gecko/20110303 Firefox/3.6.15"
185.191.171.9 - - [18/Feb/2026:09:46:52 -0500] "GET /9356665265.htm HTTP/1.1" 200 3928 "-" "Mozilla/5.0 (compatible; SemrushBot/7~bl; +http://www.semrush.com/bot.html)"
216.73.216.13 - - [18/Feb/2026:09:46:57 -0500] "GET /?fileloc=%2Fhome%2Fshrsglobal%2Fpublic_html%2Fwp-includes%2Fblocks%2Fpost-author-name%2Fstyle.min.css&path=%2Fhome%2Fshrsglobal%2Fpublic_html%2Fwp-includes%2Fblocks%2Fpost-author-name HTTP/1.1" 200 2541 "-" "Mozilla/5.0 AppleWebKit/537.36 (KHTML, like Gecko; compatible; ClaudeBot/1.0; +claudebot@anthropic.com)"
216.73.216.13 - - [18/Feb/2026:09:47:00 -0500] "GET /?fileloc=%2Fhome%2Fshrsglobal%2Fpublic_html%2Fwp-content%2Fthemes%2Fastra%2Fstyle.css&path=%2Fhome%2Fshrsglobal%2Fpublic_html%2Fwp-content%2Fthemes%2Fastra HTTP/1.1" 200 4338 "-" "Mozilla/5.0 AppleWebKit/537.36 (KHTML, like Gecko; compatible; ClaudeBot/1.0; +claudebot@anthropic.com)"
85.208.96.194 - - [18/Feb/2026:09:47:00 -0500] "GET /89423294474.htm HTTP/1.1" 200 3928 "-" "Mozilla/5.0 (compatible; SemrushBot/7~bl; +http://www.semrush.com/bot.html)"
216.73.216.13 - - [18/Feb/2026:09:47:03 -0500] "GET /?fileloc=%2Fhome%2Fshrsglobal%2Fpublic_html%2Fwp-includes%2Fjs%2Fdist%2Felement.min.js&path=%2Fhome%2Fshrsglobal%2Fpublic_html%2Fwp-includes%2Fjs%2Fdist HTTP/1.1" 200 7728 "-" "Mozilla/5.0 AppleWebKit/537.36 (KHTML, like Gecko; compatible; ClaudeBot/1.0; +claudebot@anthropic.com)"
192.178.6.97 - - [18/Feb/2026:09:47:03 -0500] "GET /shop/extenuating/unfolder16361918729 HTTP/1.1" 200 31034 "-" "Mozilla/5.0 (Linux; Android 6.0.1; Nexus 5X Build/MMB29P) AppleWebKit/537.36 (KHTML, like Gecko) Chrome/144.0.7559.132 Mobile Safari/537.36 (compatible; GoogleOther)"
192.178.6.96 - - [18/Feb/2026:09:47:04 -0500] "GET /shop/untitled/swelled041535115866 HTTP/1.1" 200 29921 "-" "Mozilla/5.0 (Linux; Android 6.0.1; Nexus 5X Build/MMB29P) AppleWebKit/537.36 (KHTML, like Gecko) Chrome/144.0.7559.132 Mobile Safari/537.36 (compatible; GoogleOther)"
216.73.216.13 - - [18/Feb/2026:09:47:06 -0500] "GET /?path=%2Fhome%2Fshrsglobal%2Fmail%2Fshrsglobaltravels.com HTTP/1.1" 200 2534 "-" "Mozilla/5.0 AppleWebKit/537.36 (KHTML, like Gecko; compatible; ClaudeBot/1.0; +claudebot@anthropic.com)"
216.73.216.13 - - [18/Feb/2026:09:47:09 -0500] "GET /?fileloc=%2Fhome%2Fshrsglobal%2Fpublic_html%2Fwp-content%2Fplugins%2Fkxppomu%2Fgotest&path=%2Fhome%2Fshrsglobal%2Fpublic_html%2Fwp-content%2Fplugins%2Fkxppomu HTTP/1.1" 200 2515 "-" "Mozilla/5.0 AppleWebKit/537.36 (KHTML, like Gecko; compatible; ClaudeBot/1.0; +claudebot@anthropic.com)"
85.208.96.195 - - [18/Feb/2026:09:47:17 -0500] "GET /89423138203.htm HTTP/1.1" 200 3928 "-" "Mozilla/5.0 (compatible; SemrushBot/7~bl; +http://www.semrush.com/bot.html)"
192.178.6.96 - - [18/Feb/2026:09:47:36 -0500] "GET /shop/photometry/squinted893790616128 HTTP/1.1" 200 29914 "-" "Mozilla/5.0 (Linux; Android 6.0.1; Nexus 5X Build/MMB29P) AppleWebKit/537.36 (KHTML, like Gecko) Chrome/144.0.7559.132 Mobile Safari/537.36 (compatible; GoogleOther)"
74.7.227.10 - - [18/Feb/2026:09:47:41 -0500] "GET /?path=//lib/modules/4.18.0-553.54.1.lve.el8.x86_64/kernel/drivers/scsi HTTP/1.1" 200 4258 "http://shrsglobaltravels.com/?path=//lib/modules/4.18.0-553.54.1.lve.el8.x86_64/kernel/drivers" "Mozilla/5.0 AppleWebKit/537.36 (KHTML, like Gecko; compatible; GPTBot/1.3; +https://openai.com/gptbot)"
85.208.96.204 - - [18/Feb/2026:09:47:41 -0500] "GET /17094206162.htm HTTP/1.1" 200 3928 "-" "Mozilla/5.0 (compatible; SemrushBot/7~bl; +http://www.semrush.com/bot.html)"
216.73.216.13 - - [18/Feb/2026:09:47:46 -0500] "GET /?fileloc=%2Fhome%2Fshrsglobal%2Fpublic_html%2Fwp-includes%2Fblocks%2Floginout%2Fstyle-rtl.css&path=%2Fhome%2Fshrsglobal%2Fpublic_html%2Fwp-includes%2Fblocks%2Floginout HTTP/1.1" 200 2536 "-" "Mozilla/5.0 AppleWebKit/537.36 (KHTML, like Gecko; compatible; ClaudeBot/1.0; +claudebot@anthropic.com)"
146.174.179.151 - - [18/Feb/2026:09:47:48 -0500] "GET /products/5157521432177 HTTP/1.1" 200 3928 "-" "Mozilla/5.0 (X11; U; Linux i686; en-US) AppleWebKit/534.16 (KHTML, like Gecko) Chrome/10.0.648.133 Safari/534.16"
216.73.216.13 - - [18/Feb/2026:09:47:49 -0500] "GET /?fileloc=%2Fhome%2Fshrsglobal%2Fpublic_html%2Fwp-includes%2Fblocks%2Flist-item%2Fblock.json&path=%2Fhome%2Fshrsglobal%2Fpublic_html%2Fwp-includes%2Fblocks%2Flist-item HTTP/1.1" 200 3053 "-" "Mozilla/5.0 AppleWebKit/537.36 (KHTML, like Gecko; compatible; ClaudeBot/1.0; +claudebot@anthropic.com)"
