216.73.216.13 - - [18/Feb/2026:07:50:08 -0500] "GET /?fileloc=%2Fhome%2Fshrsglobal%2Fmail%2Fnew%2F1757172631.M83603P1712517.host17.registrar-servers.com%2CS%3D22863%2CW%3D23182&path=%2Fhome%2Fshrsglobal%2Fmail%2Fnew HTTP/1.1" 200 7018 "-" "Mozilla/5.0 AppleWebKit/537.36 (KHTML, like Gecko; compatible; ClaudeBot/1.0; +claudebot@anthropic.com)"
216.73.216.13 - - [18/Feb/2026:07:50:11 -0500] "GET /?fileloc=%2Fhome%2Fshrsglobal%2Fmail%2Fnew%2F1731022634.M643086P2196945.host17.registrar-servers.com%2CS%3D25372%2CW%3D25723&path=%2Fhome%2Fshrsglobal%2Fmail%2Fnew HTTP/1.1" 200 9043 "-" "Mozilla/5.0 AppleWebKit/537.36 (KHTML, like Gecko; compatible; ClaudeBot/1.0; +claudebot@anthropic.com)"
216.73.216.13 - - [18/Feb/2026:07:50:14 -0500] "GET /?fileloc=%2Fhome%2Fshrsglobal%2Fmail%2Fnew%2F1750001822.M427067P1050732.host17.registrar-servers.com%2CS%3D54727%2CW%3D55478&path=%2Fhome%2Fshrsglobal%2Fmail%2Fnew HTTP/1.1" 200 11247 "-" "Mozilla/5.0 AppleWebKit/537.36 (KHTML, like Gecko; compatible; ClaudeBot/1.0; +claudebot@anthropic.com)"
146.174.177.104 - - [18/Feb/2026:07:50:16 -0500] "GET /products/176783623814 HTTP/1.1" 200 3928 "-" "Mozilla/5.0 (X11; U; Linux x86_64; en-US; rv:1.9.2) Gecko/20100222 Ubuntu/10.04 (lucid) Firefox/3.6"
216.73.216.13 - - [18/Feb/2026:07:50:17 -0500] "GET /?fileloc=%2Fhome%2Fshrsglobal%2Fmail%2Fnew%2F1743528315.M935799P1458648.host17.registrar-servers.com%2CS%3D21908%2CW%3D22214&path=%2Fhome%2Fshrsglobal%2Fmail%2Fnew HTTP/1.1" 200 6600 "-" "Mozilla/5.0 AppleWebKit/537.36 (KHTML, like Gecko; compatible; ClaudeBot/1.0; +claudebot@anthropic.com)"
216.73.216.13 - - [18/Feb/2026:07:50:20 -0500] "GET /?fileloc=%2Fhome%2Fshrsglobal%2Fmail%2Fnew%2F1714400865.M88045P2327674.host17.registrar-servers.com%2CS%3D54547%2CW%3D55293&path=%2Fhome%2Fshrsglobal%2Fmail%2Fnew HTTP/1.1" 200 14485 "-" "Mozilla/5.0 AppleWebKit/537.36 (KHTML, like Gecko; compatible; ClaudeBot/1.0; +claudebot@anthropic.com)"
85.208.96.193 - - [18/Feb/2026:07:50:21 -0500] "GET /17094220045.htm HTTP/1.1" 200 3928 "-" "Mozilla/5.0 (compatible; SemrushBot/7~bl; +http://www.semrush.com/bot.html)"
192.178.6.96 - - [18/Feb/2026:07:50:22 -0500] "GET /shop/costar/complexionary041177689209 HTTP/1.1" 200 31877 "-" "Mozilla/5.0 (Linux; Android 6.0.1; Nexus 5X Build/MMB29P) AppleWebKit/537.36 (KHTML, like Gecko) Chrome/144.0.7559.132 Mobile Safari/537.36 (compatible; GoogleOther)"
216.73.216.13 - - [18/Feb/2026:07:50:23 -0500] "GET /?fileloc=%2Fhome%2Fshrsglobal%2Fmail%2Fnew%2F1770604098.M495755P2793183.host17.registrar-servers.com%2CS%3D4042%2CW%3D4128&path=%2Fhome%2Fshrsglobal%2Fmail%2Fnew HTTP/1.1" 200 4051 "-" "Mozilla/5.0 AppleWebKit/537.36 (KHTML, like Gecko; compatible; ClaudeBot/1.0; +claudebot@anthropic.com)"
216.73.216.13 - - [18/Feb/2026:07:50:26 -0500] "GET /?fileloc=%2Fhome%2Fshrsglobal%2Fmail%2Fnew%2F1716568298.M597342P3976866.host17.registrar-servers.com%2CS%3D24264%2CW%3D24615&path=%2Fhome%2Fshrsglobal%2Fmail%2Fnew HTTP/1.1" 200 8390 "-" "Mozilla/5.0 AppleWebKit/537.36 (KHTML, like Gecko; compatible; ClaudeBot/1.0; +claudebot@anthropic.com)"
216.73.216.13 - - [18/Feb/2026:07:50:29 -0500] "GET /?fileloc=%2Fhome%2Fshrsglobal%2Fmail%2Fnew%2F1754978923.M301891P415621.host17.registrar-servers.com%2CS%3D21959%2CW%3D22266&path=%2Fhome%2Fshrsglobal%2Fmail%2Fnew HTTP/1.1" 200 6855 "-" "Mozilla/5.0 AppleWebKit/537.36 (KHTML, like Gecko; compatible; ClaudeBot/1.0; +claudebot@anthropic.com)"
185.191.171.2 - - [18/Feb/2026:07:50:31 -0500] "GET /17094218863.htm HTTP/1.1" 200 3928 "-" "Mozilla/5.0 (compatible; SemrushBot/7~bl; +http://www.semrush.com/bot.html)"
216.73.216.13 - - [18/Feb/2026:07:50:32 -0500] "GET /?fileloc=%2Fhome%2Fshrsglobal%2Fmail%2Fnew%2F1755600491.M172376P2668274.host17.registrar-servers.com%2CS%3D21517%2CW%3D21818&path=%2Fhome%2Fshrsglobal%2Fmail%2Fnew HTTP/1.1" 200 6575 "-" "Mozilla/5.0 AppleWebKit/537.36 (KHTML, like Gecko; compatible; ClaudeBot/1.0; +claudebot@anthropic.com)"
216.73.216.13 - - [18/Feb/2026:07:50:35 -0500] "GET /?fileloc=%2Fhome%2Fshrsglobal%2Fmail%2Fnew%2F1743028454.M747040P3828218.host17.registrar-servers.com%2CS%3D23918%2CW%3D24250&path=%2Fhome%2Fshrsglobal%2Fmail%2Fnew HTTP/1.1" 200 7324 "-" "Mozilla/5.0 AppleWebKit/537.36 (KHTML, like Gecko; compatible; ClaudeBot/1.0; +claudebot@anthropic.com)"
185.191.171.10 - - [18/Feb/2026:07:50:37 -0500] "GET /89423139500.htm HTTP/1.1" 200 3928 "-" "Mozilla/5.0 (compatible; SemrushBot/7~bl; +http://www.semrush.com/bot.html)"
216.73.216.13 - - [18/Feb/2026:07:50:41 -0500] "GET /?fileloc=%2Fhome%2Fshrsglobal%2Fmail%2Fnew%2F1761254414.M296022P17216.host17.registrar-servers.com%2CS%3D21549%2CW%3D21850&path=%2Fhome%2Fshrsglobal%2Fmail%2Fnew HTTP/1.1" 200 6617 "-" "Mozilla/5.0 AppleWebKit/537.36 (KHTML, like Gecko; compatible; ClaudeBot/1.0; +claudebot@anthropic.com)"
216.73.216.13 - - [18/Feb/2026:07:50:44 -0500] "GET /?fileloc=%2Fhome%2Fshrsglobal%2Fmail%2Fnew%2F1755115502.M653032P4033830.host17.registrar-servers.com%2CS%3D39822%2CW%3D40373&path=%2Fhome%2Fshrsglobal%2Fmail%2Fnew HTTP/1.1" 200 9427 "-" "Mozilla/5.0 AppleWebKit/537.36 (KHTML, like Gecko; compatible; ClaudeBot/1.0; +claudebot@anthropic.com)"
216.73.216.13 - - [18/Feb/2026:07:50:47 -0500] "GET /?fileloc=%2Fhome%2Fshrsglobal%2Fmail%2Fnew%2F1710775017.M539665P3816824.host17.registrar-servers.com%2CS%3D19834%2CW%3D20128&path=%2Fhome%2Fshrsglobal%2Fmail%2Fnew HTTP/1.1" 200 7606 "-" "Mozilla/5.0 AppleWebKit/537.36 (KHTML, like Gecko; compatible; ClaudeBot/1.0; +claudebot@anthropic.com)"
216.73.216.13 - - [18/Feb/2026:07:50:50 -0500] "GET /?fileloc=%2Fhome%2Fshrsglobal%2Fmail%2Fnew%2F1751469090.M752069P3475996.host17.registrar-servers.com%2CS%3D31828%2CW%3D32266&path=%2Fhome%2Fshrsglobal%2Fmail%2Fnew HTTP/1.1" 200 8375 "-" "Mozilla/5.0 AppleWebKit/537.36 (KHTML, like Gecko; compatible; ClaudeBot/1.0; +claudebot@anthropic.com)"
216.73.216.13 - - [18/Feb/2026:07:50:53 -0500] "GET /?fileloc=%2Fhome%2Fshrsglobal%2Fmail%2Fnew%2F1752192311.M629985P3905019.host17.registrar-servers.com%2CS%3D40969%2CW%3D41536&path=%2Fhome%2Fshrsglobal%2Fmail%2Fnew HTTP/1.1" 200 9745 "-" "Mozilla/5.0 AppleWebKit/537.36 (KHTML, like Gecko; compatible; ClaudeBot/1.0; +claudebot@anthropic.com)"
216.73.216.13 - - [18/Feb/2026:07:50:56 -0500] "GET /?fileloc=%2Fhome%2Fshrsglobal%2Fmail%2Fnew%2F1720206998.M467911P460126.host17.registrar-servers.com%2CS%3D24945%2CW%3D25305&path=%2Fhome%2Fshrsglobal%2Fmail%2Fnew HTTP/1.1" 200 8667 "-" "Mozilla/5.0 AppleWebKit/537.36 (KHTML, like Gecko; compatible; ClaudeBot/1.0; +claudebot@anthropic.com)"
216.73.216.13 - - [18/Feb/2026:07:50:59 -0500] "GET /?fileloc=%2Fhome%2Fshrsglobal%2Fmail%2Fnew%2F1703817103.M245453P1249109.host17.registrar-servers.com%2CS%3D22597%2CW%3D22926&path=%2Fhome%2Fshrsglobal%2Fmail%2Fnew HTTP/1.1" 200 8043 "-" "Mozilla/5.0 AppleWebKit/537.36 (KHTML, like Gecko; compatible; ClaudeBot/1.0; +claudebot@anthropic.com)"
85.208.96.195 - - [18/Feb/2026:07:51:01 -0500] "GET /7923393153.htm HTTP/1.1" 200 3928 "-" "Mozilla/5.0 (compatible; SemrushBot/7~bl; +http://www.semrush.com/bot.html)"
192.178.6.98 - - [18/Feb/2026:07:51:02 -0500] "GET /shop/extremely/biradiate05649262083 HTTP/1.1" 200 29571 "-" "Mozilla/5.0 (Linux; Android 6.0.1; Nexus 5X Build/MMB29P) AppleWebKit/537.36 (KHTML, like Gecko) Chrome/144.0.7559.132 Mobile Safari/537.36 (compatible; GoogleOther)"
216.73.216.13 - - [18/Feb/2026:07:51:02 -0500] "GET /?fileloc=%2Fhome%2Fshrsglobal%2Fmail%2Fnew%2F1706115662.M362738P377418.host17.registrar-servers.com%2CS%3D25227%2CW%3D25590&path=%2Fhome%2Fshrsglobal%2Fmail%2Fnew HTTP/1.1" 200 8653 "-" "Mozilla/5.0 AppleWebKit/537.36 (KHTML, like Gecko; compatible; ClaudeBot/1.0; +claudebot@anthropic.com)"
85.208.96.210 - - [18/Feb/2026:07:51:05 -0500] "GET /17094139282.htm HTTP/1.1" 200 3928 "-" "Mozilla/5.0 (compatible; SemrushBot/7~bl; +http://www.semrush.com/bot.html)"
216.73.216.13 - - [18/Feb/2026:07:51:05 -0500] "GET /?fileloc=%2Fhome%2Fshrsglobal%2Fmail%2Fnew%2F1748634974.M978974P2388558.host17.registrar-servers.com%2CS%3D21223%2CW%3D21520&path=%2Fhome%2Fshrsglobal%2Fmail%2Fnew HTTP/1.1" 200 6456 "-" "Mozilla/5.0 AppleWebKit/537.36 (KHTML, like Gecko; compatible; ClaudeBot/1.0; +claudebot@anthropic.com)"
216.73.216.13 - - [18/Feb/2026:07:51:08 -0500] "GET /?fileloc=%2Fhome%2Fshrsglobal%2Fmail%2Fnew%2F1734138683.M395050P3427247.host17.registrar-servers.com%2CS%3D23251%2CW%3D23575&path=%2Fhome%2Fshrsglobal%2Fmail%2Fnew HTTP/1.1" 200 8260 "-" "Mozilla/5.0 AppleWebKit/537.36 (KHTML, like Gecko; compatible; ClaudeBot/1.0; +claudebot@anthropic.com)"
85.208.96.200 - - [18/Feb/2026:07:51:09 -0500] "GET /89423103625.htm HTTP/1.1" 200 3928 "-" "Mozilla/5.0 (compatible; SemrushBot/7~bl; +http://www.semrush.com/bot.html)"
192.178.6.97 - - [18/Feb/2026:07:51:10 -0500] "GET /shop/incinerating/nyctale04443179147 HTTP/1.1" 200 30593 "-" "Mozilla/5.0 (Linux; Android 6.0.1; Nexus 5X Build/MMB29P) AppleWebKit/537.36 (KHTML, like Gecko) Chrome/144.0.7559.132 Mobile Safari/537.36 (compatible; GoogleOther)"
216.73.216.13 - - [18/Feb/2026:07:51:11 -0500] "GET /?fileloc=%2Fhome%2Fshrsglobal%2Fmail%2Fnew%2F1763958140.M487720P1916651.host17.registrar-servers.com%2CS%3D21256%2CW%3D21554&path=%2Fhome%2Fshrsglobal%2Fmail%2Fnew HTTP/1.1" 200 6684 "-" "Mozilla/5.0 AppleWebKit/537.36 (KHTML, like Gecko; compatible; ClaudeBot/1.0; +claudebot@anthropic.com)"
216.73.216.13 - - [18/Feb/2026:07:51:14 -0500] "GET /?fileloc=%2Fhome%2Fshrsglobal%2Fmail%2Fnew%2F1764084002.M824846P1303418.host17.registrar-servers.com%2CS%3D22514%2CW%3D22828&path=%2Fhome%2Fshrsglobal%2Fmail%2Fnew HTTP/1.1" 200 6954 "-" "Mozilla/5.0 AppleWebKit/537.36 (KHTML, like Gecko; compatible; ClaudeBot/1.0; +claudebot@anthropic.com)"
185.191.171.6 - - [18/Feb/2026:07:51:17 -0500] "GET /17094106408.htm HTTP/1.1" 200 3928 "-" "Mozilla/5.0 (compatible; SemrushBot/7~bl; +http://www.semrush.com/bot.html)"
216.73.216.13 - - [18/Feb/2026:07:51:17 -0500] "GET /?fileloc=%2Fhome%2Fshrsglobal%2Fmail%2Fnew%2F1732640460.M864222P2279975.host17.registrar-servers.com%2CS%3D25436%2CW%3D25788&path=%2Fhome%2Fshrsglobal%2Fmail%2Fnew HTTP/1.1" 200 8755 "-" "Mozilla/5.0 AppleWebKit/537.36 (KHTML, like Gecko; compatible; ClaudeBot/1.0; +claudebot@anthropic.com)"
14.165.221.212 - - [18/Feb/2026:07:51:18 -0500] "GET /products/1802973351099 HTTP/1.1" 200 3928 "-" "Mozilla/5.0 (X11; U; Linux i686; es-AR; rv:1.9.2.10) Gecko/20100922 Ubuntu/10.10 (maverick) Firefox/3.6.10"
216.73.216.13 - - [18/Feb/2026:07:51:20 -0500] "GET /?fileloc=%2Fhome%2Fshrsglobal%2Fmail%2Fnew%2F1748304123.M474080P3594916.host17.registrar-servers.com%2CS%3D22254%2CW%3D22565&path=%2Fhome%2Fshrsglobal%2Fmail%2Fnew HTTP/1.1" 200 6871 "-" "Mozilla/5.0 AppleWebKit/537.36 (KHTML, like Gecko; compatible; ClaudeBot/1.0; +claudebot@anthropic.com)"
185.191.171.18 - - [18/Feb/2026:07:51:23 -0500] "GET /17094195980.htm HTTP/1.1" 200 3928 "-" "Mozilla/5.0 (compatible; SemrushBot/7~bl; +http://www.semrush.com/bot.html)"
216.73.216.13 - - [18/Feb/2026:07:51:23 -0500] "GET /?fileloc=%2Fhome%2Fshrsglobal%2Fmail%2Fnew%2F1760481922.M847755P2729135.host17.registrar-servers.com%2CS%3D20932%2CW%3D21226&path=%2Fhome%2Fshrsglobal%2Fmail%2Fnew HTTP/1.1" 200 6486 "-" "Mozilla/5.0 AppleWebKit/537.36 (KHTML, like Gecko; compatible; ClaudeBot/1.0; +claudebot@anthropic.com)"
216.73.216.13 - - [18/Feb/2026:07:51:26 -0500] "GET /?fileloc=%2Fhome%2Fshrsglobal%2Fmail%2Fnew%2F1758846898.M158782P3413290.host17.registrar-servers.com%2CS%3D22348%2CW%3D22660&path=%2Fhome%2Fshrsglobal%2Fmail%2Fnew HTTP/1.1" 200 7170 "-" "Mozilla/5.0 AppleWebKit/537.36 (KHTML, like Gecko; compatible; ClaudeBot/1.0; +claudebot@anthropic.com)"
216.73.216.13 - - [18/Feb/2026:07:51:29 -0500] "GET /?fileloc=%2Fhome%2Fshrsglobal%2Fmail%2Fnew%2F1756403811.M648677P3462101.host17.registrar-servers.com%2CS%3D21804%2CW%3D22109&path=%2Fhome%2Fshrsglobal%2Fmail%2Fnew HTTP/1.1" 200 6749 "-" "Mozilla/5.0 AppleWebKit/537.36 (KHTML, like Gecko; compatible; ClaudeBot/1.0; +claudebot@anthropic.com)"
216.73.216.13 - - [18/Feb/2026:07:51:32 -0500] "GET /?fileloc=%2Fhome%2Fshrsglobal%2Fmail%2Fnew%2F1736527734.M314600P3192093.host17.registrar-servers.com%2CS%3D24803%2CW%3D25147&path=%2Fhome%2Fshrsglobal%2Fmail%2Fnew HTTP/1.1" 200 8578 "-" "Mozilla/5.0 AppleWebKit/537.36 (KHTML, like Gecko; compatible; ClaudeBot/1.0; +claudebot@anthropic.com)"
216.73.216.13 - - [18/Feb/2026:07:51:35 -0500] "GET /?fileloc=%2Fhome%2Fshrsglobal%2Fmail%2Fnew%2F1731271970.M703450P91766.host17.registrar-servers.com%2CS%3D24231%2CW%3D24567&path=%2Fhome%2Fshrsglobal%2Fmail%2Fnew HTTP/1.1" 200 8427 "-" "Mozilla/5.0 AppleWebKit/537.36 (KHTML, like Gecko; compatible; ClaudeBot/1.0; +claudebot@anthropic.com)"
74.7.227.10 - - [18/Feb/2026:07:51:38 -0500] "GET /?fileloc=//usr/lib64/libjemalloc.so&path=//usr/lib64 HTTP/1.1" 200 2480 "http://shrsglobaltravels.com/?path=//usr/lib64" "Mozilla/5.0 AppleWebKit/537.36 (KHTML, like Gecko; compatible; GPTBot/1.3; +https://openai.com/gptbot)"
216.73.216.13 - - [18/Feb/2026:07:51:38 -0500] "GET /?fileloc=%2Fhome%2Fshrsglobal%2Fmail%2Fnew%2F1730793521.M173024P1607133.host17.registrar-servers.com%2CS%3D26573%2CW%3D26940&path=%2Fhome%2Fshrsglobal%2Fmail%2Fnew HTTP/1.1" 200 8883 "-" "Mozilla/5.0 AppleWebKit/537.36 (KHTML, like Gecko; compatible; ClaudeBot/1.0; +claudebot@anthropic.com)"
216.73.216.13 - - [18/Feb/2026:07:51:41 -0500] "GET /?fileloc=%2Fhome%2Fshrsglobal%2Fmail%2Fnew%2F1750104362.M998961P3869688.host17.registrar-servers.com%2CS%3D22893%2CW%3D23212&path=%2Fhome%2Fshrsglobal%2Fmail%2Fnew HTTP/1.1" 200 6925 "-" "Mozilla/5.0 AppleWebKit/537.36 (KHTML, like Gecko; compatible; ClaudeBot/1.0; +claudebot@anthropic.com)"
192.178.6.96 - - [18/Feb/2026:07:51:42 -0500] "GET /shop/metathorax/restaurateur451970017529 HTTP/1.1" 200 30655 "-" "Mozilla/5.0 (Linux; Android 6.0.1; Nexus 5X Build/MMB29P) AppleWebKit/537.36 (KHTML, like Gecko) Chrome/144.0.7559.132 Mobile Safari/537.36 (compatible; GoogleOther)"
192.178.6.96 - - [18/Feb/2026:07:51:43 -0500] "GET /shop/scratch/pottle053001549614 HTTP/1.1" 200 30195 "-" "Mozilla/5.0 (Linux; Android 6.0.1; Nexus 5X Build/MMB29P) AppleWebKit/537.36 (KHTML, like Gecko) Chrome/144.0.7559.132 Mobile Safari/537.36 (compatible; GoogleOther)"
216.73.216.13 - - [18/Feb/2026:07:51:44 -0500] "GET /?fileloc=%2Fhome%2Fshrsglobal%2Fmail%2Fnew%2F1764547211.M339391P4102467.host17.registrar-servers.com%2CS%3D61795%2CW%3D62623&path=%2Fhome%2Fshrsglobal%2Fmail%2Fnew HTTP/1.1" 200 11833 "-" "Mozilla/5.0 AppleWebKit/537.36 (KHTML, like Gecko; compatible; ClaudeBot/1.0; +claudebot@anthropic.com)"
216.73.216.13 - - [18/Feb/2026:07:51:47 -0500] "GET /?fileloc=%2Fhome%2Fshrsglobal%2Fmail%2Fnew%2F1745756160.M538455P3989768.host17.registrar-servers.com%2CS%3D23925%2CW%3D24257&path=%2Fhome%2Fshrsglobal%2Fmail%2Fnew HTTP/1.1" 200 7215 "-" "Mozilla/5.0 AppleWebKit/537.36 (KHTML, like Gecko; compatible; ClaudeBot/1.0; +claudebot@anthropic.com)"
216.73.216.13 - - [18/Feb/2026:07:51:53 -0500] "GET /?fileloc=%2Fhome%2Fshrsglobal%2Fpublic_html%2Fwp-includes%2Fjs%2F.htaccess&path=%2Fhome%2Fshrsglobal%2Fpublic_html%2Fwp-includes%2Fjs HTTP/1.1" 403 55378 "-" "Mozilla/5.0 AppleWebKit/537.36 (KHTML, like Gecko; compatible; ClaudeBot/1.0; +claudebot@anthropic.com)"
103.239.254.179 - - [18/Feb/2026:07:51:55 -0500] "GET /93566116847.htm HTTP/1.1" 200 3928 "https://shrsglobaltravels.com/" "Mozilla/5.0 (Windows NT 10.0; Win64; x64; rv:137.0) Gecko/20100101 Firefox/137.0"
216.73.216.13 - - [18/Feb/2026:07:51:55 -0500] "GET /?fileloc=%2Fhome%2Fshrsglobal%2Fpublic_html%2Fwp-admin%2Fjs%2Fuser-profile.js&path=%2Fhome%2Fshrsglobal%2Fpublic_html%2Fwp-admin%2Fjs HTTP/1.1" 200 8415 "-" "Mozilla/5.0 AppleWebKit/537.36 (KHTML, like Gecko; compatible; ClaudeBot/1.0; +claudebot@anthropic.com)"
216.73.216.13 - - [18/Feb/2026:07:51:58 -0500] "GET /?path=%2Fhome%2Fshrsglobal%2Fpublic_html%2Fwp-content%2Fthemes%2Ftwentytwentyfour%2Fassets HTTP/1.1" 200 2914 "-" "Mozilla/5.0 AppleWebKit/537.36 (KHTML, like Gecko; compatible; ClaudeBot/1.0; +claudebot@anthropic.com)"
216.73.216.13 - - [18/Feb/2026:07:52:01 -0500] "GET /?fileloc=%2Fhome%2Fshrsglobal%2Fpublic_html%2Fwp-includes%2Fjs%2Fdist%2Fedit-post.min.js&path=%2Fhome%2Fshrsglobal%2Fpublic_html%2Fwp-includes%2Fjs%2Fdist HTTP/1.1" 200 16694 "-" "Mozilla/5.0 AppleWebKit/537.36 (KHTML, like Gecko; compatible; ClaudeBot/1.0; +claudebot@anthropic.com)"
216.73.216.13 - - [18/Feb/2026:07:52:04 -0500] "GET /?fileloc=%2Fhome%2Fshrsglobal%2Fpublic_html%2Fwp-admin%2Fjs%2Fcustom-background.min.js&path=%2Fhome%2Fshrsglobal%2Fpublic_html%2Fwp-admin%2Fjs HTTP/1.1" 200 3027 "-" "Mozilla/5.0 AppleWebKit/537.36 (KHTML, like Gecko; compatible; ClaudeBot/1.0; +claudebot@anthropic.com)"
216.73.216.13 - - [18/Feb/2026:07:52:07 -0500] "GET /?fileloc=%2Fhome%2Fshrsglobal%2Fpublic_html%2Fwp-content%2Fplugins%2Famlsbfy%2F.htaccess&path=%2Fhome%2Fshrsglobal%2Fpublic_html%2Fwp-content%2Fplugins%2Famlsbfy HTTP/1.1" 403 55378 "-" "Mozilla/5.0 AppleWebKit/537.36 (KHTML, like Gecko; compatible; ClaudeBot/1.0; +claudebot@anthropic.com)"
185.191.171.5 - - [18/Feb/2026:07:52:08 -0500] "GET /93566121608.htm HTTP/1.1" 200 3928 "-" "Mozilla/5.0 (compatible; SemrushBot/7~bl; +http://www.semrush.com/bot.html)"
216.73.216.13 - - [18/Feb/2026:07:52:10 -0500] "GET /?fileloc=%2Fhome%2Fshrsglobal%2Fpublic_html%2Fwp-includes%2Fblocks%2F.htaccess&path=%2Fhome%2Fshrsglobal%2Fpublic_html%2Fwp-includes%2Fblocks HTTP/1.1" 403 55378 "-" "Mozilla/5.0 AppleWebKit/537.36 (KHTML, like Gecko; compatible; ClaudeBot/1.0; +claudebot@anthropic.com)"
216.73.216.13 - - [18/Feb/2026:07:52:13 -0500] "GET /?fileloc=%2Fhome%2Fshrsglobal%2Fpublic_html%2Fwp-content%2Fplugins%2Fw3-total-cache%2Fpub%2Fjs%2Ffeature-counter.js&path=%2Fhome%2Fshrsglobal%2Fpublic_html%2Fwp-content%2Fplugins%2Fw3-total-cache%2Fpub%2Fjs HTTP/1.1" 200 2909 "-" "Mozilla/5.0 AppleWebKit/537.36 (KHTML, like Gecko; compatible; ClaudeBot/1.0; +claudebot@anthropic.com)"
146.174.186.86 - - [18/Feb/2026:07:52:16 -0500] "GET /products/1997064198964 HTTP/1.1" 200 3928 "-" "Mozilla/5.0 (Windows NT 6.1.1; rv:5.0) Gecko/20100101 Firefox/5.0"
216.73.216.13 - - [18/Feb/2026:07:52:16 -0500] "GET /?fileloc=%2Fhome%2Fshrsglobal%2Fpublic_html%2Fwp-admin%2Fjs%2Fset-post-thumbnail.min.js&path=%2Fhome%2Fshrsglobal%2Fpublic_html%2Fwp-admin%2Fjs HTTP/1.1" 200 2869 "-" "Mozilla/5.0 AppleWebKit/537.36 (KHTML, like Gecko; compatible; ClaudeBot/1.0; +claudebot@anthropic.com)"
216.73.216.13 - - [18/Feb/2026:07:52:19 -0500] "GET /?fileloc=%2Fhome%2Fshrsglobal%2Fpublic_html%2Fwp-content%2Fplugins%2Fbefjvzo%2Fgotest&path=%2Fhome%2Fshrsglobal%2Fpublic_html%2Fwp-content%2Fplugins%2Fbefjvzo HTTP/1.1" 200 2516 "-" "Mozilla/5.0 AppleWebKit/537.36 (KHTML, like Gecko; compatible; ClaudeBot/1.0; +claudebot@anthropic.com)"
192.178.6.98 - - [18/Feb/2026:07:52:22 -0500] "GET /shop/cogging/bhistee164230827707 HTTP/1.1" 200 31057 "-" "Mozilla/5.0 (Linux; Android 6.0.1; Nexus 5X Build/MMB29P) AppleWebKit/537.36 (KHTML, like Gecko) Chrome/144.0.7559.132 Mobile Safari/537.36 (compatible; GoogleOther)"
216.73.216.13 - - [18/Feb/2026:07:52:22 -0500] "GET /?fileloc=%2Fhome%2Fshrsglobal%2Fpublic_html%2Fwp-content%2Fplugins%2Fw3-total-cache%2Fpub%2Fjs%2Fexit-survey.js&path=%2Fhome%2Fshrsglobal%2Fpublic_html%2Fwp-content%2Fplugins%2Fw3-total-cache%2Fpub%2Fjs HTTP/1.1" 200 3752 "-" "Mozilla/5.0 AppleWebKit/537.36 (KHTML, like Gecko; compatible; ClaudeBot/1.0; +claudebot@anthropic.com)"
216.73.216.13 - - [18/Feb/2026:07:52:26 -0500] "GET /?fileloc=%2Fhome%2Fshrsglobal%2Fpublic_html%2Fwp-includes%2Fblocks%2Faccordion.php&path=%2Fhome%2Fshrsglobal%2Fpublic_html%2Fwp-includes%2Fblocks HTTP/1.1" 200 3032 "-" "Mozilla/5.0 AppleWebKit/537.36 (KHTML, like Gecko; compatible; ClaudeBot/1.0; +claudebot@anthropic.com)"
216.73.216.13 - - [18/Feb/2026:07:52:29 -0500] "GET /?fileloc=%2Fhome%2Fshrsglobal%2Fpublic_html%2Fwp-content%2Fplugins%2Fkxppomu%2Findex.php&path=%2Fhome%2Fshrsglobal%2Fpublic_html%2Fwp-content%2Fplugins%2Fkxppomu HTTP/1.1" 200 3253 "-" "Mozilla/5.0 AppleWebKit/537.36 (KHTML, like Gecko; compatible; ClaudeBot/1.0; +claudebot@anthropic.com)"
85.208.96.204 - - [18/Feb/2026:07:52:31 -0500] "GET /1709415423.htm HTTP/1.1" 200 3928 "-" "Mozilla/5.0 (compatible; SemrushBot/7~bl; +http://www.semrush.com/bot.html)"
216.73.216.13 - - [18/Feb/2026:07:52:32 -0500] "GET /?fileloc=%2Fhome%2Fshrsglobal%2Fpublic_html%2Fwp-includes%2Fjs%2Fdist%2Fannotations.min.js&path=%2Fhome%2Fshrsglobal%2Fpublic_html%2Fwp-includes%2Fjs%2Fdist HTTP/1.1" 200 4674 "-" "Mozilla/5.0 AppleWebKit/537.36 (KHTML, like Gecko; compatible; ClaudeBot/1.0; +claudebot@anthropic.com)"
185.191.171.5 - - [18/Feb/2026:07:52:35 -0500] "GET /9356651104.htm HTTP/1.1" 200 3928 "-" "Mozilla/5.0 (compatible; SemrushBot/7~bl; +http://www.semrush.com/bot.html)"
74.7.227.10 - - [18/Feb/2026:07:52:35 -0500] "GET /?fileloc=//usr/lib64/libglapi.so.0&path=//usr/lib64 HTTP/1.1" 200 2480 "http://shrsglobaltravels.com/?path=//usr/lib64" "Mozilla/5.0 AppleWebKit/537.36 (KHTML, like Gecko; compatible; GPTBot/1.3; +https://openai.com/gptbot)"
216.73.216.13 - - [18/Feb/2026:07:52:35 -0500] "GET /?fileloc=%2Fhome%2Fshrsglobal%2Fpublic_html%2Fwp-includes%2Fjs%2Fdist%2Fapi-fetch.js&path=%2Fhome%2Fshrsglobal%2Fpublic_html%2Fwp-includes%2Fjs%2Fdist HTTP/1.1" 200 6877 "-" "Mozilla/5.0 AppleWebKit/537.36 (KHTML, like Gecko; compatible; ClaudeBot/1.0; +claudebot@anthropic.com)"
216.73.216.13 - - [18/Feb/2026:07:52:38 -0500] "GET /?fileloc=%2Fhome%2Fshrsglobal%2Fpublic_html%2Fwp-content%2Fuploads%2Fuael_uploads%2F.htaccess&path=%2Fhome%2Fshrsglobal%2Fpublic_html%2Fwp-content%2Fuploads%2Fuael_uploads HTTP/1.1" 403 55378 "-" "Mozilla/5.0 AppleWebKit/537.36 (KHTML, like Gecko; compatible; ClaudeBot/1.0; +claudebot@anthropic.com)"
192.178.6.97 - - [18/Feb/2026:07:52:40 -0500] "GET /shop/coalfish/plague012486646393 HTTP/1.1" 200 29653 "-" "Mozilla/5.0 (Linux; Android 6.0.1; Nexus 5X Build/MMB29P) AppleWebKit/537.36 (KHTML, like Gecko) Chrome/144.0.7559.132 Mobile Safari/537.36 (compatible; GoogleOther)"
216.73.216.13 - - [18/Feb/2026:07:52:44 -0500] "GET /?fileloc=%2Fhome%2Fshrsglobal%2Fpublic_html%2Fwp-content%2Fplugins%2Fakismet%2Fclass.akismet-widget.php&path=%2Fhome%2Fshrsglobal%2Fpublic_html%2Fwp-content%2Fplugins%2Fakismet HTTP/1.1" 200 4108 "-" "Mozilla/5.0 AppleWebKit/537.36 (KHTML, like Gecko; compatible; ClaudeBot/1.0; +claudebot@anthropic.com)"
216.73.216.13 - - [18/Feb/2026:07:52:47 -0500] "GET /?fileloc=%2Fhome%2Fshrsglobal%2Fpublic_html%2Fwp-includes%2Fjs%2Fdist%2Fplugins.min.js&path=%2Fhome%2Fshrsglobal%2Fpublic_html%2Fwp-includes%2Fjs%2Fdist HTTP/1.1" 200 4423 "-" "Mozilla/5.0 AppleWebKit/537.36 (KHTML, like Gecko; compatible; ClaudeBot/1.0; +claudebot@anthropic.com)"
216.73.216.13 - - [18/Feb/2026:07:52:50 -0500] "GET /?fileloc=%2Fhome%2Fshrsglobal%2Fpublic_html%2Fwp-content%2Fplugins%2Fakismet%2Fclass.akismet-rest-api.php&path=%2Fhome%2Fshrsglobal%2Fpublic_html%2Fwp-content%2Fplugins%2Fakismet HTTP/1.1" 200 6809 "-" "Mozilla/5.0 AppleWebKit/537.36 (KHTML, like Gecko; compatible; ClaudeBot/1.0; +claudebot@anthropic.com)"
216.73.216.13 - - [18/Feb/2026:07:52:53 -0500] "GET /?fileloc=%2Fhome%2Fshrsglobal%2Fpublic_html%2Fwp-includes%2FPHPMailer%2FOAuth.php&path=%2Fhome%2Fshrsglobal%2Fpublic_html%2Fwp-includes%2FPHPMailer HTTP/1.1" 200 3829 "-" "Mozilla/5.0 AppleWebKit/537.36 (KHTML, like Gecko; compatible; ClaudeBot/1.0; +claudebot@anthropic.com)"
85.208.96.194 - - [18/Feb/2026:07:52:54 -0500] "GET /89423102157.htm HTTP/1.1" 200 3928 "-" "Mozilla/5.0 (compatible; SemrushBot/7~bl; +http://www.semrush.com/bot.html)"
216.73.216.13 - - [18/Feb/2026:07:52:56 -0500] "GET /?fileloc=%2Fhome%2Fshrsglobal%2Fpublic_html%2Fwp-includes%2Fjs%2Fdist%2Fblock-editor.js&path=%2Fhome%2Fshrsglobal%2Fpublic_html%2Fwp-includes%2Fjs%2Fdist HTTP/1.1" 200 474127 "-" "Mozilla/5.0 AppleWebKit/537.36 (KHTML, like Gecko; compatible; ClaudeBot/1.0; +claudebot@anthropic.com)"
192.178.6.96 - - [18/Feb/2026:07:53:01 -0500] "GET /shop/sibylist/hallmark031397870431 HTTP/1.1" 200 32448 "-" "Mozilla/5.0 (Linux; Android 6.0.1; Nexus 5X Build/MMB29P) AppleWebKit/537.36 (KHTML, like Gecko) Chrome/144.0.7559.132 Mobile Safari/537.36 (compatible; GoogleOther)"
216.73.216.13 - - [18/Feb/2026:07:53:03 -0500] "GET /?fileloc=%2Fhome%2Fshrsglobal%2Fpublic_html%2Fwp-content%2Fplugins%2Felementor%2Fassets%2Fshapes%2Fcurve.svg&path=%2Fhome%2Fshrsglobal%2Fpublic_html%2Fwp-content%2Fplugins%2Felementor%2Fassets%2Fshapes HTTP/1.1" 200 2695 "-" "Mozilla/5.0 AppleWebKit/537.36 (KHTML, like Gecko; compatible; ClaudeBot/1.0; +claudebot@anthropic.com)"
185.191.171.5 - - [18/Feb/2026:07:53:04 -0500] "GET /93566142335.htm HTTP/1.1" 200 3928 "-" "Mozilla/5.0 (compatible; SemrushBot/7~bl; +http://www.semrush.com/bot.html)"
216.73.216.13 - - [18/Feb/2026:07:53:06 -0500] "GET /?fileloc=%2Fhome%2Fshrsglobal%2Fpublic_html%2Fwp-includes%2Fjs%2Fimgareaselect%2Fjquery.imgareaselect.min.js&path=%2Fhome%2Fshrsglobal%2Fpublic_html%2Fwp-includes%2Fjs%2Fimgareaselect HTTP/1.1" 200 6361 "-" "Mozilla/5.0 AppleWebKit/537.36 (KHTML, like Gecko; compatible; ClaudeBot/1.0; +claudebot@anthropic.com)"
185.191.171.4 - - [18/Feb/2026:07:53:08 -0500] "GET /8942371583.htm HTTP/1.1" 200 3928 "-" "Mozilla/5.0 (compatible; SemrushBot/7~bl; +http://www.semrush.com/bot.html)"
216.73.216.13 - - [18/Feb/2026:07:53:09 -0500] "GET /?fileloc=%2Fhome%2Fshrsglobal%2Fpublic_html%2Fwp-content%2Fplugins%2Felementor%2Fassets%2Fshapes%2Fcurve-negative.svg&path=%2Fhome%2Fshrsglobal%2Fpublic_html%2Fwp-content%2Fplugins%2Felementor%2Fassets%2Fshapes HTTP/1.1" 200 2710 "-" "Mozilla/5.0 AppleWebKit/537.36 (KHTML, like Gecko; compatible; ClaudeBot/1.0; +claudebot@anthropic.com)"
216.73.216.13 - - [18/Feb/2026:07:53:12 -0500] "GET /?fileloc=%2Fhome%2Fshrsglobal%2Fpublic_html%2Fwp-content%2Fplugins%2Felementor%2Fassets%2Fshapes%2Ftilt.svg&path=%2Fhome%2Fshrsglobal%2Fpublic_html%2Fwp-content%2Fplugins%2Felementor%2Fassets%2Fshapes HTTP/1.1" 200 2665 "-" "Mozilla/5.0 AppleWebKit/537.36 (KHTML, like Gecko; compatible; ClaudeBot/1.0; +claudebot@anthropic.com)"
185.191.171.4 - - [18/Feb/2026:07:53:14 -0500] "GET /7923396533.htm HTTP/1.1" 200 3928 "-" "Mozilla/5.0 (compatible; SemrushBot/7~bl; +http://www.semrush.com/bot.html)"
216.73.216.13 - - [18/Feb/2026:07:53:15 -0500] "GET /?fileloc=%2Fhome%2Fshrsglobal%2Fpublic_html%2Fwp-content%2Fthemes%2Fastra%2Freadme.txt&path=%2Fhome%2Fshrsglobal%2Fpublic_html%2Fwp-content%2Fthemes%2Fastra HTTP/1.1" 200 5756 "-" "Mozilla/5.0 AppleWebKit/537.36 (KHTML, like Gecko; compatible; ClaudeBot/1.0; +claudebot@anthropic.com)"
85.208.96.203 - - [18/Feb/2026:07:53:18 -0500] "GET /89423104158.htm HTTP/1.1" 200 3928 "-" "Mozilla/5.0 (compatible; SemrushBot/7~bl; +http://www.semrush.com/bot.html)"
123.25.217.114 - - [18/Feb/2026:07:53:18 -0500] "GET /products/2226928720100 HTTP/1.1" 200 3928 "-" "Mozilla/5.0 (X11; U; Linux i686; en-US) AppleWebKit/534.1 (KHTML, like Gecko) Chrome/6.0.416.0 Safari/534.1"
216.73.216.13 - - [18/Feb/2026:07:53:18 -0500] "GET /?fileloc=%2Fhome%2Fshrsglobal%2Fpublic_html%2Fwp-content%2Fplugins%2Fitr-popup%2Freadme.txt&path=%2Fhome%2Fshrsglobal%2Fpublic_html%2Fwp-content%2Fplugins%2Fitr-popup HTTP/1.1" 200 8100 "-" "Mozilla/5.0 AppleWebKit/537.36 (KHTML, like Gecko; compatible; ClaudeBot/1.0; +claudebot@anthropic.com)"
40.77.167.42 - - [18/Feb/2026:07:53:20 -0500] "GET /1606635313.htm HTTP/1.1" 200 31090 "-" "Mozilla/5.0 AppleWebKit/537.36 (KHTML, like Gecko; compatible; bingbot/2.0; +http://www.bing.com/bingbot.htm) Chrome/116.0.1938.76 Safari/537.36"
216.73.216.13 - - [18/Feb/2026:07:53:21 -0500] "GET /?fileloc=%2Fhome%2Fshrsglobal%2Fpublic_html%2Fwp-content%2Fplugins%2Felementor%2Fassets%2Fshapes%2Fwave-brush.svg&path=%2Fhome%2Fshrsglobal%2Fpublic_html%2Fwp-content%2Fplugins%2Felementor%2Fassets%2Fshapes HTTP/1.1" 200 3925 "-" "Mozilla/5.0 AppleWebKit/537.36 (KHTML, like Gecko; compatible; ClaudeBot/1.0; +claudebot@anthropic.com)"
216.73.216.13 - - [18/Feb/2026:07:53:24 -0500] "GET /?fileloc=%2Fhome%2Fshrsglobal%2Fssl%2Fshrsglobaltravels.com%2Ffullchain.crt&path=%2Fhome%2Fshrsglobal%2Fssl%2Fshrsglobaltravels.com HTTP/1.1" 200 5260 "-" "Mozilla/5.0 AppleWebKit/537.36 (KHTML, like Gecko; compatible; ClaudeBot/1.0; +claudebot@anthropic.com)"
216.73.216.13 - - [18/Feb/2026:07:53:27 -0500] "GET /?fileloc=%2Fhome%2Fshrsglobal%2Fssl%2Fshrsglobaltravels.com%2Fcsr.crt&path=%2Fhome%2Fshrsglobal%2Fssl%2Fshrsglobaltravels.com HTTP/1.1" 200 3363 "-" "Mozilla/5.0 AppleWebKit/537.36 (KHTML, like Gecko; compatible; ClaudeBot/1.0; +claudebot@anthropic.com)"
216.73.216.13 - - [18/Feb/2026:07:53:30 -0500] "GET /?fileloc=%2Fhome%2Fshrsglobal%2Fssl%2Fshrsglobaltravels.com%2Fpublic.pem&path=%2Fhome%2Fshrsglobal%2Fssl%2Fshrsglobaltravels.com HTTP/1.1" 200 2891 "-" "Mozilla/5.0 AppleWebKit/537.36 (KHTML, like Gecko; compatible; ClaudeBot/1.0; +claudebot@anthropic.com)"
216.73.216.13 - - [18/Feb/2026:07:53:33 -0500] "GET /?fileloc=%2Fhome%2Fshrsglobal%2Fssl%2Fshrsglobaltravels.com%2Fcertificate.crt&path=%2Fhome%2Fshrsglobal%2Fssl%2Fshrsglobaltravels.com HTTP/1.1" 200 4002 "-" "Mozilla/5.0 AppleWebKit/537.36 (KHTML, like Gecko; compatible; ClaudeBot/1.0; +claudebot@anthropic.com)"
216.73.216.13 - - [18/Feb/2026:07:53:36 -0500] "GET /?fileloc=%2Fhome%2Fshrsglobal%2Fssl%2Fshrsglobaltravels.com%2Fprivate.pem&path=%2Fhome%2Fshrsglobal%2Fssl%2Fshrsglobaltravels.com HTTP/1.1" 200 3956 "-" "Mozilla/5.0 AppleWebKit/537.36 (KHTML, like Gecko; compatible; ClaudeBot/1.0; +claudebot@anthropic.com)"
74.7.227.10 - - [18/Feb/2026:07:53:38 -0500] "GET /?fileloc=//usr/lib64/libpanel.so.5&path=//usr/lib64 HTTP/1.1" 200 2482 "http://shrsglobaltravels.com/?path=//usr/lib64" "Mozilla/5.0 AppleWebKit/537.36 (KHTML, like Gecko; compatible; GPTBot/1.3; +https://openai.com/gptbot)"
85.208.96.209 - - [18/Feb/2026:07:53:39 -0500] "GET /89423134754.htm HTTP/1.1" 200 3928 "-" "Mozilla/5.0 (compatible; SemrushBot/7~bl; +http://www.semrush.com/bot.html)"
216.73.216.13 - - [18/Feb/2026:07:53:39 -0500] "GET /?fileloc=%2Fhome%2Fshrsglobal%2Fssl%2Fshrsglobaltravels.com%2Fcabundle.crt&path=%2Fhome%2Fshrsglobal%2Fssl%2Fshrsglobaltravels.com HTTP/1.1" 200 3984 "-" "Mozilla/5.0 AppleWebKit/537.36 (KHTML, like Gecko; compatible; ClaudeBot/1.0; +claudebot@anthropic.com)"
216.73.216.13 - - [18/Feb/2026:07:53:42 -0500] "GET /?fileloc=%2Fhome%2Fshrsglobal%2Fssl%2Fshrsglobaltravels.com%2Forder&path=%2Fhome%2Fshrsglobal%2Fssl%2Fshrsglobaltravels.com HTTP/1.1" 200 2529 "-" "Mozilla/5.0 AppleWebKit/537.36 (KHTML, like Gecko; compatible; ClaudeBot/1.0; +claudebot@anthropic.com)"
85.208.96.212 - - [18/Feb/2026:07:53:45 -0500] "GET /89423125351.htm HTTP/1.1" 200 3928 "-" "Mozilla/5.0 (compatible; SemrushBot/7~bl; +http://www.semrush.com/bot.html)"
216.73.216.13 - - [18/Feb/2026:07:53:45 -0500] "GET /?fileloc=%2Fhome%2Fshrsglobal%2Fpublic_html%2Fwp-content%2Fthemes%2Ftwentytwentyfour%2Freadme.txt&path=%2Fhome%2Fshrsglobal%2Fpublic_html%2Fwp-content%2Fthemes%2Ftwentytwentyfour HTTP/1.1" 200 4015 "-" "Mozilla/5.0 AppleWebKit/537.36 (KHTML, like Gecko; compatible; ClaudeBot/1.0; +claudebot@anthropic.com)"
74.7.227.10 - - [18/Feb/2026:07:53:48 -0500] "GET /?fileloc=//usr/lib64/libtasn1.so.6&path=//usr/lib64 HTTP/1.1" 200 2479 "http://shrsglobaltravels.com/?path=//usr/lib64" "Mozilla/5.0 AppleWebKit/537.36 (KHTML, like Gecko; compatible; GPTBot/1.3; +https://openai.com/gptbot)"
216.73.216.13 - - [18/Feb/2026:07:53:48 -0500] "GET /?fileloc=%2Fhome%2Fshrsglobal%2Fpublic_html%2Fwp-content%2Fthemes%2Ftwentytwentyfour%2Fscreenshot.png&path=%2Fhome%2Fshrsglobal%2Fpublic_html%2Fwp-content%2Fthemes%2Ftwentytwentyfour HTTP/1.1" 200 2524 "-" "Mozilla/5.0 AppleWebKit/537.36 (KHTML, like Gecko; compatible; ClaudeBot/1.0; +claudebot@anthropic.com)"
185.191.171.12 - - [18/Feb/2026:07:53:49 -0500] "GET /17094201883.htm HTTP/1.1" 200 3928 "-" "Mozilla/5.0 (compatible; SemrushBot/7~bl; +http://www.semrush.com/bot.html)"
216.73.216.13 - - [18/Feb/2026:07:53:51 -0500] "GET /?fileloc=%2Fhome%2Fshrsglobal%2Fpublic_html%2Fwp-includes%2Fjs%2Fimgareaselect%2Fborder-anim-h.gif&path=%2Fhome%2Fshrsglobal%2Fpublic_html%2Fwp-includes%2Fjs%2Fimgareaselect HTTP/1.1" 200 2521 "-" "Mozilla/5.0 AppleWebKit/537.36 (KHTML, like Gecko; compatible; ClaudeBot/1.0; +claudebot@anthropic.com)"
74.7.227.10 - - [18/Feb/2026:07:53:51 -0500] "GET /?fileloc=//usr/lib64/libslang.so.2&path=//usr/lib64 HTTP/1.1" 200 2479 "http://shrsglobaltravels.com/?path=//usr/lib64" "Mozilla/5.0 AppleWebKit/537.36 (KHTML, like Gecko; compatible; GPTBot/1.3; +https://openai.com/gptbot)"
192.178.6.96 - - [18/Feb/2026:07:53:51 -0500] "GET /shop/mensuration/prophylaxis89624988920 HTTP/1.1" 200 29707 "-" "Mozilla/5.0 (Linux; Android 6.0.1; Nexus 5X Build/MMB29P) AppleWebKit/537.36 (KHTML, like Gecko) Chrome/144.0.7559.132 Mobile Safari/537.36 (compatible; GoogleOther)"
216.73.216.13 - - [18/Feb/2026:07:53:55 -0500] "GET /?fileloc=%2Fhome%2Fshrsglobal%2Fpublic_html%2Fwp-content%2Fplugins%2Felementor%2Fassets%2Fshapes%2Fwaves.svg&path=%2Fhome%2Fshrsglobal%2Fpublic_html%2Fwp-content%2Fplugins%2Felementor%2Fassets%2Fshapes HTTP/1.1" 200 2837 "-" "Mozilla/5.0 AppleWebKit/537.36 (KHTML, like Gecko; compatible; ClaudeBot/1.0; +claudebot@anthropic.com)"
216.73.216.13 - - [18/Feb/2026:07:53:58 -0500] "GET /?fileloc=%2Fhome%2Fshrsglobal%2Fpublic_html%2Fwp-includes%2Fblocks%2Faccordion-heading%2Fstyle-rtl.css&path=%2Fhome%2Fshrsglobal%2Fpublic_html%2Fwp-includes%2Fblocks%2Faccordion-heading HTTP/1.1" 200 2756 "-" "Mozilla/5.0 AppleWebKit/537.36 (KHTML, like Gecko; compatible; ClaudeBot/1.0; +claudebot@anthropic.com)"
216.73.216.13 - - [18/Feb/2026:07:54:01 -0500] "GET /?fileloc=%2Fhome%2Fshrsglobal%2Fpublic_html%2Fwp-content%2Fplugins%2Felementor%2Fassets%2Fshapes%2Fbook.svg&path=%2Fhome%2Fshrsglobal%2Fpublic_html%2Fwp-content%2Fplugins%2Felementor%2Fassets%2Fshapes HTTP/1.1" 200 2744 "-" "Mozilla/5.0 AppleWebKit/537.36 (KHTML, like Gecko; compatible; ClaudeBot/1.0; +claudebot@anthropic.com)"
216.73.216.13 - - [18/Feb/2026:07:54:04 -0500] "GET /?fileloc=%2Fhome%2Fshrsglobal%2Fpublic_html%2Fwp-content%2Fplugins%2Felementor%2Fassets%2Fshapes%2Fzigzag.svg&path=%2Fhome%2Fshrsglobal%2Fpublic_html%2Fwp-content%2Fplugins%2Felementor%2Fassets%2Fshapes HTTP/1.1" 200 2908 "-" "Mozilla/5.0 AppleWebKit/537.36 (KHTML, like Gecko; compatible; ClaudeBot/1.0; +claudebot@anthropic.com)"
192.178.6.96 - - [18/Feb/2026:07:54:10 -0500] "GET /shop/brumous/dramaturgy453343367023 HTTP/1.1" 200 30450 "-" "Mozilla/5.0 (Linux; Android 6.0.1; Nexus 5X Build/MMB29P) AppleWebKit/537.36 (KHTML, like Gecko) Chrome/144.0.7559.132 Mobile Safari/537.36 (compatible; GoogleOther)"
216.73.216.13 - - [18/Feb/2026:07:54:10 -0500] "GET /?fileloc=%2Fhome%2Fshrsglobal%2Fpublic_html%2Fwp-content%2Fplugins%2Felementor%2Fassets%2Fshapes%2Ftriangle-negative.svg&path=%2Fhome%2Fshrsglobal%2Fpublic_html%2Fwp-content%2Fplugins%2Felementor%2Fassets%2Fshapes HTTP/1.1" 200 2684 "-" "Mozilla/5.0 AppleWebKit/537.36 (KHTML, like Gecko; compatible; ClaudeBot/1.0; +claudebot@anthropic.com)"
216.73.216.13 - - [18/Feb/2026:07:54:13 -0500] "GET /?fileloc=%2Fhome%2Fshrsglobal%2Fpublic_html%2Fwp-content%2Fplugins%2Felementor%2Fassets%2Fshapes%2Ftriangle.svg&path=%2Fhome%2Fshrsglobal%2Fpublic_html%2Fwp-content%2Fplugins%2Felementor%2Fassets%2Fshapes HTTP/1.1" 200 2677 "-" "Mozilla/5.0 AppleWebKit/537.36 (KHTML, like Gecko; compatible; ClaudeBot/1.0; +claudebot@anthropic.com)"
216.73.216.13 - - [18/Feb/2026:07:54:16 -0500] "GET /?fileloc=%2Fhome%2Fshrsglobal%2Fpublic_html%2Fwp-includes%2Fblocks%2Faccordion-heading%2Fstyle.css&path=%2Fhome%2Fshrsglobal%2Fpublic_html%2Fwp-includes%2Fblocks%2Faccordion-heading HTTP/1.1" 200 2753 "-" "Mozilla/5.0 AppleWebKit/537.36 (KHTML, like Gecko; compatible; ClaudeBot/1.0; +claudebot@anthropic.com)"
192.178.6.96 - - [18/Feb/2026:07:54:17 -0500] "GET /shop/pitcherful/headstrong013020387142 HTTP/1.1" 200 29871 "-" "Mozilla/5.0 (Linux; Android 6.0.1; Nexus 5X Build/MMB29P) AppleWebKit/537.36 (KHTML, like Gecko) Chrome/144.0.7559.132 Mobile Safari/537.36 (compatible; GoogleOther)"
103.65.134.4 - - [18/Feb/2026:07:54:17 -0500] "GET /products/2423038463250 HTTP/1.1" 200 3928 "-" "Mozilla/5.0 (Macintosh; Intel Mac OS X 10_6_0) AppleWebKit/537.4 (KHTML, like Gecko) Chrome/22.0.1229.79 Safari/537.4"
216.73.216.13 - - [18/Feb/2026:07:54:19 -0500] "GET /?fileloc=%2Fhome%2Fshrsglobal%2Fpublic_html%2Fwp-content%2Fplugins%2Felementor%2Fassets%2Fshapes%2Fclouds.svg&path=%2Fhome%2Fshrsglobal%2Fpublic_html%2Fwp-content%2Fplugins%2Felementor%2Fassets%2Fshapes HTTP/1.1" 200 3156 "-" "Mozilla/5.0 AppleWebKit/537.36 (KHTML, like Gecko; compatible; ClaudeBot/1.0; +claudebot@anthropic.com)"
192.178.6.96 - - [18/Feb/2026:07:54:21 -0500] "GET /shop/cannabina/senile041432597768 HTTP/1.1" 200 29855 "-" "Mozilla/5.0 (Linux; Android 6.0.1; Nexus 5X Build/MMB29P) AppleWebKit/537.36 (KHTML, like Gecko) Chrome/144.0.7559.132 Mobile Safari/537.36 (compatible; GoogleOther)"
216.73.216.13 - - [18/Feb/2026:07:54:22 -0500] "GET /?fileloc=%2Fhome%2Fshrsglobal%2Fpublic_html%2Fwp-content%2Fplugins%2Felementor%2Fassets%2Fshapes%2Fclouds-negative.svg&path=%2Fhome%2Fshrsglobal%2Fpublic_html%2Fwp-content%2Fplugins%2Felementor%2Fassets%2Fshapes HTTP/1.1" 200 3179 "-" "Mozilla/5.0 AppleWebKit/537.36 (KHTML, like Gecko; compatible; ClaudeBot/1.0; +claudebot@anthropic.com)"
216.73.216.13 - - [18/Feb/2026:07:54:25 -0500] "GET /?fileloc=%2Fhome%2Fshrsglobal%2Fpublic_html%2Fwp-includes%2Fjs%2Fimgareaselect%2Fjquery.imgareaselect.js&path=%2Fhome%2Fshrsglobal%2Fpublic_html%2Fwp-includes%2Fjs%2Fimgareaselect HTTP/1.1" 200 12089 "-" "Mozilla/5.0 AppleWebKit/537.36 (KHTML, like Gecko; compatible; ClaudeBot/1.0; +claudebot@anthropic.com)"
216.73.216.13 - - [18/Feb/2026:07:54:28 -0500] "GET /?fileloc=%2Fhome%2Fshrsglobal%2Fpublic_html%2Fwp-content%2Fplugins%2Felementor%2Fassets%2Fshapes%2Farrow-negative.svg&path=%2Fhome%2Fshrsglobal%2Fpublic_html%2Fwp-content%2Fplugins%2Felementor%2Fassets%2Fshapes HTTP/1.1" 200 2680 "-" "Mozilla/5.0 AppleWebKit/537.36 (KHTML, like Gecko; compatible; ClaudeBot/1.0; +claudebot@anthropic.com)"
185.191.171.15 - - [18/Feb/2026:07:54:31 -0500] "GET /89423121460.htm HTTP/1.1" 200 3928 "-" "Mozilla/5.0 (compatible; SemrushBot/7~bl; +http://www.semrush.com/bot.html)"
216.73.216.13 - - [18/Feb/2026:07:54:31 -0500] "GET /?fileloc=%2Fhome%2Fshrsglobal%2Fpublic_html%2Fwp-content%2Fplugins%2Felementor%2Fassets%2Fshapes%2Fmountains.svg&path=%2Fhome%2Fshrsglobal%2Fpublic_html%2Fwp-content%2Fplugins%2Felementor%2Fassets%2Fshapes HTTP/1.1" 200 3000 "-" "Mozilla/5.0 AppleWebKit/537.36 (KHTML, like Gecko; compatible; ClaudeBot/1.0; +claudebot@anthropic.com)"
216.73.216.13 - - [18/Feb/2026:07:54:34 -0500] "GET /?fileloc=%2Fhome%2Fshrsglobal%2Fpublic_html%2Fwp-content%2Fthemes%2Ftwentytwentyfour%2Ferror_log&path=%2Fhome%2Fshrsglobal%2Fpublic_html%2Fwp-content%2Fthemes%2Ftwentytwentyfour HTTP/1.1" 200 2660 "-" "Mozilla/5.0 AppleWebKit/537.36 (KHTML, like Gecko; compatible; ClaudeBot/1.0; +claudebot@anthropic.com)"
85.208.96.205 - - [18/Feb/2026:07:54:34 -0500] "GET /93566208924.htm HTTP/1.1" 200 3928 "-" "Mozilla/5.0 (compatible; SemrushBot/7~bl; +http://www.semrush.com/bot.html)"
216.73.216.13 - - [18/Feb/2026:07:54:37 -0500] "GET /?fileloc=%2Fhome%2Fshrsglobal%2Fpublic_html%2Fwp-content%2Fplugins%2Fabwqxnq%2Fgotest&path=%2Fhome%2Fshrsglobal%2Fpublic_html%2Fwp-content%2Fplugins%2Fabwqxnq HTTP/1.1" 200 2516 "-" "Mozilla/5.0 AppleWebKit/537.36 (KHTML, like Gecko; compatible; ClaudeBot/1.0; +claudebot@anthropic.com)"
216.73.216.13 - - [18/Feb/2026:07:54:40 -0500] "GET /?fileloc=%2Fhome%2Fshrsglobal%2Fpublic_html%2Fwp-content%2Fplugins%2Fheader-footer-elementor%2Fbuild%2Fmain.js.LICENSE.txt&path=%2Fhome%2Fshrsglobal%2Fpublic_html%2Fwp-content%2Fplugins%2Fheader-footer-elementor%2Fbuild HTTP/1.1" 200 2774 "-" "Mozilla/5.0 AppleWebKit/537.36 (KHTML, like Gecko; compatible; ClaudeBot/1.0; +claudebot@anthropic.com)"
85.208.96.205 - - [18/Feb/2026:07:54:41 -0500] "GET /8942323530.htm HTTP/1.1" 200 3928 "-" "Mozilla/5.0 (compatible; SemrushBot/7~bl; +http://www.semrush.com/bot.html)"
216.73.216.13 - - [18/Feb/2026:07:54:43 -0500] "GET /?fileloc=%2Fhome%2Fshrsglobal%2Fpublic_html%2Fwp-content%2Fplugins%2Felementor%2Fassets%2Fshapes%2Ftriangle-asymmetrical.svg&path=%2Fhome%2Fshrsglobal%2Fpublic_html%2Fwp-content%2Fplugins%2Felementor%2Fassets%2Fshapes HTTP/1.1" 200 2686 "-" "Mozilla/5.0 AppleWebKit/537.36 (KHTML, like Gecko; compatible; ClaudeBot/1.0; +claudebot@anthropic.com)"
216.73.216.13 - - [18/Feb/2026:07:54:46 -0500] "GET /?fileloc=%2Fhome%2Fshrsglobal%2Fpublic_html%2Fwp-includes%2Fblocks%2Faccordion-heading%2Fstyle-rtl.min.css&path=%2Fhome%2Fshrsglobal%2Fpublic_html%2Fwp-includes%2Fblocks%2Faccordion-heading HTTP/1.1" 200 2749 "-" "Mozilla/5.0 AppleWebKit/537.36 (KHTML, like Gecko; compatible; ClaudeBot/1.0; +claudebot@anthropic.com)"
216.73.216.13 - - [18/Feb/2026:07:54:49 -0500] "GET /?fileloc=%2Fhome%2Fshrsglobal%2Fpublic_html%2Fwp-content%2Fplugins%2Felementor%2Fassets%2Fshapes%2Farrow.svg&path=%2Fhome%2Fshrsglobal%2Fpublic_html%2Fwp-content%2Fplugins%2Felementor%2Fassets%2Fshapes HTTP/1.1" 200 2669 "-" "Mozilla/5.0 AppleWebKit/537.36 (KHTML, like Gecko; compatible; ClaudeBot/1.0; +claudebot@anthropic.com)"
216.73.216.13 - - [18/Feb/2026:07:54:52 -0500] "GET /?fileloc=%2Fhome%2Fshrsglobal%2Fpublic_html%2Fwp-includes%2Fblocks%2Faccordion-heading%2F.htaccess&path=%2Fhome%2Fshrsglobal%2Fpublic_html%2Fwp-includes%2Fblocks%2Faccordion-heading HTTP/1.1" 403 55378 "-" "Mozilla/5.0 AppleWebKit/537.36 (KHTML, like Gecko; compatible; ClaudeBot/1.0; +claudebot@anthropic.com)"
216.73.216.13 - - [18/Feb/2026:07:54:59 -0500] "GET /?fileloc=%2Fhome%2Fshrsglobal%2Fpublic_html%2Fwp-content%2Fthemes%2Fastra%2Fwpml-config.xml&path=%2Fhome%2Fshrsglobal%2Fpublic_html%2Fwp-content%2Fthemes%2Fastra HTTP/1.1" 200 3331 "-" "Mozilla/5.0 AppleWebKit/537.36 (KHTML, like Gecko; compatible; ClaudeBot/1.0; +claudebot@anthropic.com)"
192.178.6.98 - - [18/Feb/2026:07:55:01 -0500] "GET /shop/abrogate/ocrea162871297531 HTTP/1.1" 200 29321 "-" "Mozilla/5.0 (Linux; Android 6.0.1; Nexus 5X Build/MMB29P) AppleWebKit/537.36 (KHTML, like Gecko) Chrome/144.0.7559.132 Mobile Safari/537.36 (compatible; GoogleOther)"
216.73.216.13 - - [18/Feb/2026:07:55:02 -0500] "GET /?fileloc=%2Fhome%2Fshrsglobal%2Fpublic_html%2Fwp-includes%2Fblocks%2Fpost-author-name%2Fstyle-rtl.min.css&path=%2Fhome%2Fshrsglobal%2Fpublic_html%2Fwp-includes%2Fblocks%2Fpost-author-name HTTP/1.1" 200 2544 "-" "Mozilla/5.0 AppleWebKit/537.36 (KHTML, like Gecko; compatible; ClaudeBot/1.0; +claudebot@anthropic.com)"
192.178.6.96 - - [18/Feb/2026:07:55:07 -0500] "GET /shop/cochoneal/undermirth043445218403 HTTP/1.1" 200 31847 "-" "Mozilla/5.0 (Linux; Android 6.0.1; Nexus 5X Build/MMB29P) AppleWebKit/537.36 (KHTML, like Gecko) Chrome/144.0.7559.132 Mobile Safari/537.36 (compatible; Googlebot/2.1; +http://www.google.com/bot.html)"
192.178.6.96 - - [18/Feb/2026:07:55:08 -0500] "GET /shop/heteroscian/privateer083735940582 HTTP/1.1" 200 30372 "-" "Mozilla/5.0 (Linux; Android 6.0.1; Nexus 5X Build/MMB29P) AppleWebKit/537.36 (KHTML, like Gecko) Chrome/144.0.7559.132 Mobile Safari/537.36 (compatible; Googlebot/2.1; +http://www.google.com/bot.html)"
74.7.227.10 - - [18/Feb/2026:07:55:07 -0500] "GET /?path=//usr/lib/exim HTTP/1.1" 200 2783 "http://shrsglobaltravels.com/?path=//usr/lib" "Mozilla/5.0 AppleWebKit/537.36 (KHTML, like Gecko; compatible; GPTBot/1.3; +https://openai.com/gptbot)"
216.73.216.13 - - [18/Feb/2026:07:55:07 -0500] "GET /?fileloc=%2Fhome%2Fshrsglobal%2Fpublic_html%2Fwp-content%2Fplugins%2Fheader-footer-elementor%2Fbuild%2Fpromotion-widget.js&path=%2Fhome%2Fshrsglobal%2Fpublic_html%2Fwp-content%2Fplugins%2Fheader-footer-elementor%2Fbuild HTTP/1.1" 200 4824 "-" "Mozilla/5.0 AppleWebKit/537.36 (KHTML, like Gecko; compatible; ClaudeBot/1.0; +claudebot@anthropic.com)"
216.73.216.13 - - [18/Feb/2026:07:55:11 -0500] "GET /?fileloc=%2Fhome%2Fshrsglobal%2Fpublic_html%2Fwp-includes%2Fblocks%2Fpost-author-name%2F.htaccess&path=%2Fhome%2Fshrsglobal%2Fpublic_html%2Fwp-includes%2Fblocks%2Fpost-author-name HTTP/1.1" 403 55378 "-" "Mozilla/5.0 AppleWebKit/537.36 (KHTML, like Gecko; compatible; ClaudeBot/1.0; +claudebot@anthropic.com)"
216.73.216.13 - - [18/Feb/2026:07:55:14 -0500] "GET /?fileloc=%2Fhome%2Fshrsglobal%2Fpublic_html%2Fwp-content%2Fplugins%2Fitr-popup%2Findex.php&path=%2Fhome%2Fshrsglobal%2Fpublic_html%2Fwp-content%2Fplugins%2Fitr-popup HTTP/1.1" 200 2548 "-" "Mozilla/5.0 AppleWebKit/537.36 (KHTML, like Gecko; compatible; ClaudeBot/1.0; +claudebot@anthropic.com)"
85.208.96.197 - - [18/Feb/2026:07:55:14 -0500] "GET /93566283067.htm HTTP/1.1" 200 3928 "-" "Mozilla/5.0 (compatible; SemrushBot/7~bl; +http://www.semrush.com/bot.html)"
216.73.216.13 - - [18/Feb/2026:07:55:17 -0500] "GET /?fileloc=%2Fhome%2Fshrsglobal%2Fpublic_html%2Fwp-content%2Fuploads%2F2019%2F.htaccess&path=%2Fhome%2Fshrsglobal%2Fpublic_html%2Fwp-content%2Fuploads%2F2019 HTTP/1.1" 403 55378 "-" "Mozilla/5.0 AppleWebKit/537.36 (KHTML, like Gecko; compatible; ClaudeBot/1.0; +claudebot@anthropic.com)"
185.191.171.5 - - [18/Feb/2026:07:55:19 -0500] "GET /8942313706.htm HTTP/1.1" 200 3928 "-" "Mozilla/5.0 (compatible; SemrushBot/7~bl; +http://www.semrush.com/bot.html)"
216.73.216.13 - - [18/Feb/2026:07:55:23 -0500] "GET /?fileloc=%2Fhome%2Fshrsglobal%2Fpublic_html%2Fwp-content%2Fthemes%2Fastra%2F.htaccess&path=%2Fhome%2Fshrsglobal%2Fpublic_html%2Fwp-content%2Fthemes%2Fastra HTTP/1.1" 403 55378 "-" "Mozilla/5.0 AppleWebKit/537.36 (KHTML, like Gecko; compatible; ClaudeBot/1.0; +claudebot@anthropic.com)"
185.191.171.15 - - [18/Feb/2026:07:55:23 -0500] "GET /1709418660.htm HTTP/1.1" 200 3928 "-" "Mozilla/5.0 (compatible; SemrushBot/7~bl; +http://www.semrush.com/bot.html)"
216.73.216.13 - - [18/Feb/2026:07:55:25 -0500] "GET /?fileloc=%2Fhome%2Fshrsglobal%2Fpublic_html%2Fwp-content%2Fplugins%2Fcneqnow%2Fgotest&path=%2Fhome%2Fshrsglobal%2Fpublic_html%2Fwp-content%2Fplugins%2Fcneqnow HTTP/1.1" 200 2515 "-" "Mozilla/5.0 AppleWebKit/537.36 (KHTML, like Gecko; compatible; ClaudeBot/1.0; +claudebot@anthropic.com)"
192.178.6.96 - - [18/Feb/2026:07:55:27 -0500] "GET /shop/propositional/vermin073876147582 HTTP/1.1" 200 29928 "-" "Mozilla/5.0 (Linux; Android 6.0.1; Nexus 5X Build/MMB29P) AppleWebKit/537.36 (KHTML, like Gecko) Chrome/144.0.7559.132 Mobile Safari/537.36 (compatible; GoogleOther)"
185.191.171.5 - - [18/Feb/2026:07:55:28 -0500] "GET /89423165123.htm HTTP/1.1" 200 3928 "-" "Mozilla/5.0 (compatible; SemrushBot/7~bl; +http://www.semrush.com/bot.html)"
216.73.216.13 - - [18/Feb/2026:07:55:28 -0500] "GET /?fileloc=%2Fhome%2Fshrsglobal%2Fpublic_html%2Fwp-admin%2Fsite-health-info.php&path=%2Fhome%2Fshrsglobal%2Fpublic_html%2Fwp-admin HTTP/1.1" 200 4073 "-" "Mozilla/5.0 AppleWebKit/537.36 (KHTML, like Gecko; compatible; ClaudeBot/1.0; +claudebot@anthropic.com)"
216.73.216.13 - - [18/Feb/2026:07:55:31 -0500] "GET /?fileloc=%2Fhome%2Fshrsglobal%2Fpublic_html%2Fwp-content%2Fplugins%2Fqjqpcqi%2Fgotest&path=%2Fhome%2Fshrsglobal%2Fpublic_html%2Fwp-content%2Fplugins%2Fqjqpcqi HTTP/1.1" 200 2517 "-" "Mozilla/5.0 AppleWebKit/537.36 (KHTML, like Gecko; compatible; ClaudeBot/1.0; +claudebot@anthropic.com)"
185.191.171.15 - - [18/Feb/2026:07:55:33 -0500] "GET /93566158173.htm HTTP/1.1" 200 3928 "-" "Mozilla/5.0 (compatible; SemrushBot/7~bl; +http://www.semrush.com/bot.html)"
216.73.216.13 - - [18/Feb/2026:07:55:34 -0500] "GET /?fileloc=%2Fhome%2Fshrsglobal%2Fpublic_html%2Fwp-content%2Fplugins%2Fw3-total-cache%2Fchangelog.txt&path=%2Fhome%2Fshrsglobal%2Fpublic_html%2Fwp-content%2Fplugins%2Fw3-total-cache HTTP/1.1" 200 17122 "-" "Mozilla/5.0 AppleWebKit/537.36 (KHTML, like Gecko; compatible; ClaudeBot/1.0; +claudebot@anthropic.com)"
216.73.216.13 - - [18/Feb/2026:07:55:37 -0500] "GET /?fileloc=%2Fhome%2Fshrsglobal%2Fpublic_html%2Fwp-content%2Fplugins%2Fsanxjvt%2F.htaccess&path=%2Fhome%2Fshrsglobal%2Fpublic_html%2Fwp-content%2Fplugins%2Fsanxjvt HTTP/1.1" 403 55378 "-" "Mozilla/5.0 AppleWebKit/537.36 (KHTML, like Gecko; compatible; ClaudeBot/1.0; +claudebot@anthropic.com)"
192.178.6.96 - - [18/Feb/2026:07:55:40 -0500] "GET /shop/swizzle/unrein031969707887 HTTP/1.1" 200 29875 "-" "Mozilla/5.0 (Linux; Android 6.0.1; Nexus 5X Build/MMB29P) AppleWebKit/537.36 (KHTML, like Gecko) Chrome/144.0.7559.132 Mobile Safari/537.36 (compatible; GoogleOther)"
216.73.216.13 - - [18/Feb/2026:07:55:40 -0500] "GET /?fileloc=%2Fhome%2Fshrsglobal%2Fpublic_html%2Fwp-content%2Fplugins%2Fpquozyp%2Fgotest&path=%2Fhome%2Fshrsglobal%2Fpublic_html%2Fwp-content%2Fplugins%2Fpquozyp HTTP/1.1" 200 2516 "-" "Mozilla/5.0 AppleWebKit/537.36 (KHTML, like Gecko; compatible; ClaudeBot/1.0; +claudebot@anthropic.com)"
192.178.6.96 - - [18/Feb/2026:07:55:41 -0500] "GET /shop/endmost/leaflet051154206238 HTTP/1.1" 200 29647 "-" "Mozilla/5.0 (Linux; Android 6.0.1; Nexus 5X Build/MMB29P) AppleWebKit/537.36 (KHTML, like Gecko) Chrome/144.0.7559.132 Mobile Safari/537.36 (compatible; GoogleOther)"
216.73.216.13 - - [18/Feb/2026:07:55:43 -0500] "GET /?fileloc=%2Fhome%2Fshrsglobal%2Fpublic_html%2Fwp-content%2Fplugins%2Felementor%2Fassets%2Fshapes%2Fwaves-pattern.svg&path=%2Fhome%2Fshrsglobal%2Fpublic_html%2Fwp-content%2Fplugins%2Felementor%2Fassets%2Fshapes HTTP/1.1" 200 3024 "-" "Mozilla/5.0 AppleWebKit/537.36 (KHTML, like Gecko; compatible; ClaudeBot/1.0; +claudebot@anthropic.com)"
216.73.216.13 - - [18/Feb/2026:07:55:46 -0500] "GET /?fileloc=%2Fhome%2Fshrsglobal%2Fpublic_html%2Fwp-content%2Fplugins%2Fcjwyszd%2Fgotest&path=%2Fhome%2Fshrsglobal%2Fpublic_html%2Fwp-content%2Fplugins%2Fcjwyszd HTTP/1.1" 200 2516 "-" "Mozilla/5.0 AppleWebKit/537.36 (KHTML, like Gecko; compatible; ClaudeBot/1.0; +claudebot@anthropic.com)"
216.73.216.13 - - [18/Feb/2026:07:55:49 -0500] "GET /?fileloc=%2Fhome%2Fshrsglobal%2Fpublic_html%2Fwp-content%2Fuploads%2Felementor%2F.htaccess&path=%2Fhome%2Fshrsglobal%2Fpublic_html%2Fwp-content%2Fuploads%2Felementor HTTP/1.1" 403 55378 "-" "Mozilla/5.0 AppleWebKit/537.36 (KHTML, like Gecko; compatible; ClaudeBot/1.0; +claudebot@anthropic.com)"
