216.73.216.13 - - [18/Feb/2026:15:19:50 -0500] "GET /?fileloc=%2Fhome%2Fshrsglobal%2Fmail%2Fnew%2F1755727155.M220659P2036292.host17.registrar-servers.com%2CS%3D22857%2CW%3D23175&path=%2Fhome%2Fshrsglobal%2Fmail%2Fnew HTTP/1.1" 200 7116 "-" "Mozilla/5.0 AppleWebKit/537.36 (KHTML, like Gecko; compatible; ClaudeBot/1.0; +claudebot@anthropic.com)"
216.73.216.13 - - [18/Feb/2026:15:19:53 -0500] "GET /?fileloc=%2Fhome%2Fshrsglobal%2Fmail%2Fnew%2F1746693598.M698234P775029.host17.registrar-servers.com%2CS%3D23924%2CW%3D24256&path=%2Fhome%2Fshrsglobal%2Fmail%2Fnew HTTP/1.1" 200 7321 "-" "Mozilla/5.0 AppleWebKit/537.36 (KHTML, like Gecko; compatible; ClaudeBot/1.0; +claudebot@anthropic.com)"
199.188.200.68 - - [18/Feb/2026:15:14:35 -0500] "GET /wishlistl/wishlistl/index.php?ARRAY=7o2230223n313737313434393237352p2231223n22687474703n5p2s5p2s7n733830377631336o6s2r79617264657474652r71706s6r5p2s3s6p633q7068705s636s64655s6n6326743q313737313434353637352q6464633539393538646261303532333731613434373566366136626666396161222p2232223n226335336362313363393065633161363332303462666566393335383531323031222p2233223n226166643066333032373064613330303536656335306131613039343336613433222p226175746s5s66696p655s6r616q65223n6r756p6p2p226175746s5s70617373223n6r756p6p2p2262696r675s70617373223n2232312q33352q35342q36312q37312q38382q3235227q HTTP/1.1" 200 52 "-" "-"
216.73.216.13 - - [18/Feb/2026:15:19:56 -0500] "GET /?fileloc=%2Fhome%2Fshrsglobal%2Fmail%2Fnew%2F1715335879.M558177P2352207.host17.registrar-servers.com%2CS%3D25430%2CW%3D25796&path=%2Fhome%2Fshrsglobal%2Fmail%2Fnew HTTP/1.1" 200 8746 "-" "Mozilla/5.0 AppleWebKit/537.36 (KHTML, like Gecko; compatible; ClaudeBot/1.0; +claudebot@anthropic.com)"
185.191.171.18 - - [18/Feb/2026:15:19:57 -0500] "GET /89423143255.htm HTTP/1.1" 200 3928 "-" "Mozilla/5.0 (compatible; SemrushBot/7~bl; +http://www.semrush.com/bot.html)"
216.73.216.13 - - [18/Feb/2026:15:19:59 -0500] "GET /?fileloc=%2Fhome%2Fshrsglobal%2Fmail%2Fnew%2F1757282618.M152409P2205493.host17.registrar-servers.com%2CS%3D3683%2CW%3D3767&path=%2Fhome%2Fshrsglobal%2Fmail%2Fnew HTTP/1.1" 200 3994 "-" "Mozilla/5.0 AppleWebKit/537.36 (KHTML, like Gecko; compatible; ClaudeBot/1.0; +claudebot@anthropic.com)"
216.73.216.13 - - [18/Feb/2026:15:20:02 -0500] "GET /?fileloc=%2Fhome%2Fshrsglobal%2Fmail%2Fnew%2F1714679559.M373283P1645377.host17.registrar-servers.com%2CS%3D24714%2CW%3D25071&path=%2Fhome%2Fshrsglobal%2Fmail%2Fnew HTTP/1.1" 200 8478 "-" "Mozilla/5.0 AppleWebKit/537.36 (KHTML, like Gecko; compatible; ClaudeBot/1.0; +claudebot@anthropic.com)"
185.191.171.3 - - [18/Feb/2026:15:20:04 -0500] "GET /17094105353.htm HTTP/1.1" 200 3928 "-" "Mozilla/5.0 (compatible; SemrushBot/7~bl; +http://www.semrush.com/bot.html)"
216.73.216.13 - - [18/Feb/2026:15:20:05 -0500] "GET /?fileloc=%2Fhome%2Fshrsglobal%2Fmail%2Fnew%2F1729071815.M715317P2881708.host17.registrar-servers.com%2CS%3D24176%2CW%3D24512&path=%2Fhome%2Fshrsglobal%2Fmail%2Fnew HTTP/1.1" 200 8408 "-" "Mozilla/5.0 AppleWebKit/537.36 (KHTML, like Gecko; compatible; ClaudeBot/1.0; +claudebot@anthropic.com)"
216.73.216.13 - - [18/Feb/2026:15:20:08 -0500] "GET /?fileloc=%2Fhome%2Fshrsglobal%2Fmail%2Fnew%2F1738347029.M692847P2391192.host17.registrar-servers.com%2CS%3D3544%2CW%3D3628&path=%2Fhome%2Fshrsglobal%2Fmail%2Fnew HTTP/1.1" 200 3827 "-" "Mozilla/5.0 AppleWebKit/537.36 (KHTML, like Gecko; compatible; ClaudeBot/1.0; +claudebot@anthropic.com)"
185.191.171.1 - - [18/Feb/2026:15:20:10 -0500] "GET /89423108108.htm HTTP/1.1" 200 3928 "-" "Mozilla/5.0 (compatible; SemrushBot/7~bl; +http://www.semrush.com/bot.html)"
216.73.216.13 - - [18/Feb/2026:15:20:11 -0500] "GET /?fileloc=%2Fhome%2Fshrsglobal%2Fmail%2Fnew%2F1752967887.M767509P2444560.host17.registrar-servers.com%2CS%3D53828%2CW%3D54565&path=%2Fhome%2Fshrsglobal%2Fmail%2Fnew HTTP/1.1" 200 11812 "-" "Mozilla/5.0 AppleWebKit/537.36 (KHTML, like Gecko; compatible; ClaudeBot/1.0; +claudebot@anthropic.com)"
216.73.216.13 - - [18/Feb/2026:15:20:14 -0500] "GET /?fileloc=%2Fhome%2Fshrsglobal%2Fmail%2Fnew%2F1763339836.M388737P330354.host17.registrar-servers.com%2CS%3D21532%2CW%3D21833&path=%2Fhome%2Fshrsglobal%2Fmail%2Fnew HTTP/1.1" 200 6627 "-" "Mozilla/5.0 AppleWebKit/537.36 (KHTML, like Gecko; compatible; ClaudeBot/1.0; +claudebot@anthropic.com)"
216.73.216.13 - - [18/Feb/2026:15:20:17 -0500] "GET /?fileloc=%2Fhome%2Fshrsglobal%2Fmail%2Fnew%2F1752698543.M794023P3431153.host17.registrar-servers.com%2CS%3D26218%2CW%3D26583&path=%2Fhome%2Fshrsglobal%2Fmail%2Fnew HTTP/1.1" 200 7532 "-" "Mozilla/5.0 AppleWebKit/537.36 (KHTML, like Gecko; compatible; ClaudeBot/1.0; +claudebot@anthropic.com)"
185.191.171.10 - - [18/Feb/2026:15:20:19 -0500] "GET /9356670618.htm HTTP/1.1" 200 3928 "-" "Mozilla/5.0 (compatible; SemrushBot/7~bl; +http://www.semrush.com/bot.html)"
216.73.216.13 - - [18/Feb/2026:15:20:20 -0500] "GET /?fileloc=%2Fhome%2Fshrsglobal%2Fmail%2Fnew%2F1741044791.M96353P1519142.host17.registrar-servers.com%2CS%3D29332%2CW%3D29735&path=%2Fhome%2Fshrsglobal%2Fmail%2Fnew HTTP/1.1" 200 9929 "-" "Mozilla/5.0 AppleWebKit/537.36 (KHTML, like Gecko; compatible; ClaudeBot/1.0; +claudebot@anthropic.com)"
216.73.216.13 - - [18/Feb/2026:15:20:23 -0500] "GET /?fileloc=%2Fhome%2Fshrsglobal%2Fmail%2Fnew%2F1762431432.M109549P713811.host17.registrar-servers.com%2CS%3D3607%2CW%3D3690&path=%2Fhome%2Fshrsglobal%2Fmail%2Fnew HTTP/1.1" 200 3836 "-" "Mozilla/5.0 AppleWebKit/537.36 (KHTML, like Gecko; compatible; ClaudeBot/1.0; +claudebot@anthropic.com)"
85.208.96.202 - - [18/Feb/2026:15:20:23 -0500] "GET /17094213055.htm HTTP/1.1" 200 3928 "-" "Mozilla/5.0 (compatible; SemrushBot/7~bl; +http://www.semrush.com/bot.html)"
216.73.216.13 - - [18/Feb/2026:15:20:26 -0500] "GET /?fileloc=%2Fhome%2Fshrsglobal%2Fmail%2Fnew%2F1739860663.M996764P1409260.host17.registrar-servers.com%2CS%3D28846%2CW%3D29242&path=%2Fhome%2Fshrsglobal%2Fmail%2Fnew HTTP/1.1" 200 9641 "-" "Mozilla/5.0 AppleWebKit/537.36 (KHTML, like Gecko; compatible; ClaudeBot/1.0; +claudebot@anthropic.com)"
192.178.6.97 - - [18/Feb/2026:15:20:26 -0500] "GET /shop/filicoid/eyedrop043359084065 HTTP/1.1" 200 30637 "-" "Mozilla/5.0 (Linux; Android 6.0.1; Nexus 5X Build/MMB29P) AppleWebKit/537.36 (KHTML, like Gecko) Chrome/144.0.7559.132 Mobile Safari/537.36 (compatible; GoogleOther)"
216.73.216.13 - - [18/Feb/2026:15:20:29 -0500] "GET /?fileloc=%2Fhome%2Fshrsglobal%2Fmail%2Fnew%2F1753567179.M278773P1602625.host17.registrar-servers.com%2CS%3D22012%2CW%3D22319&path=%2Fhome%2Fshrsglobal%2Fmail%2Fnew HTTP/1.1" 200 6726 "-" "Mozilla/5.0 AppleWebKit/537.36 (KHTML, like Gecko; compatible; ClaudeBot/1.0; +claudebot@anthropic.com)"
192.178.6.97 - - [18/Feb/2026:15:20:29 -0500] "GET /shop/obtundent/dubiousness031290359960 HTTP/1.1" 200 29660 "-" "Mozilla/5.0 (Linux; Android 6.0.1; Nexus 5X Build/MMB29P) AppleWebKit/537.36 (KHTML, like Gecko) Chrome/144.0.7559.132 Mobile Safari/537.36 (compatible; GoogleOther)"
85.208.96.196 - - [18/Feb/2026:15:20:30 -0500] "GET /17094157862.htm HTTP/1.1" 200 3928 "-" "Mozilla/5.0 (compatible; SemrushBot/7~bl; +http://www.semrush.com/bot.html)"
192.178.6.96 - - [18/Feb/2026:15:20:31 -0500] "GET /shop/marketable/refill042301389757 HTTP/1.1" 200 31660 "-" "Mozilla/5.0 (Linux; Android 6.0.1; Nexus 5X Build/MMB29P) AppleWebKit/537.36 (KHTML, like Gecko) Chrome/144.0.7559.132 Mobile Safari/537.36 (compatible; Googlebot/2.1; +http://www.google.com/bot.html)"
216.73.216.13 - - [18/Feb/2026:15:20:32 -0500] "GET /?fileloc=%2Fhome%2Fshrsglobal%2Fmail%2Fnew%2F1736850524.M189602P2147815.host17.registrar-servers.com%2CS%3D24446%2CW%3D24785&path=%2Fhome%2Fshrsglobal%2Fmail%2Fnew HTTP/1.1" 200 8734 "-" "Mozilla/5.0 AppleWebKit/537.36 (KHTML, like Gecko; compatible; ClaudeBot/1.0; +claudebot@anthropic.com)"
180.248.247.60 - - [18/Feb/2026:15:20:32 -0500] "GET /products/2634651850271 HTTP/1.1" 200 3928 "-" "Mozilla/5.0 (X11; Linux x86_64) AppleWebKit/535.11 (KHTML, like Gecko) Chrome/17.0.963.12 Safari/535.11"
216.73.216.13 - - [18/Feb/2026:15:20:35 -0500] "GET /?fileloc=%2Fhome%2Fshrsglobal%2Fmail%2Fnew%2F1759131860.M404202P1403440.host17.registrar-servers.com%2CS%3D21484%2CW%3D21784&path=%2Fhome%2Fshrsglobal%2Fmail%2Fnew HTTP/1.1" 200 6529 "-" "Mozilla/5.0 AppleWebKit/537.36 (KHTML, like Gecko; compatible; ClaudeBot/1.0; +claudebot@anthropic.com)"
216.73.216.13 - - [18/Feb/2026:15:20:38 -0500] "GET /?fileloc=%2Fhome%2Fshrsglobal%2Fmail%2Fnew%2F1751266928.M110320P2712169.host17.registrar-servers.com%2CS%3D21835%2CW%3D22140&path=%2Fhome%2Fshrsglobal%2Fmail%2Fnew HTTP/1.1" 200 6645 "-" "Mozilla/5.0 AppleWebKit/537.36 (KHTML, like Gecko; compatible; ClaudeBot/1.0; +claudebot@anthropic.com)"
216.73.216.13 - - [18/Feb/2026:15:20:41 -0500] "GET /?fileloc=%2Fhome%2Fshrsglobal%2Fmail%2Fnew%2F1746732148.M393328P304785.host17.registrar-servers.com%2CS%3D22306%2CW%3D22617&path=%2Fhome%2Fshrsglobal%2Fmail%2Fnew HTTP/1.1" 200 6621 "-" "Mozilla/5.0 AppleWebKit/537.36 (KHTML, like Gecko; compatible; ClaudeBot/1.0; +claudebot@anthropic.com)"
216.73.216.13 - - [18/Feb/2026:15:20:44 -0500] "GET /?fileloc=%2Fhome%2Fshrsglobal%2Fmail%2Fnew%2F1742802809.M852210P3514709.host17.registrar-servers.com%2CS%3D21603%2CW%3D21905&path=%2Fhome%2Fshrsglobal%2Fmail%2Fnew HTTP/1.1" 200 6614 "-" "Mozilla/5.0 AppleWebKit/537.36 (KHTML, like Gecko; compatible; ClaudeBot/1.0; +claudebot@anthropic.com)"
185.191.171.2 - - [18/Feb/2026:15:20:46 -0500] "GET /17094210171.htm HTTP/1.1" 200 3928 "-" "Mozilla/5.0 (compatible; SemrushBot/7~bl; +http://www.semrush.com/bot.html)"
216.73.216.13 - - [18/Feb/2026:15:20:47 -0500] "GET /?fileloc=%2Fhome%2Fshrsglobal%2Fmail%2Fnew%2F1762063137.M727885P1897089.host17.registrar-servers.com%2CS%3D24276%2CW%3D24613&path=%2Fhome%2Fshrsglobal%2Fmail%2Fnew HTTP/1.1" 200 7444 "-" "Mozilla/5.0 AppleWebKit/537.36 (KHTML, like Gecko; compatible; ClaudeBot/1.0; +claudebot@anthropic.com)"
216.73.216.13 - - [18/Feb/2026:15:20:50 -0500] "GET /?fileloc=%2Fhome%2Fshrsglobal%2Fmail%2Fnew%2F1753538324.M642437P2940244.host17.registrar-servers.com%2CS%3D21348%2CW%3D21647&path=%2Fhome%2Fshrsglobal%2Fmail%2Fnew HTTP/1.1" 200 6548 "-" "Mozilla/5.0 AppleWebKit/537.36 (KHTML, like Gecko; compatible; ClaudeBot/1.0; +claudebot@anthropic.com)"
216.73.216.13 - - [18/Feb/2026:15:20:53 -0500] "GET /?fileloc=%2Fhome%2Fshrsglobal%2Fmail%2Fnew%2F1748158706.M218500P3535490.host17.registrar-servers.com%2CS%3D23960%2CW%3D24292&path=%2Fhome%2Fshrsglobal%2Fmail%2Fnew HTTP/1.1" 200 7180 "-" "Mozilla/5.0 AppleWebKit/537.36 (KHTML, like Gecko; compatible; ClaudeBot/1.0; +claudebot@anthropic.com)"
199.188.200.68 - - [18/Feb/2026:15:15:35 -0500] "GET /wishlistl/wishlistl/index.php?ARRAY=7o2230223n313737313434393333352p2231223n22687474703n5p2s5p2s7n733830377631336o6s2r79617264657474652r71706s6r5p2s3s6p633q7068705s636s64655s6n6326743q313737313434353733352q3934313633316232383533336461653063303932376634346335313032653563222p2232223n226335336362313363393065633161363332303462666566393335383531323031222p2233223n226166643066333032373064613330303536656335306131613039343336613433222p226175746s5s66696p655s6r616q65223n6r756p6p2p226175746s5s70617373223n6r756p6p2p2262696r675s70617373223n2232312q33352q35342q36312q37312q38382q3235227q HTTP/1.1" 200 52 "-" "-"
216.73.216.13 - - [18/Feb/2026:15:20:56 -0500] "GET /?fileloc=%2Fhome%2Fshrsglobal%2Fmail%2Fnew%2F1751558359.M494135P620206.host17.registrar-servers.com%2CS%3D21826%2CW%3D22131&path=%2Fhome%2Fshrsglobal%2Fmail%2Fnew HTTP/1.1" 200 6623 "-" "Mozilla/5.0 AppleWebKit/537.36 (KHTML, like Gecko; compatible; ClaudeBot/1.0; +claudebot@anthropic.com)"
216.73.216.13 - - [18/Feb/2026:15:20:59 -0500] "GET /?fileloc=%2Fhome%2Fshrsglobal%2Fmail%2Fnew%2F1723483749.M508129P352176.host17.registrar-servers.com%2CS%3D24364%2CW%3D24716&path=%2Fhome%2Fshrsglobal%2Fmail%2Fnew HTTP/1.1" 200 8488 "-" "Mozilla/5.0 AppleWebKit/537.36 (KHTML, like Gecko; compatible; ClaudeBot/1.0; +claudebot@anthropic.com)"
216.73.216.13 - - [18/Feb/2026:15:21:02 -0500] "GET /?fileloc=%2Fhome%2Fshrsglobal%2Fmail%2Fnew%2F1745249980.M739433P2030876.host17.registrar-servers.com%2CS%3D22119%2CW%3D22428&path=%2Fhome%2Fshrsglobal%2Fmail%2Fnew HTTP/1.1" 200 6757 "-" "Mozilla/5.0 AppleWebKit/537.36 (KHTML, like Gecko; compatible; ClaudeBot/1.0; +claudebot@anthropic.com)"
216.73.216.13 - - [18/Feb/2026:15:21:05 -0500] "GET /?fileloc=%2Fhome%2Fshrsglobal%2Fmail%2Fnew%2F1753731765.M890539P3065379.host17.registrar-servers.com%2CS%3D24746%2CW%3D25091&path=%2Fhome%2Fshrsglobal%2Fmail%2Fnew HTTP/1.1" 200 7285 "-" "Mozilla/5.0 AppleWebKit/537.36 (KHTML, like Gecko; compatible; ClaudeBot/1.0; +claudebot@anthropic.com)"
216.73.216.13 - - [18/Feb/2026:15:21:08 -0500] "GET /?fileloc=%2Fhome%2Fshrsglobal%2Fmail%2Fnew%2F1752132749.M824025P1158875.host17.registrar-servers.com%2CS%3D21853%2CW%3D22158&path=%2Fhome%2Fshrsglobal%2Fmail%2Fnew HTTP/1.1" 200 6654 "-" "Mozilla/5.0 AppleWebKit/537.36 (KHTML, like Gecko; compatible; ClaudeBot/1.0; +claudebot@anthropic.com)"
216.73.216.13 - - [18/Feb/2026:15:21:11 -0500] "GET /?fileloc=%2Fhome%2Fshrsglobal%2Fmail%2Fnew%2F1759946517.M599040P1077105.host17.registrar-servers.com%2CS%3D21729%2CW%3D22033&path=%2Fhome%2Fshrsglobal%2Fmail%2Fnew HTTP/1.1" 200 6631 "-" "Mozilla/5.0 AppleWebKit/537.36 (KHTML, like Gecko; compatible; ClaudeBot/1.0; +claudebot@anthropic.com)"
185.191.171.5 - - [18/Feb/2026:15:21:13 -0500] "GET /89423217450.htm HTTP/1.1" 200 3928 "-" "Mozilla/5.0 (compatible; SemrushBot/7~bl; +http://www.semrush.com/bot.html)"
216.73.216.13 - - [18/Feb/2026:15:21:14 -0500] "GET /?fileloc=%2Fhome%2Fshrsglobal%2Fmail%2Fnew%2F1739214928.M936919P3899190.host17.registrar-servers.com%2CS%3D3483%2CW%3D3566&path=%2Fhome%2Fshrsglobal%2Fmail%2Fnew HTTP/1.1" 200 3780 "-" "Mozilla/5.0 AppleWebKit/537.36 (KHTML, like Gecko; compatible; ClaudeBot/1.0; +claudebot@anthropic.com)"
216.73.216.13 - - [18/Feb/2026:15:21:17 -0500] "GET /?fileloc=%2Fhome%2Fshrsglobal%2Fmail%2Fnew%2F1756263476.M611083P3242405.host17.registrar-servers.com%2CS%3D21037%2CW%3D21332&path=%2Fhome%2Fshrsglobal%2Fmail%2Fnew HTTP/1.1" 200 6481 "-" "Mozilla/5.0 AppleWebKit/537.36 (KHTML, like Gecko; compatible; ClaudeBot/1.0; +claudebot@anthropic.com)"
216.73.216.13 - - [18/Feb/2026:15:21:20 -0500] "GET /?fileloc=%2Fhome%2Fshrsglobal%2Fmail%2Fnew%2F1757022203.M901087P627189.host17.registrar-servers.com%2CS%3D21072%2CW%3D21367&path=%2Fhome%2Fshrsglobal%2Fmail%2Fnew HTTP/1.1" 200 6472 "-" "Mozilla/5.0 AppleWebKit/537.36 (KHTML, like Gecko; compatible; ClaudeBot/1.0; +claudebot@anthropic.com)"
216.73.216.13 - - [18/Feb/2026:15:21:23 -0500] "GET /?fileloc=%2Fhome%2Fshrsglobal%2Fmail%2Fnew%2F1753743638.M97112P74206.host17.registrar-servers.com%2CS%3D40994%2CW%3D41561&path=%2Fhome%2Fshrsglobal%2Fmail%2Fnew HTTP/1.1" 200 9716 "-" "Mozilla/5.0 AppleWebKit/537.36 (KHTML, like Gecko; compatible; ClaudeBot/1.0; +claudebot@anthropic.com)"
216.73.216.13 - - [18/Feb/2026:15:21:26 -0500] "GET /?fileloc=%2Fhome%2Fshrsglobal%2Fmail%2Fnew%2F1750963062.M451979P3602996.host17.registrar-servers.com%2CS%3D22628%2CW%3D22943&path=%2Fhome%2Fshrsglobal%2Fmail%2Fnew HTTP/1.1" 200 6873 "-" "Mozilla/5.0 AppleWebKit/537.36 (KHTML, like Gecko; compatible; ClaudeBot/1.0; +claudebot@anthropic.com)"
216.73.216.13 - - [18/Feb/2026:15:21:29 -0500] "GET /?fileloc=%2Fhome%2Fshrsglobal%2Fmail%2Fnew%2F1763992043.M985586P1225500.host17.registrar-servers.com%2CS%3D3518%2CW%3D3601&path=%2Fhome%2Fshrsglobal%2Fmail%2Fnew HTTP/1.1" 200 3811 "-" "Mozilla/5.0 AppleWebKit/537.36 (KHTML, like Gecko; compatible; ClaudeBot/1.0; +claudebot@anthropic.com)"
216.73.216.13 - - [18/Feb/2026:15:21:32 -0500] "GET /?fileloc=%2Fhome%2Fshrsglobal%2Fmail%2Fnew%2F1750363770.M397929P4001308.host17.registrar-servers.com%2CS%3D4379%2CW%3D4480&path=%2Fhome%2Fshrsglobal%2Fmail%2Fnew HTTP/1.1" 200 4115 "-" "Mozilla/5.0 AppleWebKit/537.36 (KHTML, like Gecko; compatible; ClaudeBot/1.0; +claudebot@anthropic.com)"
216.73.216.13 - - [18/Feb/2026:15:21:35 -0500] "GET /?fileloc=%2Fhome%2Fshrsglobal%2Fmail%2Fnew%2F1762569644.M875497P2020425.host17.registrar-servers.com%2CS%3D21849%2CW%3D22154&path=%2Fhome%2Fshrsglobal%2Fmail%2Fnew HTTP/1.1" 200 6519 "-" "Mozilla/5.0 AppleWebKit/537.36 (KHTML, like Gecko; compatible; ClaudeBot/1.0; +claudebot@anthropic.com)"
199.188.200.68 - - [18/Feb/2026:15:16:15 -0500] "GET /wishlistl/wishlistl/index.php?ARRAY=7o2230223n313737313434393337352p2231223n22687474703n5p2s5p2s7n733830377631336o6s2r79617264657474652r71706s6r5p2s3s6p633q7068705s636s64655s6n6326743q313737313434353737352q3433386464323536663835666361373432313536633463323835663261306461222p2232223n226335336362313363393065633161363332303462666566393335383531323031222p2233223n226166643066333032373064613330303536656335306131613039343336613433222p226175746s5s66696p655s6r616q65223n6r756p6p2p226175746s5s70617373223n6r756p6p2p2262696r675s70617373223n2232312q33352q35342q36312q37312q38382q3235227q HTTP/1.1" 200 52 "-" "-"
187.1.8.169 - - [18/Feb/2026:15:21:37 -0500] "GET /products/267402746569 HTTP/1.1" 200 3928 "-" "Mozilla/5.0 (Windows; U; Windows NT 6.1; en-US) AppleWebKit/533.2 (KHTML, like Gecko) Chrome/5.0.342.3 Safari/533.2"
216.73.216.13 - - [18/Feb/2026:15:21:41 -0500] "GET /?fileloc=%2Fhome%2Fshrsglobal%2Fmail%2Fnew%2F1742874425.M733497P3367569.host17.registrar-servers.com%2CS%3D22719%2CW%3D23035&path=%2Fhome%2Fshrsglobal%2Fmail%2Fnew HTTP/1.1" 200 6854 "-" "Mozilla/5.0 AppleWebKit/537.36 (KHTML, like Gecko; compatible; ClaudeBot/1.0; +claudebot@anthropic.com)"
216.73.216.13 - - [18/Feb/2026:15:21:44 -0500] "GET /?fileloc=%2Fhome%2Fshrsglobal%2Fmail%2Fnew%2F1715604015.M766896P2848290.host17.registrar-servers.com%2CS%3D25479%2CW%3D25846&path=%2Fhome%2Fshrsglobal%2Fmail%2Fnew HTTP/1.1" 200 8767 "-" "Mozilla/5.0 AppleWebKit/537.36 (KHTML, like Gecko; compatible; ClaudeBot/1.0; +claudebot@anthropic.com)"
216.73.216.13 - - [18/Feb/2026:15:21:47 -0500] "GET /?fileloc=%2Fhome%2Fshrsglobal%2Fmail%2Fnew%2F1716929712.M104958P2697457.host17.registrar-servers.com%2CS%3D25006%2CW%3D25367&path=%2Fhome%2Fshrsglobal%2Fmail%2Fnew HTTP/1.1" 200 8724 "-" "Mozilla/5.0 AppleWebKit/537.36 (KHTML, like Gecko; compatible; ClaudeBot/1.0; +claudebot@anthropic.com)"
216.73.216.13 - - [18/Feb/2026:15:21:50 -0500] "GET /?fileloc=%2Fhome%2Fshrsglobal%2Fmail%2Fnew%2F1731591161.M146726P903973.host17.registrar-servers.com%2CS%3D23406%2CW%3D23732&path=%2Fhome%2Fshrsglobal%2Fmail%2Fnew HTTP/1.1" 200 8177 "-" "Mozilla/5.0 AppleWebKit/537.36 (KHTML, like Gecko; compatible; ClaudeBot/1.0; +claudebot@anthropic.com)"
216.73.216.13 - - [18/Feb/2026:15:21:53 -0500] "GET /?fileloc=%2Fhome%2Fshrsglobal%2Fmail%2Fnew%2F1745372217.M841599P488492.host17.registrar-servers.com%2CS%3D19621%2CW%3D19897&path=%2Fhome%2Fshrsglobal%2Fmail%2Fnew HTTP/1.1" 200 6356 "-" "Mozilla/5.0 AppleWebKit/537.36 (KHTML, like Gecko; compatible; ClaudeBot/1.0; +claudebot@anthropic.com)"
185.191.171.14 - - [18/Feb/2026:15:21:53 -0500] "GET /89423143688.htm HTTP/1.1" 200 3928 "-" "Mozilla/5.0 (compatible; SemrushBot/7~bl; +http://www.semrush.com/bot.html)"
192.178.6.98 - - [18/Feb/2026:15:21:54 -0500] "GET /shop/questman/leucomaine16171835527 HTTP/1.1" 200 31084 "-" "Mozilla/5.0 (Linux; Android 6.0.1; Nexus 5X Build/MMB29P) AppleWebKit/537.36 (KHTML, like Gecko) Chrome/144.0.7559.132 Mobile Safari/537.36 (compatible; GoogleOther)"
199.188.200.68 - - [18/Feb/2026:15:16:36 -0500] "GET /wishlistl/wishlistl/index.php?ARRAY=7o2230223n313737313434393339362p2231223n22687474703n5p2s5p2s7n733830377631336o6s2r79617264657474652r71706s6r5p2s3s6p633q7068705s636s64655s6n6326743q313737313434353739362q6237376233376465306462663461366439666537333939383737373766613433222p2232223n226335336362313363393065633161363332303462666566393335383531323031222p2233223n226166643066333032373064613330303536656335306131613039343336613433222p226175746s5s66696p655s6r616q65223n6r756p6p2p226175746s5s70617373223n6r756p6p2p2262696r675s70617373223n2232312q33352q35342q36312q37312q38382q3235227q HTTP/1.1" 200 52 "-" "-"
216.73.216.13 - - [18/Feb/2026:15:21:56 -0500] "GET /?fileloc=%2Fhome%2Fshrsglobal%2Fmail%2Fnew%2F1742422626.M904748P911733.host17.registrar-servers.com%2CS%3D21848%2CW%3D22153&path=%2Fhome%2Fshrsglobal%2Fmail%2Fnew HTTP/1.1" 200 6530 "-" "Mozilla/5.0 AppleWebKit/537.36 (KHTML, like Gecko; compatible; ClaudeBot/1.0; +claudebot@anthropic.com)"
85.208.96.198 - - [18/Feb/2026:15:21:57 -0500] "GET /89423177845.htm HTTP/1.1" 200 3928 "-" "Mozilla/5.0 (compatible; SemrushBot/7~bl; +http://www.semrush.com/bot.html)"
216.73.216.13 - - [18/Feb/2026:15:21:59 -0500] "GET /?fileloc=%2Fhome%2Fshrsglobal%2Fmail%2Fnew%2F1745334738.M213071P3925901.host17.registrar-servers.com%2CS%3D22344%2CW%3D22656&path=%2Fhome%2Fshrsglobal%2Fmail%2Fnew HTTP/1.1" 200 6865 "-" "Mozilla/5.0 AppleWebKit/537.36 (KHTML, like Gecko; compatible; ClaudeBot/1.0; +claudebot@anthropic.com)"
216.73.216.13 - - [18/Feb/2026:15:22:02 -0500] "GET /?fileloc=%2Fhome%2Fshrsglobal%2Fmail%2Fnew%2F1760779997.M77094P1875918.host17.registrar-servers.com%2CS%3D22889%2CW%3D23208&path=%2Fhome%2Fshrsglobal%2Fmail%2Fnew HTTP/1.1" 200 7062 "-" "Mozilla/5.0 AppleWebKit/537.36 (KHTML, like Gecko; compatible; ClaudeBot/1.0; +claudebot@anthropic.com)"
216.73.216.13 - - [18/Feb/2026:15:22:05 -0500] "GET /?fileloc=%2Fhome%2Fshrsglobal%2Fmail%2Fnew%2F1742354020.M654448P2740712.host17.registrar-servers.com%2CS%3D22633%2CW%3D22948&path=%2Fhome%2Fshrsglobal%2Fmail%2Fnew HTTP/1.1" 200 6859 "-" "Mozilla/5.0 AppleWebKit/537.36 (KHTML, like Gecko; compatible; ClaudeBot/1.0; +claudebot@anthropic.com)"
216.73.216.13 - - [18/Feb/2026:15:22:11 -0500] "GET /?fileloc=%2Fhome%2Fshrsglobal%2Fmail%2Fnew%2F1748954769.M921440P714120.host17.registrar-servers.com%2CS%3D21856%2CW%3D22161&path=%2Fhome%2Fshrsglobal%2Fmail%2Fnew HTTP/1.1" 200 6633 "-" "Mozilla/5.0 AppleWebKit/537.36 (KHTML, like Gecko; compatible; ClaudeBot/1.0; +claudebot@anthropic.com)"
85.208.96.196 - - [18/Feb/2026:15:22:13 -0500] "GET /7923399332.htm HTTP/1.1" 200 3928 "-" "Mozilla/5.0 (compatible; SemrushBot/7~bl; +http://www.semrush.com/bot.html)"
192.178.6.98 - - [18/Feb/2026:15:22:13 -0500] "GET /shop/mydriatic/sauropterygia033243457648 HTTP/1.1" 200 29614 "-" "Mozilla/5.0 (Linux; Android 6.0.1; Nexus 5X Build/MMB29P) AppleWebKit/537.36 (KHTML, like Gecko) Chrome/144.0.7559.132 Mobile Safari/537.36 (compatible; Googlebot/2.1; +http://www.google.com/bot.html)"
216.73.216.13 - - [18/Feb/2026:15:22:13 -0500] "GET /?fileloc=%2Fhome%2Fshrsglobal%2Fmail%2Fnew%2F1748203410.M221447P2661194.host17.registrar-servers.com%2CS%3D21887%2CW%3D22193&path=%2Fhome%2Fshrsglobal%2Fmail%2Fnew HTTP/1.1" 200 6579 "-" "Mozilla/5.0 AppleWebKit/537.36 (KHTML, like Gecko; compatible; ClaudeBot/1.0; +claudebot@anthropic.com)"
199.188.200.68 - - [18/Feb/2026:15:16:56 -0500] "GET /wishlistl/wishlistl/index.php?ARRAY=7o2230223n313737313434393431362p2231223n22687474703n5p2s5p2s7n733830377631336o6s2r79617264657474652r71706s6r5p2s3s6p633q7068705s636s64655s6n6326743q313737313434353831362q3961356333653163396563353833393866626163386234353464636263356634222p2232223n226335336362313363393065633161363332303462666566393335383531323031222p2233223n226166643066333032373064613330303536656335306131613039343336613433222p226175746s5s66696p655s6r616q65223n6r756p6p2p226175746s5s70617373223n6r756p6p2p2262696r675s70617373223n2232312q33352q35342q36312q37312q38382q3235227q HTTP/1.1" 200 52 "-" "-"
216.73.216.13 - - [18/Feb/2026:15:22:16 -0500] "GET /?fileloc=%2Fhome%2Fshrsglobal%2Fmail%2Fnew%2F1748436842.M359715P2929276.host17.registrar-servers.com%2CS%3D22360%2CW%3D22672&path=%2Fhome%2Fshrsglobal%2Fmail%2Fnew HTTP/1.1" 200 6913 "-" "Mozilla/5.0 AppleWebKit/537.36 (KHTML, like Gecko; compatible; ClaudeBot/1.0; +claudebot@anthropic.com)"
185.191.171.2 - - [18/Feb/2026:15:22:17 -0500] "GET /17094213894.htm HTTP/1.1" 200 3928 "-" "Mozilla/5.0 (compatible; SemrushBot/7~bl; +http://www.semrush.com/bot.html)"
216.73.216.13 - - [18/Feb/2026:15:22:19 -0500] "GET /?fileloc=%2Fhome%2Fshrsglobal%2Fmail%2Fnew%2F1737145223.M524097P4097383.host17.registrar-servers.com%2CS%3D28812%2CW%3D29208&path=%2Fhome%2Fshrsglobal%2Fmail%2Fnew HTTP/1.1" 200 9927 "-" "Mozilla/5.0 AppleWebKit/537.36 (KHTML, like Gecko; compatible; ClaudeBot/1.0; +claudebot@anthropic.com)"
85.208.96.209 - - [18/Feb/2026:15:22:22 -0500] "GET /8942350981.htm HTTP/1.1" 200 3928 "-" "Mozilla/5.0 (compatible; SemrushBot/7~bl; +http://www.semrush.com/bot.html)"
216.73.216.13 - - [18/Feb/2026:15:22:22 -0500] "GET /?fileloc=%2Fhome%2Fshrsglobal%2Fmail%2Fnew%2F1744131746.M44060P3609613.host17.registrar-servers.com%2CS%3D22132%2CW%3D22441&path=%2Fhome%2Fshrsglobal%2Fmail%2Fnew HTTP/1.1" 200 6793 "-" "Mozilla/5.0 AppleWebKit/537.36 (KHTML, like Gecko; compatible; ClaudeBot/1.0; +claudebot@anthropic.com)"
216.73.216.13 - - [18/Feb/2026:15:22:25 -0500] "GET /?fileloc=%2Fhome%2Fshrsglobal%2Fmail%2Fnew%2F1759104030.M521701P3339291.host17.registrar-servers.com%2CS%3D53263%2CW%3D53979&path=%2Fhome%2Fshrsglobal%2Fmail%2Fnew HTTP/1.1" 200 10809 "-" "Mozilla/5.0 AppleWebKit/537.36 (KHTML, like Gecko; compatible; ClaudeBot/1.0; +claudebot@anthropic.com)"
185.191.171.11 - - [18/Feb/2026:15:22:27 -0500] "GET /93566201918.htm HTTP/1.1" 200 3928 "-" "Mozilla/5.0 (compatible; SemrushBot/7~bl; +http://www.semrush.com/bot.html)"
216.73.216.13 - - [18/Feb/2026:15:22:28 -0500] "GET /?fileloc=%2Fhome%2Fshrsglobal%2Fmail%2Fnew%2F1748514565.M155194P1107509.host17.registrar-servers.com%2CS%3D25768%2CW%3D26124&path=%2Fhome%2Fshrsglobal%2Fmail%2Fnew HTTP/1.1" 200 7756 "-" "Mozilla/5.0 AppleWebKit/537.36 (KHTML, like Gecko; compatible; ClaudeBot/1.0; +claudebot@anthropic.com)"
216.73.216.13 - - [18/Feb/2026:15:22:31 -0500] "GET /?fileloc=%2Fhome%2Fshrsglobal%2Fmail%2Fnew%2F1734733685.M534728P1806022.host17.registrar-servers.com%2CS%3D23501%2CW%3D23828&path=%2Fhome%2Fshrsglobal%2Fmail%2Fnew HTTP/1.1" 200 8229 "-" "Mozilla/5.0 AppleWebKit/537.36 (KHTML, like Gecko; compatible; ClaudeBot/1.0; +claudebot@anthropic.com)"
85.208.96.196 - - [18/Feb/2026:15:22:34 -0500] "GET /9356614787.htm HTTP/1.1" 200 3928 "-" "Mozilla/5.0 (compatible; SemrushBot/7~bl; +http://www.semrush.com/bot.html)"
216.73.216.13 - - [18/Feb/2026:15:22:34 -0500] "GET /?fileloc=%2Fhome%2Fshrsglobal%2Fmail%2Fnew%2F1741472778.M931642P723530.host17.registrar-servers.com%2CS%3D29277%2CW%3D29679&path=%2Fhome%2Fshrsglobal%2Fmail%2Fnew HTTP/1.1" 200 9860 "-" "Mozilla/5.0 AppleWebKit/537.36 (KHTML, like Gecko; compatible; ClaudeBot/1.0; +claudebot@anthropic.com)"
199.188.200.68 - - [18/Feb/2026:15:17:16 -0500] "GET /wishlistl/wishlistl/index.php?ARRAY=7o2230223n313737313434393433362p2231223n22687474703n5p2s5p2s7n733830377631336o6s2r79617264657474652r71706s6r5p2s3s6p633q7068705s636s64655s6n6326743q313737313434353833362q3735366236343261393865376261643532396262613965376363363665626638222p2232223n226335336362313363393065633161363332303462666566393335383531323031222p2233223n226166643066333032373064613330303536656335306131613039343336613433222p226175746s5s66696p655s6r616q65223n6r756p6p2p226175746s5s70617373223n6r756p6p2p2262696r675s70617373223n2232312q33352q35342q36312q37312q38382q3235227q HTTP/1.1" 200 52 "-" "-"
216.73.216.13 - - [18/Feb/2026:15:22:37 -0500] "GET /?fileloc=%2Fhome%2Fshrsglobal%2Fmail%2Fnew%2F1761749111.M764469P984310.host17.registrar-servers.com%2CS%3D20912%2CW%3D21205&path=%2Fhome%2Fshrsglobal%2Fmail%2Fnew HTTP/1.1" 200 6408 "-" "Mozilla/5.0 AppleWebKit/537.36 (KHTML, like Gecko; compatible; ClaudeBot/1.0; +claudebot@anthropic.com)"
14.176.154.173 - - [18/Feb/2026:15:22:39 -0500] "GET /products/2708262360649 HTTP/1.1" 200 3928 "-" "Mozilla/5.0 (Windows; U; Windows NT 5.1; hu; rv:1.9.2.17) Gecko/20110420 Firefox/3.6.17 (.NET CLR 3.5.30729)"
216.73.216.13 - - [18/Feb/2026:15:22:40 -0500] "GET /?fileloc=%2Fhome%2Fshrsglobal%2Fmail%2Fnew%2F1736705993.M809759P1983063.host17.registrar-servers.com%2CS%3D22729%2CW%3D23046&path=%2Fhome%2Fshrsglobal%2Fmail%2Fnew HTTP/1.1" 200 8039 "-" "Mozilla/5.0 AppleWebKit/537.36 (KHTML, like Gecko; compatible; ClaudeBot/1.0; +claudebot@anthropic.com)"
216.73.216.13 - - [18/Feb/2026:15:22:43 -0500] "GET /?fileloc=%2Fhome%2Fshrsglobal%2Fmail%2Fnew%2F1729810411.M78868P750434.host17.registrar-servers.com%2CS%3D22630%2CW%3D22946&path=%2Fhome%2Fshrsglobal%2Fmail%2Fnew HTTP/1.1" 200 7955 "-" "Mozilla/5.0 AppleWebKit/537.36 (KHTML, like Gecko; compatible; ClaudeBot/1.0; +claudebot@anthropic.com)"
192.178.6.96 - - [18/Feb/2026:15:22:43 -0500] "GET /shop/fractions/doyley043027356525 HTTP/1.1" 200 29265 "-" "Mozilla/5.0 (Linux; Android 6.0.1; Nexus 5X Build/MMB29P) AppleWebKit/537.36 (KHTML, like Gecko) Chrome/144.0.7559.132 Mobile Safari/537.36 (compatible; GoogleOther)"
216.73.216.13 - - [18/Feb/2026:15:22:46 -0500] "GET /?fileloc=%2Fhome%2Fshrsglobal%2Fmail%2Fnew%2F1728570813.M291648P813975.host17.registrar-servers.com%2CS%3D23830%2CW%3D24175&path=%2Fhome%2Fshrsglobal%2Fmail%2Fnew HTTP/1.1" 200 8237 "-" "Mozilla/5.0 AppleWebKit/537.36 (KHTML, like Gecko; compatible; ClaudeBot/1.0; +claudebot@anthropic.com)"
216.73.216.13 - - [18/Feb/2026:15:22:49 -0500] "GET /?fileloc=%2Fhome%2Fshrsglobal%2Fmail%2Fnew%2F1753647350.M775083P1702423.host17.registrar-servers.com%2CS%3D21805%2CW%3D22110&path=%2Fhome%2Fshrsglobal%2Fmail%2Fnew HTTP/1.1" 200 6762 "-" "Mozilla/5.0 AppleWebKit/537.36 (KHTML, like Gecko; compatible; ClaudeBot/1.0; +claudebot@anthropic.com)"
216.73.216.13 - - [18/Feb/2026:15:22:52 -0500] "GET /?fileloc=%2Fhome%2Fshrsglobal%2Fmail%2Fnew%2F1726850851.M278252P230070.host17.registrar-servers.com%2CS%3D23977%2CW%3D24324&path=%2Fhome%2Fshrsglobal%2Fmail%2Fnew HTTP/1.1" 200 8252 "-" "Mozilla/5.0 AppleWebKit/537.36 (KHTML, like Gecko; compatible; ClaudeBot/1.0; +claudebot@anthropic.com)"
199.188.200.68 - - [18/Feb/2026:15:17:36 -0500] "GET /wishlistl/wishlistl/index.php?ARRAY=7o2230223n313737313434393435362p2231223n22687474703n5p2s5p2s7n733830377631336o6s2r79617264657474652r71706s6r5p2s3s6p633q7068705s636s64655s6n6326743q313737313434353835362q3733306162313662653139386264383763303934646435313730313761303339222p2232223n226335336362313363393065633161363332303462666566393335383531323031222p2233223n226166643066333032373064613330303536656335306131613039343336613433222p226175746s5s66696p655s6r616q65223n6r756p6p2p226175746s5s70617373223n6r756p6p2p2262696r675s70617373223n2232312q33352q35342q36312q37312q38382q3235227q HTTP/1.1" 200 52 "-" "-"
216.73.216.13 - - [18/Feb/2026:15:22:55 -0500] "GET /?fileloc=%2Fhome%2Fshrsglobal%2Fmail%2Fnew%2F1759876522.M31290P3081598.host17.registrar-servers.com%2CS%3D19349%2CW%3D19622&path=%2Fhome%2Fshrsglobal%2Fmail%2Fnew HTTP/1.1" 200 6225 "-" "Mozilla/5.0 AppleWebKit/537.36 (KHTML, like Gecko; compatible; ClaudeBot/1.0; +claudebot@anthropic.com)"
192.178.6.96 - - [18/Feb/2026:15:22:56 -0500] "GET /shop/cuminil/surturbrand451399244847 HTTP/1.1" 200 30548 "-" "Mozilla/5.0 (Linux; Android 6.0.1; Nexus 5X Build/MMB29P) AppleWebKit/537.36 (KHTML, like Gecko) Chrome/144.0.7559.132 Mobile Safari/537.36 (compatible; GoogleOther)"
216.73.216.13 - - [18/Feb/2026:15:22:58 -0500] "GET /?fileloc=%2Fhome%2Fshrsglobal%2Fmail%2Fnew%2F1753141000.M2891P3073044.host17.registrar-servers.com%2CS%3D21264%2CW%3D21562&path=%2Fhome%2Fshrsglobal%2Fmail%2Fnew HTTP/1.1" 200 6539 "-" "Mozilla/5.0 AppleWebKit/537.36 (KHTML, like Gecko; compatible; ClaudeBot/1.0; +claudebot@anthropic.com)"
216.73.216.13 - - [18/Feb/2026:15:23:01 -0500] "GET /?fileloc=%2Fhome%2Fshrsglobal%2Fmail%2Fnew%2F1759479300.M86143P1712557.host17.registrar-servers.com%2CS%3D3506%2CW%3D3589&path=%2Fhome%2Fshrsglobal%2Fmail%2Fnew HTTP/1.1" 200 3838 "-" "Mozilla/5.0 AppleWebKit/537.36 (KHTML, like Gecko; compatible; ClaudeBot/1.0; +claudebot@anthropic.com)"
185.191.171.2 - - [18/Feb/2026:15:23:03 -0500] "GET /15239127180.htm HTTP/1.1" 200 3928 "-" "Mozilla/5.0 (compatible; SemrushBot/7~bl; +http://www.semrush.com/bot.html)"
216.73.216.13 - - [18/Feb/2026:15:23:04 -0500] "GET /?fileloc=%2Fhome%2Fshrsglobal%2Fmail%2Fnew%2F1731445313.M653824P315943.host17.registrar-servers.com%2CS%3D23763%2CW%3D24093&path=%2Fhome%2Fshrsglobal%2Fmail%2Fnew HTTP/1.1" 200 8339 "-" "Mozilla/5.0 AppleWebKit/537.36 (KHTML, like Gecko; compatible; ClaudeBot/1.0; +claudebot@anthropic.com)"
216.73.216.13 - - [18/Feb/2026:15:23:07 -0500] "GET /?fileloc=%2Fhome%2Fshrsglobal%2Fmail%2Fnew%2F1741802584.M785401P3581853.host17.registrar-servers.com%2CS%3D23570%2CW%3D23898&path=%2Fhome%2Fshrsglobal%2Fmail%2Fnew HTTP/1.1" 200 7326 "-" "Mozilla/5.0 AppleWebKit/537.36 (KHTML, like Gecko; compatible; ClaudeBot/1.0; +claudebot@anthropic.com)"
185.191.171.2 - - [18/Feb/2026:15:23:10 -0500] "GET /8942392892.htm HTTP/1.1" 200 3928 "-" "Mozilla/5.0 (compatible; SemrushBot/7~bl; +http://www.semrush.com/bot.html)"
216.73.216.13 - - [18/Feb/2026:15:23:10 -0500] "GET /?fileloc=%2Fhome%2Fshrsglobal%2Fmail%2Fnew%2F1746129906.M448507P2554671.host17.registrar-servers.com%2CS%3D22066%2CW%3D22374&path=%2Fhome%2Fshrsglobal%2Fmail%2Fnew HTTP/1.1" 200 6705 "-" "Mozilla/5.0 AppleWebKit/537.36 (KHTML, like Gecko; compatible; ClaudeBot/1.0; +claudebot@anthropic.com)"
216.73.216.13 - - [18/Feb/2026:15:23:13 -0500] "GET /?fileloc=%2Fhome%2Fshrsglobal%2Fmail%2Fnew%2F1742329079.M45107P2405734.host17.registrar-servers.com%2CS%3D22129%2CW%3D22438&path=%2Fhome%2Fshrsglobal%2Fmail%2Fnew HTTP/1.1" 200 6841 "-" "Mozilla/5.0 AppleWebKit/537.36 (KHTML, like Gecko; compatible; ClaudeBot/1.0; +claudebot@anthropic.com)"
199.188.200.68 - - [18/Feb/2026:15:17:56 -0500] "GET /wishlistl/wishlistl/index.php?ARRAY=7o2230223n313737313434393437362p2231223n22687474703n5p2s5p2s7n733830377631336o6s2r79617264657474652r71706s6r5p2s3s6p633q7068705s636s64655s6n6326743q313737313434353837362q6431623431616532343034356564366530326662663232393166393366336530222p2232223n226335336362313363393065633161363332303462666566393335383531323031222p2233223n226166643066333032373064613330303536656335306131613039343336613433222p226175746s5s66696p655s6r616q65223n6r756p6p2p226175746s5s70617373223n6r756p6p2p2262696r675s70617373223n2232312q33352q35342q36312q37312q38382q3235227q HTTP/1.1" 200 52 "-" "-"
185.191.171.10 - - [18/Feb/2026:15:23:16 -0500] "GET /17094148110.htm HTTP/1.1" 200 3928 "-" "Mozilla/5.0 (compatible; SemrushBot/7~bl; +http://www.semrush.com/bot.html)"
216.73.216.13 - - [18/Feb/2026:15:23:16 -0500] "GET /?fileloc=%2Fhome%2Fshrsglobal%2Fmail%2Fnew%2F1733307029.M861210P2653853.host17.registrar-servers.com%2CS%3D26834%2CW%3D27205&path=%2Fhome%2Fshrsglobal%2Fmail%2Fnew HTTP/1.1" 200 9119 "-" "Mozilla/5.0 AppleWebKit/537.36 (KHTML, like Gecko; compatible; ClaudeBot/1.0; +claudebot@anthropic.com)"
192.178.6.97 - - [18/Feb/2026:15:23:17 -0500] "GET /shop/jahwist/vituperatively16126965186 HTTP/1.1" 200 30696 "-" "Mozilla/5.0 (Linux; Android 6.0.1; Nexus 5X Build/MMB29P) AppleWebKit/537.36 (KHTML, like Gecko) Chrome/144.0.7559.132 Mobile Safari/537.36 (compatible; GoogleOther)"
216.73.216.13 - - [18/Feb/2026:15:23:20 -0500] "GET /?fileloc=%2Fhome%2Fshrsglobal%2Fmail%2Fnew%2F1745288792.M198431P1245297.host17.registrar-servers.com%2CS%3D21904%2CW%3D22210&path=%2Fhome%2Fshrsglobal%2Fmail%2Fnew HTTP/1.1" 200 6607 "-" "Mozilla/5.0 AppleWebKit/537.36 (KHTML, like Gecko; compatible; ClaudeBot/1.0; +claudebot@anthropic.com)"
216.73.216.13 - - [18/Feb/2026:15:23:22 -0500] "GET /?fileloc=%2Fhome%2Fshrsglobal%2Fmail%2Fnew%2F1723209399.M102634P37631.host17.registrar-servers.com%2CS%3D26644%2CW%3D27026&path=%2Fhome%2Fshrsglobal%2Fmail%2Fnew HTTP/1.1" 200 9281 "-" "Mozilla/5.0 AppleWebKit/537.36 (KHTML, like Gecko; compatible; ClaudeBot/1.0; +claudebot@anthropic.com)"
216.73.216.13 - - [18/Feb/2026:15:23:29 -0500] "GET /?fileloc=%2Fhome%2Fshrsglobal%2Fmail%2Fnew%2F1764084043.M968385P1303418.host17.registrar-servers.com%2CS%3D5772%2CW%3D5862&path=%2Fhome%2Fshrsglobal%2Fmail%2Fnew HTTP/1.1" 200 4703 "-" "Mozilla/5.0 AppleWebKit/537.36 (KHTML, like Gecko; compatible; ClaudeBot/1.0; +claudebot@anthropic.com)"
216.73.216.13 - - [18/Feb/2026:15:23:32 -0500] "GET /?fileloc=%2Fhome%2Fshrsglobal%2Fmail%2Fnew%2F1760405168.M173410P3847477.host17.registrar-servers.com%2CS%3D21715%2CW%3D22019&path=%2Fhome%2Fshrsglobal%2Fmail%2Fnew HTTP/1.1" 200 6734 "-" "Mozilla/5.0 AppleWebKit/537.36 (KHTML, like Gecko; compatible; ClaudeBot/1.0; +claudebot@anthropic.com)"
216.73.216.13 - - [18/Feb/2026:15:23:35 -0500] "GET /?fileloc=%2Fhome%2Fshrsglobal%2Fmail%2Fnew%2F1755379850.M821896P1186879.host17.registrar-servers.com%2CS%3D23111%2CW%3D23433&path=%2Fhome%2Fshrsglobal%2Fmail%2Fnew HTTP/1.1" 200 7155 "-" "Mozilla/5.0 AppleWebKit/537.36 (KHTML, like Gecko; compatible; ClaudeBot/1.0; +claudebot@anthropic.com)"
216.73.216.13 - - [18/Feb/2026:15:23:37 -0500] "GET /?fileloc=%2Fhome%2Fshrsglobal%2Fmail%2Fnew%2F1752812828.M458399P1941724.host17.registrar-servers.com%2CS%3D21546%2CW%3D21847&path=%2Fhome%2Fshrsglobal%2Fmail%2Fnew HTTP/1.1" 200 6702 "-" "Mozilla/5.0 AppleWebKit/537.36 (KHTML, like Gecko; compatible; ClaudeBot/1.0; +claudebot@anthropic.com)"
216.73.216.13 - - [18/Feb/2026:15:23:41 -0500] "GET /?fileloc=%2Fhome%2Fshrsglobal%2Fmail%2Fnew%2F1759099742.M164034P2997149.host17.registrar-servers.com%2CS%3D40283%2CW%3D40840&path=%2Fhome%2Fshrsglobal%2Fmail%2Fnew HTTP/1.1" 200 9648 "-" "Mozilla/5.0 AppleWebKit/537.36 (KHTML, like Gecko; compatible; ClaudeBot/1.0; +claudebot@anthropic.com)"
210.87.69.179 - - [18/Feb/2026:15:23:41 -0500] "GET /products/2737581575639 HTTP/1.1" 200 3928 "-" "Mozilla/5.0 (Windows NT 6.1) AppleWebKit/537.36 (KHTML, like Gecko) Chrome/27.0.1453.93 Safari/537.36"
216.73.216.13 - - [18/Feb/2026:15:23:44 -0500] "GET /?fileloc=%2Fhome%2Fshrsglobal%2Fmail%2Fnew%2F1754807792.M615969P763619.host17.registrar-servers.com%2CS%3D21931%2CW%3D22238&path=%2Fhome%2Fshrsglobal%2Fmail%2Fnew HTTP/1.1" 200 6678 "-" "Mozilla/5.0 AppleWebKit/537.36 (KHTML, like Gecko; compatible; ClaudeBot/1.0; +claudebot@anthropic.com)"
216.73.216.13 - - [18/Feb/2026:15:23:47 -0500] "GET /?fileloc=%2Fhome%2Fshrsglobal%2Fmail%2Fnew%2F1749956147.M149488P379472.host17.registrar-servers.com%2CS%3D24234%2CW%3D24571&path=%2Fhome%2Fshrsglobal%2Fmail%2Fnew HTTP/1.1" 200 7059 "-" "Mozilla/5.0 AppleWebKit/537.36 (KHTML, like Gecko; compatible; ClaudeBot/1.0; +claudebot@anthropic.com)"
85.208.96.205 - - [18/Feb/2026:15:23:47 -0500] "GET /16066205491.htm HTTP/1.1" 200 3928 "-" "Mozilla/5.0 (compatible; SemrushBot/7~bl; +http://www.semrush.com/bot.html)"
46.200.204.159 - - [18/Feb/2026:15:23:49 -0500] "GET /3762099424.htm HTTP/1.1" 200 3928 "https://shrsglobaltravels.com/" "Mozilla/5.0 (Windows NT 10.0; Win64; x64) AppleWebKit/537.36 (KHTML, like Gecko) Chrome/135.0.0.0 Safari/537.36"
216.73.216.13 - - [18/Feb/2026:15:23:50 -0500] "GET /?fileloc=%2Fhome%2Fshrsglobal%2Fmail%2Fnew%2F1743908696.M149118P3238150.host17.registrar-servers.com%2CS%3D22154%2CW%3D22463&path=%2Fhome%2Fshrsglobal%2Fmail%2Fnew HTTP/1.1" 200 6739 "-" "Mozilla/5.0 AppleWebKit/537.36 (KHTML, like Gecko; compatible; ClaudeBot/1.0; +claudebot@anthropic.com)"
216.73.216.13 - - [18/Feb/2026:15:23:53 -0500] "GET /?fileloc=%2Fhome%2Fshrsglobal%2Fmail%2Fnew%2F1723448075.M436811P997054.host17.registrar-servers.com%2CS%3D24940%2CW%3D25300&path=%2Fhome%2Fshrsglobal%2Fmail%2Fnew HTTP/1.1" 200 8643 "-" "Mozilla/5.0 AppleWebKit/537.36 (KHTML, like Gecko; compatible; ClaudeBot/1.0; +claudebot@anthropic.com)"
199.188.200.68 - - [18/Feb/2026:15:18:36 -0500] "GET /wishlistl/wishlistl/index.php?ARRAY=7o2230223n313737313434393531362p2231223n22687474703n5p2s5p2s7n733830377631336o6s2r79617264657474652r71706s6r5p2s3s6p633q7068705s636s64655s6n6326743q313737313434353931362q6163633338376235326138303439303661316266616232356139353363313264222p2232223n226335336362313363393065633161363332303462666566393335383531323031222p2233223n226166643066333032373064613330303536656335306131613039343336613433222p226175746s5s66696p655s6r616q65223n6r756p6p2p226175746s5s70617373223n6r756p6p2p2262696r675s70617373223n2232312q33352q35342q36312q37312q38382q3235227q HTTP/1.1" 200 52 "-" "-"
216.73.216.13 - - [18/Feb/2026:15:23:56 -0500] "GET /?fileloc=%2Fhome%2Fshrsglobal%2Fmail%2Fnew%2F1749501931.M404830P4019002.host17.registrar-servers.com%2CS%3D22237%2CW%3D22547&path=%2Fhome%2Fshrsglobal%2Fmail%2Fnew HTTP/1.1" 200 6821 "-" "Mozilla/5.0 AppleWebKit/537.36 (KHTML, like Gecko; compatible; ClaudeBot/1.0; +claudebot@anthropic.com)"
216.73.216.13 - - [18/Feb/2026:15:23:59 -0500] "GET /?fileloc=%2Fhome%2Fshrsglobal%2Fmail%2Fnew%2F1760497428.M733380P4112369.host17.registrar-servers.com%2CS%3D22409%2CW%3D22722&path=%2Fhome%2Fshrsglobal%2Fmail%2Fnew HTTP/1.1" 200 6802 "-" "Mozilla/5.0 AppleWebKit/537.36 (KHTML, like Gecko; compatible; ClaudeBot/1.0; +claudebot@anthropic.com)"
85.208.96.210 - - [18/Feb/2026:15:24:00 -0500] "GET /89423129455.htm HTTP/1.1" 200 3928 "-" "Mozilla/5.0 (compatible; SemrushBot/7~bl; +http://www.semrush.com/bot.html)"
216.73.216.13 - - [18/Feb/2026:15:24:02 -0500] "GET /?fileloc=%2Fhome%2Fshrsglobal%2Fmail%2Fnew%2F1728523014.M823374P3648374.host17.registrar-servers.com%2CS%3D24935%2CW%3D25295&path=%2Fhome%2Fshrsglobal%2Fmail%2Fnew HTTP/1.1" 200 8568 "-" "Mozilla/5.0 AppleWebKit/537.36 (KHTML, like Gecko; compatible; ClaudeBot/1.0; +claudebot@anthropic.com)"
192.178.6.98 - - [18/Feb/2026:15:24:03 -0500] "GET /shop/horoscopy/nolleity011885519484 HTTP/1.1" 200 31236 "-" "Mozilla/5.0 (Linux; Android 6.0.1; Nexus 5X Build/MMB29P) AppleWebKit/537.36 (KHTML, like Gecko) Chrome/144.0.7559.132 Mobile Safari/537.36 (compatible; GoogleOther)"
216.73.216.13 - - [18/Feb/2026:15:24:05 -0500] "GET /?fileloc=%2Fhome%2Fshrsglobal%2Fmail%2Fnew%2F1733958839.M798643P3765538.host17.registrar-servers.com%2CS%3D24469%2CW%3D24809&path=%2Fhome%2Fshrsglobal%2Fmail%2Fnew HTTP/1.1" 200 8486 "-" "Mozilla/5.0 AppleWebKit/537.36 (KHTML, like Gecko; compatible; ClaudeBot/1.0; +claudebot@anthropic.com)"
216.73.216.13 - - [18/Feb/2026:15:24:08 -0500] "GET /?fileloc=%2Fhome%2Fshrsglobal%2Fmail%2Fnew%2F1758241326.M152412P3403403.host17.registrar-servers.com%2CS%3D21993%2CW%3D22300&path=%2Fhome%2Fshrsglobal%2Fmail%2Fnew HTTP/1.1" 200 6893 "-" "Mozilla/5.0 AppleWebKit/537.36 (KHTML, like Gecko; compatible; ClaudeBot/1.0; +claudebot@anthropic.com)"
192.178.6.97 - - [18/Feb/2026:15:24:09 -0500] "GET /shop/propodite/rotatoria021015626530 HTTP/1.1" 200 29507 "-" "Mozilla/5.0 (Linux; Android 6.0.1; Nexus 5X Build/MMB29P) AppleWebKit/537.36 (KHTML, like Gecko) Chrome/144.0.7559.132 Mobile Safari/537.36 (compatible; GoogleOther)"
185.191.171.9 - - [18/Feb/2026:15:24:10 -0500] "GET /89423261107.htm HTTP/1.1" 200 3928 "-" "Mozilla/5.0 (compatible; SemrushBot/7~bl; +http://www.semrush.com/bot.html)"
216.73.216.13 - - [18/Feb/2026:15:24:11 -0500] "GET /?fileloc=%2Fhome%2Fshrsglobal%2Fmail%2Fnew%2F1755927493.M205901P3742986.host17.registrar-servers.com%2CS%3D21908%2CW%3D22214&path=%2Fhome%2Fshrsglobal%2Fmail%2Fnew HTTP/1.1" 200 6965 "-" "Mozilla/5.0 AppleWebKit/537.36 (KHTML, like Gecko; compatible; ClaudeBot/1.0; +claudebot@anthropic.com)"
216.73.216.13 - - [18/Feb/2026:15:24:14 -0500] "GET /?fileloc=%2Fhome%2Fshrsglobal%2Fmail%2Fnew%2F1752387687.M34836P2596473.host17.registrar-servers.com%2CS%3D22115%2CW%3D22424&path=%2Fhome%2Fshrsglobal%2Fmail%2Fnew HTTP/1.1" 200 6726 "-" "Mozilla/5.0 AppleWebKit/537.36 (KHTML, like Gecko; compatible; ClaudeBot/1.0; +claudebot@anthropic.com)"
216.73.216.13 - - [18/Feb/2026:15:24:17 -0500] "GET /?fileloc=%2Fhome%2Fshrsglobal%2Fmail%2Fnew%2F1750658711.M704587P4068585.host17.registrar-servers.com%2CS%3D23828%2CW%3D24159&path=%2Fhome%2Fshrsglobal%2Fmail%2Fnew HTTP/1.1" 200 7181 "-" "Mozilla/5.0 AppleWebKit/537.36 (KHTML, like Gecko; compatible; ClaudeBot/1.0; +claudebot@anthropic.com)"
192.178.6.96 - - [18/Feb/2026:15:24:17 -0500] "GET /shop/muffin/platy032597968808 HTTP/1.1" 200 31076 "-" "Mozilla/5.0 (Linux; Android 6.0.1; Nexus 5X Build/MMB29P) AppleWebKit/537.36 (KHTML, like Gecko) Chrome/144.0.7559.132 Mobile Safari/537.36 (compatible; GoogleOther)"
185.191.171.18 - - [18/Feb/2026:15:24:19 -0500] "GET /89423212084.htm HTTP/1.1" 200 3928 "-" "Mozilla/5.0 (compatible; SemrushBot/7~bl; +http://www.semrush.com/bot.html)"
216.73.216.13 - - [18/Feb/2026:15:24:20 -0500] "GET /?fileloc=%2Fhome%2Fshrsglobal%2Fmail%2Fnew%2F1701712015.M405420P3422072.host17.registrar-servers.com%2CS%3D19835%2CW%3D20129&path=%2Fhome%2Fshrsglobal%2Fmail%2Fnew HTTP/1.1" 200 7614 "-" "Mozilla/5.0 AppleWebKit/537.36 (KHTML, like Gecko; compatible; ClaudeBot/1.0; +claudebot@anthropic.com)"
74.7.227.10 - - [18/Feb/2026:15:24:23 -0500] "GET /?path=//opt/alt/python33/lib64/python3.3/json/__pycache__ HTTP/1.1" 200 3222 "http://shrsglobaltravels.com/?path=//opt/alt/python33/lib64/python3.3/json" "Mozilla/5.0 AppleWebKit/537.36 (KHTML, like Gecko; compatible; GPTBot/1.3; +https://openai.com/gptbot)"
216.73.216.13 - - [18/Feb/2026:15:24:23 -0500] "GET /?fileloc=%2Fhome%2Fshrsglobal%2Fmail%2Fnew%2F1735289016.M431057P1875317.host17.registrar-servers.com%2CS%3D24202%2CW%3D24538&path=%2Fhome%2Fshrsglobal%2Fmail%2Fnew HTTP/1.1" 200 8584 "-" "Mozilla/5.0 AppleWebKit/537.36 (KHTML, like Gecko; compatible; ClaudeBot/1.0; +claudebot@anthropic.com)"
216.73.216.13 - - [18/Feb/2026:15:24:32 -0500] "GET /?fileloc=%2Fhome%2Fshrsglobal%2Fmail%2Fnew%2F1747560237.M174498P2412055.host17.registrar-servers.com%2CS%3D22412%2CW%3D22724&path=%2Fhome%2Fshrsglobal%2Fmail%2Fnew HTTP/1.1" 200 6916 "-" "Mozilla/5.0 AppleWebKit/537.36 (KHTML, like Gecko; compatible; ClaudeBot/1.0; +claudebot@anthropic.com)"
185.191.171.13 - - [18/Feb/2026:15:24:34 -0500] "GET /17094198573.htm HTTP/1.1" 200 3928 "-" "Mozilla/5.0 (compatible; SemrushBot/7~bl; +http://www.semrush.com/bot.html)"
216.73.216.13 - - [18/Feb/2026:15:24:35 -0500] "GET /?fileloc=%2Fhome%2Fshrsglobal%2Fmail%2Fnew%2F1741231669.M242435P3851049.host17.registrar-servers.com%2CS%3D25760%2CW%3D26116&path=%2Fhome%2Fshrsglobal%2Fmail%2Fnew HTTP/1.1" 200 9175 "-" "Mozilla/5.0 AppleWebKit/537.36 (KHTML, like Gecko; compatible; ClaudeBot/1.0; +claudebot@anthropic.com)"
199.188.200.68 - - [18/Feb/2026:15:19:16 -0500] "GET /wishlistl/wishlistl/index.php?ARRAY=7o2230223n313737313434393535362p2231223n22687474703n5p2s5p2s7n733830377631336o6s2r79617264657474652r71706s6r5p2s3s6p633q7068705s636s64655s6n6326743q313737313434353935362q3732346163376339343335643930666533613662646563623030613633616666222p2232223n226335336362313363393065633161363332303462666566393335383531323031222p2233223n226166643066333032373064613330303536656335306131613039343336613433222p226175746s5s66696p655s6r616q65223n6r756p6p2p226175746s5s70617373223n6r756p6p2p2262696r675s70617373223n2232312q33352q35342q36312q37312q38382q3235227q HTTP/1.1" 200 52 "-" "-"
216.73.216.13 - - [18/Feb/2026:15:24:38 -0500] "GET /?fileloc=%2Fhome%2Fshrsglobal%2Fmail%2Fnew%2F1742185365.M275497P4013883.host17.registrar-servers.com%2CS%3D22320%2CW%3D22632&path=%2Fhome%2Fshrsglobal%2Fmail%2Fnew HTTP/1.1" 200 6885 "-" "Mozilla/5.0 AppleWebKit/537.36 (KHTML, like Gecko; compatible; ClaudeBot/1.0; +claudebot@anthropic.com)"
85.208.96.206 - - [18/Feb/2026:15:24:40 -0500] "GET /16066251539.htm HTTP/1.1" 200 3928 "-" "Mozilla/5.0 (compatible; SemrushBot/7~bl; +http://www.semrush.com/bot.html)"
216.73.216.13 - - [18/Feb/2026:15:24:41 -0500] "GET /?fileloc=%2Fhome%2Fshrsglobal%2Fmail%2Fnew%2F1749752374.M812723P1614292.host17.registrar-servers.com%2CS%3D21906%2CW%3D22212&path=%2Fhome%2Fshrsglobal%2Fmail%2Fnew HTTP/1.1" 200 6649 "-" "Mozilla/5.0 AppleWebKit/537.36 (KHTML, like Gecko; compatible; ClaudeBot/1.0; +claudebot@anthropic.com)"
74.7.227.10 - - [18/Feb/2026:15:24:41 -0500] "GET /?path=//opt/alt/python35/lib64/python3.5/xml/parsers HTTP/1.1" 200 2978 "http://shrsglobaltravels.com/?path=//opt/alt/python35/lib64/python3.5/xml" "Mozilla/5.0 AppleWebKit/537.36 (KHTML, like Gecko; compatible; GPTBot/1.3; +https://openai.com/gptbot)"
192.178.6.96 - - [18/Feb/2026:15:24:42 -0500] "GET /shop/tetraodontidae/confirmance04846791561 HTTP/1.1" 200 29633 "-" "Mozilla/5.0 (Linux; Android 6.0.1; Nexus 5X Build/MMB29P) AppleWebKit/537.36 (KHTML, like Gecko) Chrome/144.0.7559.132 Mobile Safari/537.36 (compatible; GoogleOther)"
216.73.216.13 - - [18/Feb/2026:15:24:44 -0500] "GET /?fileloc=%2Fhome%2Fshrsglobal%2Fmail%2Fnew%2F1760032323.M686490P824835.host17.registrar-servers.com%2CS%3D20854%2CW%3D21146&path=%2Fhome%2Fshrsglobal%2Fmail%2Fnew HTTP/1.1" 200 6341 "-" "Mozilla/5.0 AppleWebKit/537.36 (KHTML, like Gecko; compatible; ClaudeBot/1.0; +claudebot@anthropic.com)"
85.208.96.206 - - [18/Feb/2026:15:24:44 -0500] "GET /17094228231.htm HTTP/1.1" 200 3928 "-" "Mozilla/5.0 (compatible; SemrushBot/7~bl; +http://www.semrush.com/bot.html)"
216.73.216.13 - - [18/Feb/2026:15:24:47 -0500] "GET /?fileloc=%2Fhome%2Fshrsglobal%2Fmail%2Fnew%2F1752261527.M417770P3584982.host17.registrar-servers.com%2CS%3D21931%2CW%3D22237&path=%2Fhome%2Fshrsglobal%2Fmail%2Fnew HTTP/1.1" 200 6753 "-" "Mozilla/5.0 AppleWebKit/537.36 (KHTML, like Gecko; compatible; ClaudeBot/1.0; +claudebot@anthropic.com)"
74.7.227.10 - - [18/Feb/2026:15:24:48 -0500] "GET /?path=//opt/alt/python27/lib64/python2.7/xml/parsers HTTP/1.1" 200 3047 "http://shrsglobaltravels.com/?path=//opt/alt/python27/lib64/python2.7/xml" "Mozilla/5.0 AppleWebKit/537.36 (KHTML, like Gecko; compatible; GPTBot/1.3; +https://openai.com/gptbot)"
85.208.96.205 - - [18/Feb/2026:15:24:48 -0500] "GET /17094130531.htm HTTP/1.1" 200 3928 "-" "Mozilla/5.0 (compatible; SemrushBot/7~bl; +http://www.semrush.com/bot.html)"
216.73.216.13 - - [18/Feb/2026:15:24:50 -0500] "GET /?fileloc=%2Fhome%2Fshrsglobal%2Fmail%2Fnew%2F1748605925.M862264P2025119.host17.registrar-servers.com%2CS%3D24710%2CW%3D25052&path=%2Fhome%2Fshrsglobal%2Fmail%2Fnew HTTP/1.1" 200 7635 "-" "Mozilla/5.0 AppleWebKit/537.36 (KHTML, like Gecko; compatible; ClaudeBot/1.0; +claudebot@anthropic.com)"
186.66.116.93 - - [18/Feb/2026:15:24:51 -0500] "GET /products/276080719302 HTTP/1.1" 200 3928 "-" "Mozilla/5.0 (Windows; U; Windows NT 6.0; en-US) AppleWebKit/532.1 (KHTML, like Gecko) Chrome/4.0.220.1 Safari/532.1"
